990
CDUS41 KALY 170627
CLIALB


CLIMATE REPORT
NATIONAL WEATHER SERVICE ALBANY NY
226 AM EDT THU APR 17 2014


...................................

...THE ALBANY NY CLIMATE SUMMARY FOR APRIL 16 2014...

CLIMATE NORMAL PERIOD 1981 TO 2010
CLIMATE RECORD PERIOD 1874 TO 2014


WEATHER ITEM   OBSERVED TIME   RECORD YEAR NORMAL DEPARTURE LAST
                VALUE   (LST)  VALUE       VALUE  FROM      YEAR
                                                  NORMAL
..................................................................
TEMPERATURE (F)
 YESTERDAY
  MAXIMUM         42    344 PM  91    2012  59    -17       60
  MINIMUM         26    543 AM  22    1981  38    -12       46
  AVERAGE         34                        48    -14       53

PRECIPITATION (IN)
  YESTERDAY        T             1.76 1983   0.11  -0.11     0.22
  MONTH TO DATE    1.05                      1.73  -0.68     1.65
  SINCE MAR 1      3.77                      4.94  -1.17     4.14
  SINCE JAN 1      9.56                      9.73  -0.17     7.27

SNOWFALL (IN)
  YESTERDAY        T             5.3  1983   0.1   -0.1      0.0
  MONTH TO DATE    2.4                       1.7    0.7      1.2
  SINCE MAR 1      8.3                      11.9   -3.6     20.7
  SINCE JUL 1     73.5                      58.4   15.1     51.4
  SNOW DEPTH       2

DEGREE DAYS
 HEATING
  YESTERDAY       31                        17     14       12
  MONTH TO DATE  286                       321    -35      356
  SINCE MAR 1   1433                      1250    183     1315
  SINCE JUL 1   6550                      6194    356     5853

 COOLING
  YESTERDAY        0                         0      0        0
  MONTH TO DATE    6                         0      6        0
  SINCE MAR 1      6                         0      6        0
  SINCE JAN 1      6                         0      6        0
..................................................................


WIND (MPH)
  HIGHEST WIND SPEED    25   HIGHEST WIND DIRECTION    NW (320)
  HIGHEST GUST SPEED    31   HIGHEST GUST DIRECTION    NW (310)
  AVERAGE WIND SPEED    13.7


SKY COVER
  AVERAGE SKY COVER 0.3



RELATIVE HUMIDITY (PERCENT)
 HIGHEST    63
 LOWEST     30
 AVERAGE    47

..........................................................


THE ALBANY NY CLIMATE NORMALS FOR TODAY
                         NORMAL    RECORD    YEAR
 MAXIMUM TEMPERATURE (F)   59        91      2002
 MINIMUM TEMPERATURE (F)   38        21      1971


SUNRISE AND SUNSET
APRIL 17 2014.........SUNRISE   611 AM EDT   SUNSET   740 PM EDT
APRIL 18 2014.........SUNRISE   609 AM EDT   SUNSET   741 PM EDT


-  INDICATES NEGATIVE NUMBERS.
R  INDICATES RECORD WAS SET OR TIED.
MM INDICATES DATA IS MISSING.
T  INDICATES TRACE AMOUNT.




$$





U.S. Dept. of Commerce
NOAA National Weather Service
1325 East West Highway
Silver Spring, MD 20910
E-mail: w-nws.webmaster@noaa.gov
Page last modified: May 16, 2007
NATIONAL WEATHER SERVICE: for Safety, for Work, for Fun - FOR LIFE