418
CDUS41 KALY 280633
CLIALB


CLIMATE REPORT
NATIONAL WEATHER SERVICE ALBANY NY
132 AM EST WED JAN 28 2015


...................................

...THE ALBANY NY CLIMATE SUMMARY FOR JANUARY 27 2015...

CLIMATE NORMAL PERIOD 1981 TO 2010
CLIMATE RECORD PERIOD 1874 TO 2015


WEATHER ITEM   OBSERVED TIME   RECORD YEAR NORMAL DEPARTURE LAST
                VALUE   (LST)  VALUE       VALUE  FROM      YEAR
                                                  NORMAL
..................................................................
TEMPERATURE (F)
 YESTERDAY
  MAXIMUM         17    329 AM  62    1974  31    -14       32
  MINIMUM         11    457 PM -23    1994  14     -3       10
  AVERAGE         14                        23     -9       21

PRECIPITATION (IN)
  YESTERDAY        0.23          1.31 1880   0.08   0.15     0.01
  MONTH TO DATE    1.99                      2.26  -0.27     2.31
  SINCE DEC 1      7.36                      5.19   2.17     5.69
  SINCE JAN 1      1.99                      2.26  -0.27     2.31

SNOWFALL (IN)
  YESTERDAY        5.6           9.3  1963   0.5    5.1      0.7
  MONTH TO DATE   12.9                      15.5   -2.6     15.0
  SINCE DEC 1     25.1                      29.2   -4.1     35.0
  SINCE JUL 1     37.4                      32.0    5.4     37.1
  SNOW DEPTH       1

DEGREE DAYS
 HEATING
  YESTERDAY       51                        42      9       44
  MONTH TO DATE 1190                      1150     40     1195
  SINCE DEC 1   2188                      2281    -93     2349
  SINCE JUL 1   3463                      3685   -222     3719

 COOLING
  YESTERDAY        0                         0      0        0
  MONTH TO DATE    0                         0      0        0
  SINCE DEC 1      0                         0      0        0
  SINCE JAN 1      0                         0      0        0
..................................................................


WIND (MPH)
  HIGHEST WIND SPEED    20   HIGHEST WIND DIRECTION     N (10)
  HIGHEST GUST SPEED    24   HIGHEST GUST DIRECTION     N (360)
  AVERAGE WIND SPEED    10.9


SKY COVER
  AVERAGE SKY COVER 1.0



RELATIVE HUMIDITY (PERCENT)
 HIGHEST    76
 LOWEST     49
 AVERAGE    63

..........................................................


THE ALBANY NY CLIMATE NORMALS FOR TODAY
                         NORMAL    RECORD    YEAR
 MAXIMUM TEMPERATURE (F)   31        56      1916
 MINIMUM TEMPERATURE (F)   15       -16      2005


SUNRISE AND SUNSET
JANUARY 28 2015.......SUNRISE   714 AM EST   SUNSET   503 PM EST
JANUARY 29 2015.......SUNRISE   713 AM EST   SUNSET   504 PM EST


-  INDICATES NEGATIVE NUMBERS.
R  INDICATES RECORD WAS SET OR TIED.
MM INDICATES DATA IS MISSING.
T  INDICATES TRACE AMOUNT.




$$





U.S. Dept. of Commerce
NOAA National Weather Service
1325 East West Highway
Silver Spring, MD 20910
E-mail: w-nws.webmaster@noaa.gov
Page last modified: May 16, 2007
NATIONAL WEATHER SERVICE: for Safety, for Work, for Fun - FOR LIFE