718
CDUS45 KBOU 020725
CLIAKO


CLIMATE REPORT
NATIONAL WEATHER SERVICE BOULDER, CO
125 AM MDT THU OCT 2 2014


...................................

...THE AKRON CO CLIMATE SUMMARY FOR OCTOBER 1 2014...

CLIMATE NORMAL PERIOD 1981 TO 2010
CLIMATE RECORD PERIOD 9999 TO 9999


WEATHER ITEM   OBSERVED TIME   RECORD YEAR NORMAL DEPARTURE LAST
                VALUE   (LST)  VALUE       VALUE  FROM      YEAR
                                                  NORMAL
..................................................................
TEMPERATURE (F)
 YESTERDAY
  MAXIMUM         67    307 PM  89    1938  70     -3
  MINIMUM         44   1159 PM  28    1985  42      2
  AVERAGE         56                        56      0

PRECIPITATION (IN)
  YESTERDAY        0.21          0.89 1994   0.04   0.17     0.00
  MONTH TO DATE    0.21                      0.04   0.17     0.00
  SINCE SEP 1      2.15                      1.20   0.95     4.29
  SINCE JAN 1     17.75                     14.69   3.06    15.71

DEGREE DAYS
 HEATING
  YESTERDAY        9
  MONTH TO DATE    9

 COOLING
  YESTERDAY        0
  MONTH TO DATE    0
..................................................................


WIND (MPH)
  HIGHEST WIND SPEED    43   HIGHEST WIND DIRECTION    NW (330)
  HIGHEST GUST SPEED    53   HIGHEST GUST DIRECTION     W (290)




RELATIVE HUMIDITY (PERCENT)
 HIGHEST   100
 LOWEST     37
 AVERAGE    69

..........................................................


THE AKRON CO CLIMATE NORMALS FOR TODAY
                         NORMAL    RECORD    YEAR
 MAXIMUM TEMPERATURE (F)   69        91      1954
 MINIMUM TEMPERATURE (F)   42        29      1959


SUNRISE AND SUNSET
OCTOBER  2 2014.......SUNRISE   650 AM MDT   SUNSET   633 PM MDT
OCTOBER  3 2014.......SUNRISE   651 AM MDT   SUNSET   632 PM MDT


-  INDICATES NEGATIVE NUMBERS.
R  INDICATES RECORD WAS SET OR TIED.
MM INDICATES DATA IS MISSING.
T  INDICATES TRACE AMOUNT.




$$





U.S. Dept. of Commerce
NOAA National Weather Service
1325 East West Highway
Silver Spring, MD 20910
E-mail: w-nws.webmaster@noaa.gov
Page last modified: May 16, 2007
NATIONAL WEATHER SERVICE: for Safety, for Work, for Fun - FOR LIFE