196
CDUS45 KBOU 250725
CLIAKO


CLIMATE REPORT
NATIONAL WEATHER SERVICE BOULDER, CO
125 AM MDT SAT OCT 25 2014


...................................

...THE AKRON CO CLIMATE SUMMARY FOR OCTOBER 24 2014...

CLIMATE NORMAL PERIOD 1981 TO 2010
CLIMATE RECORD PERIOD 9999 TO 9999


WEATHER ITEM   OBSERVED TIME   RECORD YEAR NORMAL DEPARTURE LAST
                VALUE   (LST)  VALUE       VALUE  FROM      YEAR
                                                  NORMAL
..................................................................
TEMPERATURE (F)
 YESTERDAY
  MAXIMUM         81    314 PM  86    1940  61     20
  MINIMUM         52    635 AM  15    1945  34     18
  AVERAGE         67                        47     20

PRECIPITATION (IN)
  YESTERDAY        0.00          0.26 1947   0.03  -0.03     0.00
  MONTH TO DATE    0.22                      0.94  -0.72     1.08
  SINCE SEP 1      2.16                      2.10   0.06     5.37
  SINCE JAN 1     17.76                     15.59   2.17    16.79

DEGREE DAYS
 HEATING
  YESTERDAY        0
  MONTH TO DATE  226

 COOLING
  YESTERDAY        2
  MONTH TO DATE    2
..................................................................


WIND (MPH)
  HIGHEST WIND SPEED    16   HIGHEST WIND DIRECTION     W (270)
  HIGHEST GUST SPEED    21   HIGHEST GUST DIRECTION    SW (220)




RELATIVE HUMIDITY (PERCENT)
 HIGHEST    50
 LOWEST     11
 AVERAGE    31

..........................................................


THE AKRON CO CLIMATE NORMALS FOR TODAY
                         NORMAL    RECORD    YEAR
 MAXIMUM TEMPERATURE (F)   60        85      1940
 MINIMUM TEMPERATURE (F)   34        18      1942


SUNRISE AND SUNSET
OCTOBER 25 2014.......SUNRISE   714 AM MDT   SUNSET   559 PM MDT
OCTOBER 26 2014.......SUNRISE   715 AM MDT   SUNSET   558 PM MDT


-  INDICATES NEGATIVE NUMBERS.
R  INDICATES RECORD WAS SET OR TIED.
MM INDICATES DATA IS MISSING.
T  INDICATES TRACE AMOUNT.




$$





U.S. Dept. of Commerce
NOAA National Weather Service
1325 East West Highway
Silver Spring, MD 20910
E-mail: w-nws.webmaster@noaa.gov
Page last modified: May 16, 2007
NATIONAL WEATHER SERVICE: for Safety, for Work, for Fun - FOR LIFE