294
CDUS45 KBOU 230725
CLIAKO


CLIMATE REPORT
NATIONAL WEATHER SERVICE BOULDER, CO
125 AM MDT WED APR 23 2014


...................................

...THE AKRON CO CLIMATE SUMMARY FOR APRIL 22 2014...

CLIMATE NORMAL PERIOD 1981 TO 2010
CLIMATE RECORD PERIOD 9999 TO 9999


WEATHER ITEM   OBSERVED TIME   RECORD YEAR NORMAL DEPARTURE LAST
                VALUE   (LST)  VALUE       VALUE  FROM      YEAR
                                                  NORMAL
..................................................................
TEMPERATURE (F)
 YESTERDAY
  MAXIMUM         80    312 PM  86    1989  63     17
  MINIMUM         43    528 AM  16    1951  35      8
  AVERAGE         62                        49     13

PRECIPITATION (IN)
  YESTERDAY        0.00          0.84 1971   0.06  -0.06     0.07
  MONTH TO DATE    0.54                      1.09  -0.55     0.82
  SINCE MAR 1      0.97                      1.96  -0.99     2.31
  SINCE JAN 1      1.40                      2.70  -1.30     2.43

DEGREE DAYS
 HEATING
  YESTERDAY        3
  MONTH TO DATE  380

 COOLING
  YESTERDAY        0
  MONTH TO DATE    0
..................................................................


WIND (MPH)
  HIGHEST WIND SPEED    29   HIGHEST WIND DIRECTION     S (190)
  HIGHEST GUST SPEED    41   HIGHEST GUST DIRECTION     S (200)




RELATIVE HUMIDITY (PERCENT)
 HIGHEST    67
 LOWEST     15
 AVERAGE    41

..........................................................


THE AKRON CO CLIMATE NORMALS FOR TODAY
                         NORMAL    RECORD    YEAR
 MAXIMUM TEMPERATURE (F)   63        85      1954
 MINIMUM TEMPERATURE (F)   36        19      2013


SUNRISE AND SUNSET
APRIL 23 2014.........SUNRISE   603 AM MDT   SUNSET   740 PM MDT
APRIL 24 2014.........SUNRISE   602 AM MDT   SUNSET   741 PM MDT


-  INDICATES NEGATIVE NUMBERS.
R  INDICATES RECORD WAS SET OR TIED.
MM INDICATES DATA IS MISSING.
T  INDICATES TRACE AMOUNT.




$$





U.S. Dept. of Commerce
NOAA National Weather Service
1325 East West Highway
Silver Spring, MD 20910
E-mail: w-nws.webmaster@noaa.gov
Page last modified: May 16, 2007
NATIONAL WEATHER SERVICE: for Safety, for Work, for Fun - FOR LIFE