245
CDUS45 KBOU 200725
CLIAKO


CLIMATE REPORT
NATIONAL WEATHER SERVICE BOULDER, CO
125 AM MDT WED AUG 20 2014


...................................

...THE AKRON CO CLIMATE SUMMARY FOR AUGUST 19 2014...

CLIMATE NORMAL PERIOD 1981 TO 2010
CLIMATE RECORD PERIOD 9999 TO 9999


WEATHER ITEM   OBSERVED TIME   RECORD YEAR NORMAL DEPARTURE LAST
                VALUE   (LST)  VALUE       VALUE  FROM      YEAR
                                                  NORMAL
..................................................................
TEMPERATURE (F)
 YESTERDAY
  MAXIMUM         92    304 PM 100    1952  86      6
  MINIMUM         56    531 AM  45    1956  58     -2
  AVERAGE         74                        72      2

PRECIPITATION (IN)
  YESTERDAY        0.15          0.85 1953   0.07   0.08     0.00
  MONTH TO DATE    1.15                      1.58  -0.43     2.40
  SINCE JUN 1      7.24                      6.59   0.65     7.52
  SINCE JAN 1     11.94                     12.77  -0.83    11.41

DEGREE DAYS
 HEATING
  YESTERDAY        0
  MONTH TO DATE    0

 COOLING
  YESTERDAY        9
  MONTH TO DATE  167
..................................................................


WIND (MPH)
  HIGHEST WIND SPEED    36   HIGHEST WIND DIRECTION     S (190)
  HIGHEST GUST SPEED    55   HIGHEST GUST DIRECTION     S (170)




RELATIVE HUMIDITY (PERCENT)
 HIGHEST    87
 LOWEST     21
 AVERAGE    54

..........................................................


THE AKRON CO CLIMATE NORMALS FOR TODAY
                         NORMAL    RECORD    YEAR
 MAXIMUM TEMPERATURE (F)   86        97      1987
 MINIMUM TEMPERATURE (F)   58        44      1951


SUNRISE AND SUNSET
AUGUST 20 2014........SUNRISE   609 AM MDT   SUNSET   743 PM MDT
AUGUST 21 2014........SUNRISE   610 AM MDT   SUNSET   741 PM MDT


-  INDICATES NEGATIVE NUMBERS.
R  INDICATES RECORD WAS SET OR TIED.
MM INDICATES DATA IS MISSING.
T  INDICATES TRACE AMOUNT.




$$





U.S. Dept. of Commerce
NOAA National Weather Service
1325 East West Highway
Silver Spring, MD 20910
E-mail: w-nws.webmaster@noaa.gov
Page last modified: May 16, 2007
NATIONAL WEATHER SERVICE: for Safety, for Work, for Fun - FOR LIFE