060
CDUS45 KBOU 191135
CLIAKO

CLIMATE REPORT
NATIONAL WEATHER SERVICE BOULDER, CO
125 AM MDT SAT APR 19 2014


...................................

...THE AKRON CO CLIMATE SUMMARY FOR APRIL 18 2014...

CLIMATE NORMAL PERIOD 1981 TO 2010

WEATHER ITEM   OBSERVED TIME   RECORD YEAR NORMAL DEPARTURE LAST
                VALUE   (LST)  VALUE       VALUE  FROM      YEAR
                                                  NORMAL
..................................................................
TEMPERATURE (F)
 YESTERDAY
  MAXIMUM         78    239 PM  87    1987  61     17
  MINIMUM         37    316 AM   5    1953  34      3
  AVERAGE         58                        48     10

PRECIPITATION (IN)
  YESTERDAY        0.00          0.88 1924   0.05  -0.05      T
  MONTH TO DATE    0.54                      0.84  -0.30     0.73
  SINCE MAR 1      0.97                      1.71  -0.74     2.22
  SINCE JAN 1      1.40                      2.45  -1.05     2.34

DEGREE DAYS
 HEATING
  YESTERDAY        7
  MONTH TO DATE  348

 COOLING
  YESTERDAY        0
  MONTH TO DATE    0
..................................................................


WIND (MPH)
  HIGHEST WIND SPEED    24   HIGHEST WIND DIRECTION     S (160)
  HIGHEST GUST SPEED    29   HIGHEST GUST DIRECTION     S (160)




RELATIVE HUMIDITY (PERCENT)
 HIGHEST    85
 LOWEST     14
 AVERAGE    50

..........................................................


THE AKRON CO CLIMATE NORMALS FOR TODAY
                         NORMAL    RECORD    YEAR
 MAXIMUM TEMPERATURE (F)   62        86      1940
 MINIMUM TEMPERATURE (F)   34        16      1966


SUNRISE AND SUNSET
APRIL 19 2014.........SUNRISE   609 AM MDT   SUNSET   736 PM MDT
APRIL 20 2014.........SUNRISE   607 AM MDT   SUNSET   737 PM MDT


-  INDICATES NEGATIVE NUMBERS.
R  INDICATES RECORD WAS SET OR TIED.
MM INDICATES DATA IS MISSING.
T  INDICATES TRACE AMOUNT.




$$




U.S. Dept. of Commerce
NOAA National Weather Service
1325 East West Highway
Silver Spring, MD 20910
E-mail: w-nws.webmaster@noaa.gov
Page last modified: May 16, 2007
NATIONAL WEATHER SERVICE: for Safety, for Work, for Fun - FOR LIFE