238
CDUS45 KBOU 240725
CLIAKO


CLIMATE REPORT
NATIONAL WEATHER SERVICE BOULDER, CO
1225 AM MST MON NOV 24 2014


...................................

...THE AKRON CO CLIMATE SUMMARY FOR NOVEMBER 23 2014...

CLIMATE NORMAL PERIOD 1981 TO 2010
CLIMATE RECORD PERIOD 9999 TO 9999


WEATHER ITEM   OBSERVED TIME   RECORD YEAR NORMAL DEPARTURE LAST
                VALUE   (LST)  VALUE       VALUE  FROM      YEAR
                                                  NORMAL
..................................................................
TEMPERATURE (F)
 YESTERDAY
  MAXIMUM         46    212 AM  66    1988  46      0
  MINIMUM         20   1105 PM   0    1952  22     -2
  AVERAGE         33                        34     -1

PRECIPITATION (IN)
  YESTERDAY        0.00          0.22 1992   0.02  -0.02     0.00
  MONTH TO DATE    0.21                      0.46  -0.25     0.16
  SINCE SEP 1      2.37                      2.73  -0.36     5.54
  SINCE JAN 1     17.97                     16.22   1.75    16.96

DEGREE DAYS
 HEATING
  YESTERDAY       32
  MONTH TO DATE  720

 COOLING
  YESTERDAY        0
  MONTH TO DATE    0
..................................................................


WIND (MPH)
  HIGHEST WIND SPEED    36   HIGHEST WIND DIRECTION     N (340)
  HIGHEST GUST SPEED    42   HIGHEST GUST DIRECTION     N (340)




RELATIVE HUMIDITY (PERCENT)
 HIGHEST    77
 LOWEST     27
 AVERAGE    52

..........................................................


THE AKRON CO CLIMATE NORMALS FOR TODAY
                         NORMAL    RECORD    YEAR
 MAXIMUM TEMPERATURE (F)   45        72      1990
 MINIMUM TEMPERATURE (F)   22        -6      1993


SUNRISE AND SUNSET
NOVEMBER 24 2014......SUNRISE   649 AM MST   SUNSET   430 PM MST
NOVEMBER 25 2014......SUNRISE   650 AM MST   SUNSET   430 PM MST


-  INDICATES NEGATIVE NUMBERS.
R  INDICATES RECORD WAS SET OR TIED.
MM INDICATES DATA IS MISSING.
T  INDICATES TRACE AMOUNT.




$$





U.S. Dept. of Commerce
NOAA National Weather Service
1325 East West Highway
Silver Spring, MD 20910
E-mail: w-nws.webmaster@noaa.gov
Page last modified: May 16, 2007
NATIONAL WEATHER SERVICE: for Safety, for Work, for Fun - FOR LIFE