094
CDUS45 KBOU 270725
CLIAKO


CLIMATE REPORT
NATIONAL WEATHER SERVICE BOULDER, CO
1225 AM MST TUE JAN 27 2015


...................................

...THE AKRON CO CLIMATE SUMMARY FOR JANUARY 26 2015...

CLIMATE NORMAL PERIOD 1981 TO 2010
CLIMATE RECORD PERIOD 9999 TO 9999


WEATHER ITEM   OBSERVED TIME   RECORD YEAR NORMAL DEPARTURE LAST
                VALUE   (LST)  VALUE       VALUE  FROM      YEAR
                                                  NORMAL
..................................................................
TEMPERATURE (F)
 YESTERDAY
  MAXIMUM         64    326 PM  74    1982  40     24
  MINIMUM         34    547 AM -11    1963  17     17
  AVERAGE         49                        29     20

PRECIPITATION (IN)
  YESTERDAY        0.00          0.42 1944   0.01  -0.01      T
  MONTH TO DATE    0.16                      0.24  -0.08     0.11
  SINCE DEC 1      0.40                      0.64  -0.24     0.13
  SINCE JAN 1      0.16                      0.24  -0.08     0.11

DEGREE DAYS
 HEATING
  YESTERDAY       16
  MONTH TO DATE 1003

 COOLING
  YESTERDAY        0
  MONTH TO DATE    0
..................................................................


WIND (MPH)
  HIGHEST WIND SPEED    20   HIGHEST WIND DIRECTION     W (280)
  HIGHEST GUST SPEED    23   HIGHEST GUST DIRECTION     W (280)




RELATIVE HUMIDITY (PERCENT)
 HIGHEST    82
 LOWEST     30
 AVERAGE    56

..........................................................


THE AKRON CO CLIMATE NORMALS FOR TODAY
                         NORMAL    RECORD    YEAR
 MAXIMUM TEMPERATURE (F)   40        70      1970
 MINIMUM TEMPERATURE (F)   17       -21      1948


SUNRISE AND SUNSET
JANUARY 27 2015.......SUNRISE   706 AM MST   SUNSET   505 PM MST
JANUARY 28 2015.......SUNRISE   705 AM MST   SUNSET   507 PM MST


-  INDICATES NEGATIVE NUMBERS.
R  INDICATES RECORD WAS SET OR TIED.
MM INDICATES DATA IS MISSING.
T  INDICATES TRACE AMOUNT.




$$





U.S. Dept. of Commerce
NOAA National Weather Service
1325 East West Highway
Silver Spring, MD 20910
E-mail: w-nws.webmaster@noaa.gov
Page last modified: May 16, 2007
NATIONAL WEATHER SERVICE: for Safety, for Work, for Fun - FOR LIFE