514
CDUS45 KBOU 160725
CLIAKO


CLIMATE REPORT
NATIONAL WEATHER SERVICE BOULDER, CO
125 AM MDT TUE SEP 16 2014


...................................

...THE AKRON CO CLIMATE SUMMARY FOR SEPTEMBER 15 2014...

CLIMATE NORMAL PERIOD 1981 TO 2010
CLIMATE RECORD PERIOD 9999 TO 9999


WEATHER ITEM   OBSERVED TIME   RECORD YEAR NORMAL DEPARTURE LAST
                VALUE   (LST)  VALUE       VALUE  FROM      YEAR
                                                  NORMAL
..................................................................
TEMPERATURE (F)
 YESTERDAY
  MAXIMUM         66    358 PM  94    1955  77    -11
  MINIMUM         46    727 AM  35    1947  49     -3
  AVERAGE         56                        63     -7

PRECIPITATION (IN)
  YESTERDAY        T             0.58 1966   0.04  -0.04     0.08
  MONTH TO DATE    0.31                      0.63  -0.32     1.69
  SINCE SEP 1      0.31                      0.63  -0.32     1.69
  SINCE JAN 1     15.91                     14.12   1.79    13.11

DEGREE DAYS
 HEATING
  YESTERDAY        9
  MONTH TO DATE   89

 COOLING
  YESTERDAY        0
  MONTH TO DATE   29
..................................................................


WIND (MPH)
  HIGHEST WIND SPEED    22   HIGHEST WIND DIRECTION     N (350)
  HIGHEST GUST SPEED    28   HIGHEST GUST DIRECTION     N (350)




RELATIVE HUMIDITY (PERCENT)
 HIGHEST   100
 LOWEST     52
 AVERAGE    76

..........................................................


THE AKRON CO CLIMATE NORMALS FOR TODAY
                         NORMAL    RECORD    YEAR
 MAXIMUM TEMPERATURE (F)   77        95      2000
 MINIMUM TEMPERATURE (F)   49        29      1965


SUNRISE AND SUNSET
SEPTEMBER 16 2014.....SUNRISE   635 AM MDT   SUNSET   700 PM MDT
SEPTEMBER 17 2014.....SUNRISE   636 AM MDT   SUNSET   658 PM MDT


-  INDICATES NEGATIVE NUMBERS.
R  INDICATES RECORD WAS SET OR TIED.
MM INDICATES DATA IS MISSING.
T  INDICATES TRACE AMOUNT.




$$





U.S. Dept. of Commerce
NOAA National Weather Service
1325 East West Highway
Silver Spring, MD 20910
E-mail: w-nws.webmaster@noaa.gov
Page last modified: May 16, 2007
NATIONAL WEATHER SERVICE: for Safety, for Work, for Fun - FOR LIFE