182
CDUS45 KBOU 281158
CLIAKO

CLIMATE REPORT
NATIONAL WEATHER SERVICE BOULDER, CO
1225 AM MST FRI NOV 28 2014


...................................

...THE AKRON CO CLIMATE SUMMARY FOR NOVEMBER 27 2014...

CLIMATE NORMAL PERIOD 1981 TO 2010

WEATHER ITEM   OBSERVED TIME   RECORD YEAR NORMAL DEPARTURE LAST
                VALUE   (LST)  VALUE       VALUE  FROM      YEAR
                                                  NORMAL
..................................................................
TEMPERATURE (F)
 YESTERDAY
  MAXIMUM         54    324 PM  73    1941  44     10
  MINIMUM         21   1213 AM  -9    1976  21      0
  AVERAGE         38                        32      6

PRECIPITATION (IN)
  YESTERDAY        0.00          0.97 1983   0.02  -0.02     0.00
  MONTH TO DATE    0.35                      0.53  -0.18     0.16
  SINCE SEP 1      2.51                      2.80  -0.29     5.54
  SINCE JAN 1     18.11                     16.29   1.82    16.96

DEGREE DAYS
 HEATING
  YESTERDAY       27
  MONTH TO DATE  851

 COOLING
  YESTERDAY        0
  MONTH TO DATE    0
..................................................................


WIND (MPH)
  HIGHEST WIND SPEED    21   HIGHEST WIND DIRECTION     W (250)
  HIGHEST GUST SPEED    24   HIGHEST GUST DIRECTION    SW (240)




RELATIVE HUMIDITY (PERCENT)
 HIGHEST    92
 LOWEST     39
 AVERAGE    66

..........................................................


THE AKRON CO CLIMATE NORMALS FOR TODAY
                         NORMAL    RECORD    YEAR
 MAXIMUM TEMPERATURE (F)   43        68      1986
 MINIMUM TEMPERATURE (F)   20        -8      1976


SUNRISE AND SUNSET
NOVEMBER 28 2014......SUNRISE   653 AM MST   SUNSET   429 PM MST
NOVEMBER 29 2014......SUNRISE   654 AM MST   SUNSET   428 PM MST


-  INDICATES NEGATIVE NUMBERS.
R  INDICATES RECORD WAS SET OR TIED.
MM INDICATES DATA IS MISSING.
T  INDICATES TRACE AMOUNT.




$$




U.S. Dept. of Commerce
NOAA National Weather Service
1325 East West Highway
Silver Spring, MD 20910
E-mail: w-nws.webmaster@noaa.gov
Page last modified: May 16, 2007
NATIONAL WEATHER SERVICE: for Safety, for Work, for Fun - FOR LIFE