049
CDUS45 KBOU 310725
CLIAKO


CLIMATE REPORT
NATIONAL WEATHER SERVICE BOULDER, CO
125 AM MDT THU JUL 31 2014


...................................

...THE AKRON CO CLIMATE SUMMARY FOR JULY 30 2014...

CLIMATE NORMAL PERIOD 1981 TO 2010
CLIMATE RECORD PERIOD 9999 TO 9999


WEATHER ITEM   OBSERVED TIME   RECORD YEAR NORMAL DEPARTURE LAST
                VALUE   (LST)  VALUE       VALUE  FROM      YEAR
                                                  NORMAL
..................................................................
TEMPERATURE (F)
 YESTERDAY
  MAXIMUM         63    543 PM 101    2005  88    -25
  MINIMUM         57   1144 PM  43    1971  60     -3
  AVERAGE         60                        74    -14

PRECIPITATION (IN)
  YESTERDAY        0.10          1.59 1996   0.09   0.01     0.00
  MONTH TO DATE    2.27                      2.46  -0.19     3.17
  SINCE JUN 1      6.09                      4.92   1.17     4.37
  SINCE JAN 1     10.79                     11.10  -0.31     8.26

DEGREE DAYS
 HEATING
  YESTERDAY        5
  MONTH TO DATE   15

 COOLING
  YESTERDAY        0
  MONTH TO DATE  281
..................................................................


WIND (MPH)
  HIGHEST WIND SPEED    18   HIGHEST WIND DIRECTION     E (70)
  HIGHEST GUST SPEED    23   HIGHEST GUST DIRECTION     E (70)




RELATIVE HUMIDITY (PERCENT)
 HIGHEST   100
 LOWEST     67
 AVERAGE    84

..........................................................


THE AKRON CO CLIMATE NORMALS FOR TODAY
                         NORMAL    RECORD    YEAR
 MAXIMUM TEMPERATURE (F)   88       103      2002
 MINIMUM TEMPERATURE (F)   60        49      1995


SUNRISE AND SUNSET
JULY 31 2014..........SUNRISE   550 AM MDT   SUNSET   808 PM MDT
AUGUST  1 2014........SUNRISE   551 AM MDT   SUNSET   807 PM MDT


-  INDICATES NEGATIVE NUMBERS.
R  INDICATES RECORD WAS SET OR TIED.
MM INDICATES DATA IS MISSING.
T  INDICATES TRACE AMOUNT.




$$





U.S. Dept. of Commerce
NOAA National Weather Service
1325 East West Highway
Silver Spring, MD 20910
E-mail: w-nws.webmaster@noaa.gov
Page last modified: May 16, 2007
NATIONAL WEATHER SERVICE: for Safety, for Work, for Fun - FOR LIFE