955
CDAK48 PAKN 290114
CLIAKN

CLIMATE REPORT
NATIONAL WEATHER SERVICE KING SALMON, AK
414 PM AKST FRI NOV 28 2014

...................................
...THE KING SALMON AP CLIMATE SUMMARY FOR NOVEMBER 28 2014...
VALID TODAY AS OF 2:00 PM LOCAL TIME

CLIMATE NORMAL PERIOD  1981 TO  2010
CLIMATE RECORD PERIOD  1949 TO  2014

WEATHER ITEM   OBSERVED TIME    RECORD YEAR NORMAL DEPARTURE LAST
               VALUE    (LST)   VALUE       VALUE  FROM      YEAR
                                                   NORMAL
...................................................................
TEMPERATURE
TODAY
 MAXIMUM            38  0222 PM    48  1983     28      10     14
 MINIMUM            36  0413 PM   -28  1917     13      23     -5
 AVERAGE            37                          21      16      5

PRECIPITATION
(INCHES)
 TODAY            0.18           0.55  1976   0.05    0.13   0.00
 MONTH TO DATE    2.13                        1.31    0.82   2.61
 SINCE SEP 1      5.88                        6.58   -0.70   9.32
 SINCE JAN 1     20.15                       18.18    1.97  23.41

SNOWFALL
(INCHES)
 TODAY             0.0            2.8  1969    0.3    -0.3    0.0
 MONTH TO DATE       T                         6.3    -6.3   11.6
 SINCE SEP 1       3.5                         9.2    -5.7   11.6
 SINCE JUL 1       3.5                         9.2    -5.7   11.6
 SNOW DEPTH (IN)     0                                          2

DEGREE DAYS
 HEATING
  TODAY             28                          44     -16     60
  MONTH TO DATE    780                        1173    -393   1063
  SINCE SEP 1     2210                        2673    -463   2273
  SINCE JUL 1     2684                        3285    -601   2776

 COOLING
  TODAY              0                           0       0      0
  MONTH TO DATE      0                           0       0      0
  SINCE SEP 1        0                           0       0      0
  SINCE JAN 1        0                           0       0      4
...................................................................

WIND (MPH)
 HIGHEST WIND SPEED    13     HIGHEST WIND DIRECTION     90
 HIGHEST GUST SPEED    17     HIGHEST GUST DIRECTION    100
 AVERAGE WIND SPEED    MM

SKY COVER
  POSSIBLE SUNSHINE  MM            AVERAGE SKY COVER MM

WEATHER CONDITIONS
 THE FOLLOWING WEATHER WAS RECORDED TODAY.
FOG
RAIN


RELATIVE HUMIDITY
 HIGHEST RH     MM PERCENT       MM
 LOWEST  RH     MM PERCENT       MM
 AVERAGE RH     MM PERCENT       MM
...................................................................

THE KING SALMON CLIMATE NORMALS FOR TOMORROW
                        NORMAL    RECORD   YEAR
 MAXIMUM TEMPERATURE      28        50     1983
 MINIMUM TEMPERATURE      13       -24     1987

SUNRISE AND SUNSET
 NOV 28 2014..........SUNRISE  9:47 AM      SUNSET  4:43 PM
 NOV 29 2014..........SUNRISE  9:48 AM      SUNSET  4:42 PM

-  INDICATES NEGATIVE NUMBERS.
R  INDICATES RECORD HAS BEEN SET OR TIED.
MM INDICATES DATA IS MISSING.
T  INDICATES TRACE OF PRECIPITATION.

&&
-------------------------------------------------------------------

AMOUNT OF DAYLIGHT TODAY  (HOUR:MIN)........6 HOURS 56 MINUTES
GAIN/LOSS SINCE YESTERDAY (HOUR:MIN:SEC)....-0:03:19

$$
DJH NOV 14





U.S. Dept. of Commerce
NOAA National Weather Service
1325 East West Highway
Silver Spring, MD 20910
E-mail: w-nws.webmaster@noaa.gov
Page last modified: May 16, 2007
NATIONAL WEATHER SERVICE: for Safety, for Work, for Fun - FOR LIFE