929
CDAK48 PAKN 181139
CLIAKN

CLIMATE REPORT
NATIONAL WEATHER SERVICE KING SALMON, AK
340 AM AKDT FRI APR 18 2014

...................................
...THE KING SALMON AP CLIMATE SUMMARY FOR APRIL 17 2014...

CLIMATE NORMAL PERIOD  1981 TO  2010
CLIMATE RECORD PERIOD  1949 TO  2014

WEATHER ITEM   OBSERVED TIME    RECORD YEAR NORMAL DEPARTURE LAST
               VALUE    (LST)   VALUE       VALUE  FROM      YEAR
                                                   NORMAL
...................................................................
TEMPERATURE
YESTERDAY
 MAXIMUM            49  0242 PM    55  1965     43       6     38
 MINIMUM            27  0403 AM     2  1963     26       1     15
 AVERAGE            38                          34       4     27

PRECIPITATION
(INCHES)
 YESTERDAY        0.04           0.27  1961   0.04    0.00   0.00
 MONTH TO DATE    0.40                        0.52   -0.12   0.06
 SINCE MAR 1      1.16                        1.22   -0.06   1.56
 SINCE JAN 1      2.97                        3.00   -0.03   5.89

SNOWFALL
(INCHES)
 YESTERDAY         0.0            1.7  1961    0.1    -0.1    0.0
 MONTH TO DATE     0.5                         2.7    -2.2    0.8
 SINCE MAR 1       9.3                         9.1     0.2   12.1
 SINCE JUL 1      36.0                        44.6    -8.6   74.5
 SNOW DEPTH (IN)     0                                          0

DEGREE DAYS
 HEATING
  YESTERDAY         27                          31      -4     38
  MONTH TO DATE    511                         576     -65    722
  SINCE MAR 1     1760                        1841     -81   2070
  SINCE JUL 1     8115                        9459   -1344   9935

 COOLING
  YESTERDAY          0                           0       0      0
  MONTH TO DATE      0                           0       0      0
  SINCE MAR 1        0                           0       0      0
  SINCE JAN 1        0                           0       0      0
...................................................................

WIND (MPH)
 HIGHEST WIND SPEED    15     HIGHEST WIND DIRECTION    180
 HIGHEST GUST SPEED    17     HIGHEST GUST DIRECTION    190
 AVERAGE WIND SPEED   2.4

WEATHER CONDITIONS
 THE FOLLOWING WEATHER WAS RECORDED YESTERDAY...FOG...RAIN

...................................................................

THE KING SALMON CLIMATE NORMALS FOR TODAY
                           NORMAL    RECORD   YEAR
 MAXIMUM TEMPERATURE (F)     43        56     1965
 MINIMUM TEMPERATURE (F)     26        -6     1985

SUNRISE AND SUNSET
 APR 18 2014..........SUNRISE  7:05 AM      SUNSET  9:49 PM
 APR 19 2014..........SUNRISE  7:03 AM      SUNSET  9:51 PM

-  INDICATES NEGATIVE NUMBERS.
R  INDICATES RECORD HAS BEEN SET OR TIED.
MM INDICATES DATA IS MISSING.
T  INDICATES TRACE OF PRECIPITATION.

&&
-------------------------------------------------------------------

AMOUNT OF DAYLIGHT TODAY  (HOUR:MIN)........14 HOURS 44 MINUTES
GAIN SINCE YESTERDAY (HOUR:MIN:SEC)....+0:05:04

$$
KH APR 14





U.S. Dept. of Commerce
NOAA National Weather Service
1325 East West Highway
Silver Spring, MD 20910
E-mail: w-nws.webmaster@noaa.gov
Page last modified: May 16, 2007
NATIONAL WEATHER SERVICE: for Safety, for Work, for Fun - FOR LIFE