719
CDAK48 PAKN 221200
CLIAKN

CLIMATE REPORT
NATIONAL WEATHER SERVICE KING SALMON, AK
400 AM AKDT FRI AUG 22 2014

...................................
...THE KING SALMON AP CLIMATE SUMMARY FOR AUGUST 21 2014...

CLIMATE NORMAL PERIOD  1981 TO  2010
CLIMATE RECORD PERIOD  1949 TO  2014

WEATHER ITEM   OBSERVED TIME    RECORD YEAR NORMAL DEPARTURE LAST
               VALUE    (LST)   VALUE       VALUE  FROM      YEAR
                                                   NORMAL
...................................................................
TEMPERATURE
YESTERDAY
 MAXIMUM            69  0413 PM    80  1977     62       7     56
 MINIMUM            40  0621 AM    32  1971     46      -6     51
 AVERAGE            55                          54       1     54

PRECIPITATION
(INCHES)
 YESTERDAY        0.00           0.93  2013   0.09   -0.09   0.93
 MONTH TO DATE    2.35                        1.94    0.41   5.02
 SINCE JUN 1      7.98                        5.89    2.09   7.37
 SINCE JAN 1     13.11                       10.59    2.52  13.73

SNOWFALL
(INCHES)
 YESTERDAY         0.0            0.0  2014    0.0     0.0    0.0
 MONTH TO DATE     0.0                         0.0     0.0    0.0
 SINCE JUN 1       0.0                         0.0     0.0    0.0
 SINCE JUL 1       0.0                         0.0     0.0    0.0
 SNOW DEPTH (IN)     0                                          0

DEGREE DAYS
 HEATING
  YESTERDAY         10                          11      -1     11
  MONTH TO DATE    116                         207     -91    171
  SINCE JUN 1      785                         904    -119    675
  SINCE JUL 1      354                         497    -143    393

 COOLING
  YESTERDAY          0                           0       0      0
  MONTH TO DATE      0                           0       0      0
  SINCE JUN 1        0                           0       0      4
  SINCE JAN 1        0                           0       0      4
...................................................................

WIND (MPH)
 HIGHEST WIND SPEED    14     HIGHEST WIND DIRECTION    200
 HIGHEST GUST SPEED    18     HIGHEST GUST DIRECTION    200
 AVERAGE WIND SPEED   3.6

SKY COVER
  POSSIBLE SUNSHINE    MM          AVERAGE SKY COVER     MM

WEATHER CONDITIONS
 THE FOLLOWING WEATHER WAS RECORDED YESTERDAY.
  FOG


RELATIVE HUMIDITY
 HIGHEST RH     MM PERCENT       MM
 LOWEST  RH     MM PERCENT       MM
 AVERAGE RH     MM PERCENT       MM
...................................................................

THE KING SALMON CLIMATE NORMALS FOR TODAY
                           NORMAL    RECORD   YEAR
 MAXIMUM TEMPERATURE (F)     62        76     1987
 MINIMUM TEMPERATURE (F)     46        33     1981

SUNRISE AND SUNSET
 AUG 22 2014..........SUNRISE  7:04 AM      SUNSET  9:55 PM
 AUG 23 2014..........SUNRISE  7:06 AM      SUNSET  9:52 PM

-  INDICATES NEGATIVE NUMBERS.
R  INDICATES RECORD HAS BEEN SET OR TIED.
MM INDICATES DATA IS MISSING.
T  INDICATES TRACE OF PRECIPITATION.

&&
-------------------------------------------------------------------

AMOUNT OF DAYLIGHT TODAY  (HOUR:MIN)........14 HOURS 51 MINUTES
LOSS SINCE YESTERDAY (HOUR:MIN:SEC).........-0:04:59

$$

DT AUG 14





U.S. Dept. of Commerce
NOAA National Weather Service
1325 East West Highway
Silver Spring, MD 20910
E-mail: w-nws.webmaster@noaa.gov
Page last modified: May 16, 2007
NATIONAL WEATHER SERVICE: for Safety, for Work, for Fun - FOR LIFE