447
CDAK48 PAKN 021200
CLIAKN

CLIMATE REPORT
NATIONAL WEATHER SERVICE KING SALMON, AK
400 AM AKDT TUE SEP 2 2014

...................................
...THE KING SALMON AP CLIMATE SUMMARY FOR SEPTEMBER 1 2014...

CLIMATE NORMAL PERIOD  1981 TO  2010
CLIMATE RECORD PERIOD  1917 TO  2013

WEATHER ITEM   OBSERVED TIME    RECORD YEAR NORMAL DEPARTURE LAST
               VALUE    (LST)   VALUE       VALUE  FROM      YEAR
                                                   NORMAL
...................................................................
TEMPERATURE
YESTERDAY
 MAXIMUM            60  0239 PM    72  1942     60       0     70
 MINIMUM            31  0533 AM    28  1980     45     -14     51
 AVERAGE            46                          53      -7     61

PRECIPITATION
(INCHES)
 YESTERDAY        0.01           1.67  1960   0.11   -0.10   0.04
 MONTH TO DATE    0.01                        0.11   -0.10   0.04
 SINCE SEP 1      0.01                        0.11   -0.10   0.04
 SINCE JAN 1     14.28                       11.71    2.57  14.13

SNOWFALL
(INCHES)
 YESTERDAY         0.0            0.0  2014    0.0     0.0    0.0
 MONTH TO DATE     0.0                         0.0     0.0    0.0
 SINCE SEP 1       0.0                         0.0     0.0    0.0
 SINCE JUL 1       0.0                         0.0     0.0    0.0
 SNOW DEPTH (IN)     0                                          0

DEGREE DAYS
 HEATING
  YESTERDAY         19                          13       6      4
  MONTH TO DATE     19                          13       6      4
  SINCE SEP 1       19                          13       6      4
  SINCE JUL 1      493                         625    -132    507

 COOLING
  YESTERDAY          0                           0       0      0
  MONTH TO DATE      0                           0       0      0
  SINCE SEP 1        0                           0       0      0
  SINCE JAN 1        0                           0       0      4
...................................................................

WIND (MPH)
 HIGHEST WIND SPEED    24     HIGHEST WIND DIRECTION    240
 HIGHEST GUST SPEED    30     HIGHEST GUST DIRECTION    240
 AVERAGE WIND SPEED  10.3

SKY COVER
  POSSIBLE SUNSHINE    MM          AVERAGE SKY COVER     MM

WEATHER CONDITIONS
 THE FOLLOWING WEATHER WAS RECORDED YESTERDAY.
  FOG
  RAIN


RELATIVE HUMIDITY
 HIGHEST RH     MM PERCENT       MM
 LOWEST  RH     MM PERCENT       MM
 AVERAGE RH     MM PERCENT       MM
...................................................................

THE KING SALMON CLIMATE NORMALS FOR TODAY
                           NORMAL    RECORD   YEAR
 MAXIMUM TEMPERATURE (F)     60        75     1933
 MINIMUM TEMPERATURE (F)     44        25     1980

SUNRISE AND SUNSET
 SEP 2 2014..........SUNRISE  7:28 AM      SUNSET  9:24 PM
 SEP 3 2014..........SUNRISE  7:30 AM      SUNSET  9:21 PM

-  INDICATES NEGATIVE NUMBERS.
R  INDICATES RECORD HAS BEEN SET OR TIED.
MM INDICATES DATA IS MISSING.
T  INDICATES TRACE OF PRECIPITATION.

&&
-------------------------------------------------------------------

AMOUNT OF DAYLIGHT TODAY  (HOUR:MIN)........13 HOURS 56 MINUTES
LOSS SINCE YESTERDAY (HOUR:MIN:SEC).........-0:05:04

$$

DT SEP 14





U.S. Dept. of Commerce
NOAA National Weather Service
1325 East West Highway
Silver Spring, MD 20910
E-mail: w-nws.webmaster@noaa.gov
Page last modified: May 16, 2007
NATIONAL WEATHER SERVICE: for Safety, for Work, for Fun - FOR LIFE