795
CDUS45 KCYS 010733
CLIAIA


CLIMATE REPORT
NATIONAL WEATHER SERVICE CHEYENNE WY
132 AM MDT WED OCT 1 2014


...................................

...THE ALLIANCE NE AIRPORT CLIMATE SUMMARY FOR SEPTEMBER 30 2014...

CLIMATE NORMAL PERIOD 1981 TO 2010
CLIMATE RECORD PERIOD 1896 TO 2014


WEATHER ITEM   OBSERVED TIME   RECORD YEAR NORMAL DEPARTURE LAST
                VALUE   (LST)  VALUE       VALUE  FROM      YEAR
                                                  NORMAL
..................................................................
TEMPERATURE (F)
 YESTERDAY
  MAXIMUM         70    203 PM  90    1980  69      1       83
  MINIMUM         48    341 AM  18    1985  36     12       42
                                      1999
  AVERAGE         59                        52      7       63

PRECIPITATION (IN)
  YESTERDAY        0.22          0.84 1904   0.04   0.18     0.00
  MONTH TO DATE    0.53                      1.39  -0.86     2.88
  SINCE JAN 1     15.47                     13.80   1.67    11.94

DEGREE DAYS
 HEATING
  YESTERDAY        6                        13     -7        2
  MONTH TO DATE  151                       209    -58      121
  SINCE SEP 1    151                       208    -57      121
  SINCE JUL 1    188                       245    -57      129

 COOLING
  YESTERDAY        0                         0      0        0
  MONTH TO DATE   37                        40     -3      136
  SINCE SEP 1     37                        40     -3      136
  SINCE JAN 1    499                       563    -64      795
..................................................................


WIND (MPH)
  HIGHEST WIND SPEED    53   HIGHEST WIND DIRECTION    SW (230)
  HIGHEST GUST SPEED    66   HIGHEST GUST DIRECTION    SW (230)
  AVERAGE WIND SPEED    15.7


SKY COVER
  AVERAGE SKY COVER 0.4


WEATHER CONDITIONS
 THE FOLLOWING WEATHER WAS RECORDED YESTERDAY.
  LIGHT RAIN
  FOG


RELATIVE HUMIDITY (PERCENT)
 HIGHEST    89           100 AM
 LOWEST     36           200 PM
 AVERAGE    63

..........................................................


THE ALLIANCE NE AIRPORT CLIMATE NORMALS FOR TODAY
                         NORMAL    RECORD    YEAR
 MAXIMUM TEMPERATURE (F)   69        91      2005
                                             1953
 MINIMUM TEMPERATURE (F)   35        20      1999


SUNRISE AND SUNSET
OCTOBER  1 2014.......SUNRISE   648 AM MDT   SUNSET   633 PM MDT
OCTOBER  2 2014.......SUNRISE   649 AM MDT   SUNSET   631 PM MDT


-  INDICATES NEGATIVE NUMBERS.
R  INDICATES RECORD WAS SET OR TIED.
MM INDICATES DATA IS MISSING.
T  INDICATES TRACE AMOUNT.




$$






U.S. Dept. of Commerce
NOAA National Weather Service
1325 East West Highway
Silver Spring, MD 20910
E-mail: w-nws.webmaster@noaa.gov
Page last modified: May 16, 2007
NATIONAL WEATHER SERVICE: for Safety, for Work, for Fun - FOR LIFE