291
CDUS42 KFFC 230820
CLIAHN


CLIMATE REPORT
NATIONAL WEATHER SERVICE PEACHTREE CITY GA
418 AM EDT THU OCT 23 2014


...................................

...THE ATHENS CLIMATE SUMMARY FOR OCTOBER 22 2014...

CLIMATE NORMAL PERIOD 1981 TO 2010
CLIMATE RECORD PERIOD 1898 TO 2014


WEATHER ITEM   OBSERVED TIME   RECORD YEAR NORMAL DEPARTURE LAST
                VALUE   (LST)  VALUE       VALUE  FROM      YEAR
                                                  NORMAL
..................................................................
TEMPERATURE (F)
 YESTERDAY
  MAXIMUM         70    243 PM  87    1931  73     -3       69
  MINIMUM         43    418 AM  30    1987  50     -7       54
  AVERAGE         57                        61     -4       62

PRECIPITATION (IN)
  YESTERDAY        0.00          2.05 1990   0.11  -0.11      T
  MONTH TO DATE    3.41                      2.64   0.77     1.25
  SINCE SEP 1      8.23                      6.58   1.65     3.67
  SINCE JAN 1     37.72                     37.87  -0.15    49.83

SNOWFALL (IN)
  YESTERDAY        0.0           0.0  2002   0.0    0.0      0.0
                                      2001
                                      2000
  MONTH TO DATE    0.0                       0.0    0.0      0.0
  SINCE SEP 1      0.0                       0.0    0.0      0.0
  SINCE JUL 1      0.0                       0.0    0.0      0.0
  SNOW DEPTH       0

DEGREE DAYS
 HEATING
  YESTERDAY        8                         5      3        3
  MONTH TO DATE   63                        69     -6       27
  SINCE SEP 1     65                        79    -14       29
  SINCE JUL 1     65                        79    -14       32

 COOLING
  YESTERDAY        0                         1     -1        0
  MONTH TO DATE   79                        53     26       61
  SINCE SEP 1    389                       313     76      316
  SINCE JAN 1   1974                      1868    106     1643
..................................................................


WIND (MPH)
  RESULTANT WIND SPEED   1   RESULTANT WIND DIRECTION  NE (40)
  HIGHEST WIND SPEED    10   HIGHEST WIND DIRECTION     N (360)
  HIGHEST GUST SPEED    15   HIGHEST GUST DIRECTION    NE (40)
  AVERAGE WIND SPEED     2.2


SKY COVER
  POSSIBLE SUNSHINE  MM
  AVERAGE SKY COVER 0.0


WEATHER CONDITIONS
 THE FOLLOWING WEATHER WAS RECORDED YESTERDAY.
  NO SIGNIFICANT WEATHER WAS OBSERVED.


RELATIVE HUMIDITY (PERCENT)
 HIGHEST    93           300 AM
 LOWEST     28           400 PM
 AVERAGE    61

..........................................................


THE ATHENS CLIMATE NORMALS FOR TODAY
                         NORMAL    RECORD    YEAR
 MAXIMUM TEMPERATURE (F)   72        88      1927
 MINIMUM TEMPERATURE (F)   49        31      1987


SUNRISE AND SUNSET
OCTOBER 23 2014.......SUNRISE   745 AM EDT   SUNSET   650 PM EDT
OCTOBER 24 2014.......SUNRISE   746 AM EDT   SUNSET   649 PM EDT


-  INDICATES NEGATIVE NUMBERS.
R  INDICATES RECORD WAS SET OR TIED.
MM INDICATES DATA IS MISSING.
T  INDICATES TRACE AMOUNT.




$$





U.S. Dept. of Commerce
NOAA National Weather Service
1325 East West Highway
Silver Spring, MD 20910
E-mail: w-nws.webmaster@noaa.gov
Page last modified: May 16, 2007
NATIONAL WEATHER SERVICE: for Safety, for Work, for Fun - FOR LIFE