243
CDUS42 KFFC 190820
CLIAHN


CLIMATE REPORT
NATIONAL WEATHER SERVICE PEACHTREE CITY GA
420 AM EDT FRI SEP 19 2014


...................................

...THE ATHENS CLIMATE SUMMARY FOR SEPTEMBER 18 2014...

CLIMATE NORMAL PERIOD 1981 TO 2010
CLIMATE RECORD PERIOD 1898 TO 2014


WEATHER ITEM   OBSERVED TIME   RECORD YEAR NORMAL DEPARTURE LAST
                VALUE   (LST)  VALUE       VALUE  FROM      YEAR
                                                  NORMAL
..................................................................
TEMPERATURE (F)
 YESTERDAY
  MAXIMUM         83    412 PM 105    1931  83      0       80
  MINIMUM         67   1152 PM  47    1903  62      5       62
  AVERAGE         75                        73      2       71

PRECIPITATION (IN)
  YESTERDAY        0.00          6.68 1944   0.14  -0.14     0.00
  MONTH TO DATE    4.63                      2.19   2.44     0.34
  SINCE SEP 1      4.63                      2.19   2.44     0.34
  SINCE JAN 1     34.12                     33.48   0.64    46.50

DEGREE DAYS
 HEATING
  YESTERDAY        0                         0      0        0
  MONTH TO DATE    0                         0      0        0
  SINCE SEP 1      0                         0      0        0
  SINCE JUL 1      0                         0      0        3

 COOLING
  YESTERDAY       10                         8      2        6
  MONTH TO DATE  252                       187     65      214
  SINCE SEP 1    252                       187     65      214
  SINCE JAN 1   1837                      1742     95     1541
..................................................................


WIND (MPH)
  RESULTANT WIND SPEED   2   RESULTANT WIND DIRECTION   E (70)
  HIGHEST WIND SPEED     7   HIGHEST WIND DIRECTION    NE (50)
  HIGHEST GUST SPEED    10   HIGHEST GUST DIRECTION     E (80)
  AVERAGE WIND SPEED     2.1


SKY COVER
  POSSIBLE SUNSHINE  MM
  AVERAGE SKY COVER 0.5


WEATHER CONDITIONS
 THE FOLLOWING WEATHER WAS RECORDED YESTERDAY.
  NO SIGNIFICANT WEATHER WAS OBSERVED.


RELATIVE HUMIDITY (PERCENT)
 HIGHEST   100           100 AM
 LOWEST     47           300 PM
 AVERAGE    74

..........................................................


THE ATHENS CLIMATE NORMALS FOR TODAY
                         NORMAL    RECORD    YEAR
 MAXIMUM TEMPERATURE (F)   83       103      1925
 MINIMUM TEMPERATURE (F)   62        46      1981


SUNRISE AND SUNSET
SEPTEMBER 19 2014.....SUNRISE   719 AM EDT   SUNSET   734 PM EDT
SEPTEMBER 20 2014.....SUNRISE   720 AM EDT   SUNSET   733 PM EDT


-  INDICATES NEGATIVE NUMBERS.
R  INDICATES RECORD WAS SET OR TIED.
MM INDICATES DATA IS MISSING.
T  INDICATES TRACE AMOUNT.




$$





U.S. Dept. of Commerce
NOAA National Weather Service
1325 East West Highway
Silver Spring, MD 20910
E-mail: w-nws.webmaster@noaa.gov
Page last modified: May 16, 2007
NATIONAL WEATHER SERVICE: for Safety, for Work, for Fun - FOR LIFE