086
CDUS42 KCAE 310546
CLIAGS


CLIMATE REPORT
NATIONAL WEATHER SERVICE COLUMBIA SC
1246 AM EST SAT JAN 31 2015


...................................

...THE AUGUSTA REGIONAL BUSH FIELD GA CLIMATE SUMMARY FOR JANUARY 30 2015...

CLIMATE NORMAL PERIOD 1981 TO 2010
CLIMATE RECORD PERIOD 1873 TO 2015


WEATHER ITEM   OBSERVED TIME   RECORD YEAR NORMAL DEPARTURE LAST
                VALUE   (LST)  VALUE       VALUE  FROM      YEAR
                                                  NORMAL
..................................................................
TEMPERATURE (F)
 YESTERDAY
  MAXIMUM         58    257 PM  81    2013  59     -1       40
                                      2002
  MINIMUM         32   1159 PM   6    1966  34     -2       16
  AVERAGE         45                        46     -1       28

PRECIPITATION (IN)
  YESTERDAY        0.00          1.95 1991   0.13  -0.13     0.00
  MONTH TO DATE    2.10                      3.78  -1.68     2.48
  SINCE DEC 1      6.31                      7.17  -0.86     9.38
  SINCE JAN 1      2.10                      3.78  -1.68     2.48

SNOWFALL (IN)
  YESTERDAY        0.0          MM      MM   0.0             0.0
  MONTH TO DATE    0.0                       0.4             2.0
  SINCE DEC 1      0.0                       0.5             2.0
  SINCE JUL 1      0.0                       0.5             2.0

DEGREE DAYS
 HEATING
  YESTERDAY       20                        19      1       37
  MONTH TO DATE  620                       591     29      755
  SINCE DEC 1   1081                      1144    -63     1213
  SINCE JUL 1   1645                      1566     79     1672

 COOLING
  YESTERDAY        0                         0      0        0
  MONTH TO DATE    0                         0      0        0
  SINCE DEC 1      0                         3     -3       11
  SINCE JAN 1      0                         0      0        0
..................................................................


WIND (MPH)
  HIGHEST WIND SPEED    22   HIGHEST WIND DIRECTION    NW (320)
  HIGHEST GUST SPEED    28   HIGHEST GUST DIRECTION    NW (330)
  AVERAGE WIND SPEED    10.6


SKY COVER
  AVERAGE SKY COVER 0.2


WEATHER CONDITIONS
 THE FOLLOWING WEATHER WAS RECORDED YESTERDAY.
  NO SIGNIFICANT WEATHER WAS OBSERVED.


RELATIVE HUMIDITY (PERCENT)
 HIGHEST    68           500 AM
 LOWEST     23           300 PM
 AVERAGE    46

..........................................................


THE AUGUSTA REGIONAL BUSH FIELD GA CLIMATE NORMALS FOR TODAY
                         NORMAL    RECORD    YEAR
 MAXIMUM TEMPERATURE (F)   59        82      2002
 MINIMUM TEMPERATURE (F)   34        11      1966


SUNRISE AND SUNSET
JANUARY 31 2015.......SUNRISE   725 AM EST   SUNSET   558 PM EST
FEBRUARY  1 2015......SUNRISE   724 AM EST   SUNSET   559 PM EST


-  INDICATES NEGATIVE NUMBERS.
R  INDICATES RECORD WAS SET OR TIED.
MM INDICATES DATA IS MISSING.
T  INDICATES TRACE AMOUNT.




$$





U.S. Dept. of Commerce
NOAA National Weather Service
1325 East West Highway
Silver Spring, MD 20910
E-mail: w-nws.webmaster@noaa.gov
Page last modified: May 16, 2007
NATIONAL WEATHER SERVICE: for Safety, for Work, for Fun - FOR LIFE