806
CDUS44 KLCH 212209
CLIAEX


CLIMATE REPORT
NATIONAL WEATHER SERVICE LAKE CHARLES, LA
509 PM CDT SUN SEP 21 2014


...................................

...THE ALEXANDRIA CLIMATE SUMMARY FOR SEPTEMBER 21 2014...
VALID TODAY AS OF 0500 PM LOCAL TIME.

CLIMATE NORMAL PERIOD 1981 TO 2010
CLIMATE RECORD PERIOD 1892 TO 2014


WEATHER ITEM   OBSERVED TIME   RECORD YEAR NORMAL DEPARTURE LAST
                VALUE   (LST)  VALUE       VALUE  FROM      YEAR
                                                  NORMAL
..................................................................
TEMPERATURE (F)
 TODAY
  MAXIMUM         92    349 PM 100    2005  87      5       79
  MINIMUM         66    608 AM  47    1899  64      2       66
  AVERAGE         79                        75      4       73

PRECIPITATION (IN)
  TODAY            0.00          5.00 1979   0.09  -0.09     0.17
  MONTH TO DATE    0.87                      1.74  -0.87     2.92
  SINCE SEP 1      0.87                      1.74  -0.87     2.92
  SINCE JAN 1     32.22                     37.97  -5.75    40.51

DEGREE DAYS
 HEATING
  TODAY            0                         0      0        0
  MONTH TO DATE    0                         0      0        0
  SINCE SEP 1      0                         0      0        0
  SINCE JUL 1      0                         0      0        0

 COOLING
  TODAY           14                        10      4        8
  MONTH TO DATE  296                       282     14      368
  SINCE SEP 1    296                       282     14      368
  SINCE JAN 1   2204                      2269    -65     2333
..................................................................


WIND (MPH)
  HIGHEST WIND SPEED    12   HIGHEST WIND DIRECTION     N (360)
  HIGHEST GUST SPEED    16   HIGHEST GUST DIRECTION     N (360)
  AVERAGE WIND SPEED     2.0


SKY COVER
  POSSIBLE SUNSHINE  MM
  AVERAGE SKY COVER 0.2


WEATHER CONDITIONS
 THE FOLLOWING WEATHER WAS RECORDED TODAY.
  FOG


RELATIVE HUMIDITY (PERCENT)
 HIGHEST   100           400 AM
 LOWEST     44           400 PM
 AVERAGE    72

..........................................................


THE ALEXANDRIA CLIMATE NORMALS FOR TOMORROW
                         NORMAL    RECORD    YEAR
 MAXIMUM TEMPERATURE (F)   86        99      1925
                                             1907
 MINIMUM TEMPERATURE (F)   64        44      1983
                                             1897


SUNRISE AND SUNSET
SEPTEMBER 21 2014.....SUNRISE   658 AM CDT   SUNSET   708 PM CDT
SEPTEMBER 22 2014.....SUNRISE   658 AM CDT   SUNSET   707 PM CDT


-  INDICATES NEGATIVE NUMBERS.
R  INDICATES RECORD WAS SET OR TIED.
MM INDICATES DATA IS MISSING.
T  INDICATES TRACE AMOUNT.




$$





U.S. Dept. of Commerce
NOAA National Weather Service
1325 East West Highway
Silver Spring, MD 20910
E-mail: w-nws.webmaster@noaa.gov
Page last modified: May 16, 2007
NATIONAL WEATHER SERVICE: for Safety, for Work, for Fun - FOR LIFE