774
CDUS44 KLCH 242252
CLIAEX


CLIMATE REPORT
NATIONAL WEATHER SERVICE LAKE CHARLES, LA
452 PM CST SAT JAN 24 2015


...................................

...THE ALEXANDRIA CLIMATE SUMMARY FOR JANUARY 24 2015...
VALID TODAY AS OF 0400 PM LOCAL TIME.

CLIMATE NORMAL PERIOD 1981 TO 2010
CLIMATE RECORD PERIOD 1892 TO 2015


WEATHER ITEM   OBSERVED TIME   RECORD YEAR NORMAL DEPARTURE LAST
                VALUE   (LST)  VALUE       VALUE  FROM      YEAR
                                                  NORMAL
..................................................................
TEMPERATURE (F)
 TODAY
  MAXIMUM         59    359 PM  81    1950  60     -1       30
  MINIMUM         30    733 AM   4    1948  38     -8       19
  AVERAGE         45                        49     -4       25

PRECIPITATION (IN)
  TODAY            0.00          4.80 1920   0.18  -0.18    MM
  MONTH TO DATE    3.71                      3.83  -0.12     1.52
  SINCE DEC 1      6.10                      9.95  -3.85     4.12
  SINCE JAN 1      3.71                      3.83  -0.12     1.52

SNOWFALL (IN)
  TODAY            0.0           T    1960  MM     MM        1.6
                                      1957
  MONTH TO DATE    0.0                      MM     MM        3.0
  SINCE DEC 1      0.0                      MM     MM        3.0
  SINCE JUL 1      0.0                      MM     MM        3.0
  SNOW DEPTH       0

DEGREE DAYS
 HEATING
  TODAY           20                        16      4       40
  MONTH TO DATE  496                       384    112      501
  SINCE DEC 1    886                       848     38     1010
  SINCE JUL 1   1279                      1173    106     1386
..................................................................


WIND (MPH)
  HIGHEST WIND SPEED    14   HIGHEST WIND DIRECTION    SW (240)
  HIGHEST GUST SPEED    16   HIGHEST GUST DIRECTION    SW (240)
  AVERAGE WIND SPEED     4.7


SKY COVER
  POSSIBLE SUNSHINE  MM
  AVERAGE SKY COVER 0.0


WEATHER CONDITIONS
 THE FOLLOWING WEATHER WAS RECORDED TODAY.
  FOG


RELATIVE HUMIDITY (PERCENT)
 HIGHEST   100          1200 AM
 LOWEST     40           400 PM
 AVERAGE    70

..........................................................


THE ALEXANDRIA CLIMATE NORMALS FOR TOMORROW
                         NORMAL    RECORD    YEAR
 MAXIMUM TEMPERATURE (F)   60        81      1950
                                             1895
 MINIMUM TEMPERATURE (F)   38        11      1963


SUNRISE AND SUNSET
JANUARY 24 2015.......SUNRISE   707 AM CST   SUNSET   538 PM CST
JANUARY 25 2015.......SUNRISE   706 AM CST   SUNSET   539 PM CST


-  INDICATES NEGATIVE NUMBERS.
R  INDICATES RECORD WAS SET OR TIED.
MM INDICATES DATA IS MISSING.
T  INDICATES TRACE AMOUNT.




$$





U.S. Dept. of Commerce
NOAA National Weather Service
1325 East West Highway
Silver Spring, MD 20910
E-mail: w-nws.webmaster@noaa.gov
Page last modified: May 16, 2007
NATIONAL WEATHER SERVICE: for Safety, for Work, for Fun - FOR LIFE