024
CDUS44 KLCH 210823
CLIAEX


CLIMATE REPORT
NATIONAL WEATHER SERVICE LAKE CHARLES, LA
323 AM CDT MON APR 21 2014


...................................

...THE ALEXANDRIA CLIMATE SUMMARY FOR APRIL 20 2014...

CLIMATE NORMAL PERIOD 1981 TO 2010
CLIMATE RECORD PERIOD 1892 TO 2014


WEATHER ITEM   OBSERVED TIME   RECORD YEAR NORMAL DEPARTURE LAST
                VALUE   (LST)  VALUE       VALUE  FROM      YEAR
                                                  NORMAL
..................................................................
TEMPERATURE (F)
 YESTERDAY
  MAXIMUM         84    329 PM  94    1987  79      5       71
  MINIMUM         52    543 AM  36    1893  56     -4       37
  AVERAGE         68                        67      1       54

PRECIPITATION (IN)
  YESTERDAY        0.00          2.05 1947   0.15  -0.15     0.00
  MONTH TO DATE    2.92                      3.34  -0.42     2.74
  SINCE MAR 1      6.83                      8.39  -1.56     4.13
  SINCE JAN 1     13.21                     18.07  -4.86    20.58

SNOWFALL (IN)
  YESTERDAY        0.0           0.0    MM  MM     MM        0.0
  MONTH TO DATE    0.0                      MM     MM        0.0
  SINCE MAR 1      0.2                      MM     MM        0.0
  SINCE JUL 1      5.0                      MM     MM        0.0
  SNOW DEPTH       0

DEGREE DAYS
 HEATING
  YESTERDAY        0                         1     -1       11
  MONTH TO DATE   81                        58     23       85
  SINCE MAR 1    398                       273    125      391
  SINCE JUL 1   2414                      1938    476     1824

 COOLING
  YESTERDAY        3                         4     -1        0
  MONTH TO DATE   42                        58    -16       60
  SINCE MAR 1     55                        94    -39       76
  SINCE JAN 1     66                       111    -45       94
..................................................................


WIND (MPH)
  HIGHEST WIND SPEED    10   HIGHEST WIND DIRECTION    SE (130)
  HIGHEST GUST SPEED    13   HIGHEST GUST DIRECTION    SE (130)
  AVERAGE WIND SPEED     2.9


SKY COVER
  POSSIBLE SUNSHINE  MM
  AVERAGE SKY COVER 0.1


WEATHER CONDITIONS
 THE FOLLOWING WEATHER WAS RECORDED YESTERDAY.
  FOG


RELATIVE HUMIDITY (PERCENT)
 HIGHEST   100           300 AM
 LOWEST     36           100 PM
 AVERAGE    68

..........................................................


THE ALEXANDRIA CLIMATE NORMALS FOR TODAY
                         NORMAL    RECORD    YEAR
 MAXIMUM TEMPERATURE (F)   80        94      1987
 MINIMUM TEMPERATURE (F)   56        38      1953


SUNRISE AND SUNSET
APRIL 21 2014.........SUNRISE   635 AM CDT   SUNSET   743 PM CDT
APRIL 22 2014.........SUNRISE   634 AM CDT   SUNSET   743 PM CDT


-  INDICATES NEGATIVE NUMBERS.
R  INDICATES RECORD WAS SET OR TIED.
MM INDICATES DATA IS MISSING.
T  INDICATES TRACE AMOUNT.




$$





U.S. Dept. of Commerce
NOAA National Weather Service
1325 East West Highway
Silver Spring, MD 20910
E-mail: w-nws.webmaster@noaa.gov
Page last modified: May 16, 2007
NATIONAL WEATHER SERVICE: for Safety, for Work, for Fun - FOR LIFE