563
CDUS44 KLCH 240832
CLIAEX


CLIMATE REPORT
NATIONAL WEATHER SERVICE LAKE CHARLES, LA
332 AM CDT THU APR 24 2014


...................................

...THE ALEXANDRIA CLIMATE SUMMARY FOR APRIL 23 2014...

CLIMATE NORMAL PERIOD 1981 TO 2010
CLIMATE RECORD PERIOD 1892 TO 2014


WEATHER ITEM   OBSERVED TIME   RECORD YEAR NORMAL DEPARTURE LAST
                VALUE   (LST)  VALUE       VALUE  FROM      YEAR
                                                  NORMAL
..................................................................
TEMPERATURE (F)
 YESTERDAY
  MAXIMUM         84    423 PM  92    1925  80      4       85
  MINIMUM         56    556 AM  42    1907  57     -1       57
                                      1903
  AVERAGE         70                        68      2       71

PRECIPITATION (IN)
  YESTERDAY        0.00          4.85 1995   0.11  -0.11      T
  MONTH TO DATE    2.99                      3.73  -0.74     2.74
  SINCE MAR 1      6.90                      8.78  -1.88     4.13
  SINCE JAN 1     13.28                     18.46  -5.18    20.58

SNOWFALL (IN)
  YESTERDAY        0.0           0.0    MM  MM     MM        0.0
  MONTH TO DATE    0.0                      MM     MM        0.0
  SINCE MAR 1      0.2                      MM     MM        0.0
  SINCE JUL 1      5.0                      MM     MM        0.0
  SNOW DEPTH       0

DEGREE DAYS
 HEATING
  YESTERDAY        0                         1     -1        0
  MONTH TO DATE   81                        61     20       94
  SINCE MAR 1    398                       276    122      400
  SINCE JUL 1   2414                      1941    473     1833

 COOLING
  YESTERDAY        5                         4      1        6
  MONTH TO DATE   60                        70    -10       66
  SINCE MAR 1     73                       106    -33       82
  SINCE JAN 1     84                       123    -39      100
..................................................................


WIND (MPH)
  HIGHEST WIND SPEED    10   HIGHEST WIND DIRECTION    SE (130)
  HIGHEST GUST SPEED    14   HIGHEST GUST DIRECTION     S (170)
  AVERAGE WIND SPEED     2.5


SKY COVER
  POSSIBLE SUNSHINE  MM
  AVERAGE SKY COVER 0.2


WEATHER CONDITIONS
 THE FOLLOWING WEATHER WAS RECORDED YESTERDAY.
  FOG
  HAZE


RELATIVE HUMIDITY (PERCENT)
 HIGHEST   100          1200 AM
 LOWEST     37           300 PM
 AVERAGE    69

..........................................................


THE ALEXANDRIA CLIMATE NORMALS FOR TODAY
                         NORMAL    RECORD    YEAR
 MAXIMUM TEMPERATURE (F)   80        92      1925
                                             1923
 MINIMUM TEMPERATURE (F)   57        42      1910


SUNRISE AND SUNSET
APRIL 24 2014.........SUNRISE   632 AM CDT   SUNSET   745 PM CDT
APRIL 25 2014.........SUNRISE   631 AM CDT   SUNSET   746 PM CDT


-  INDICATES NEGATIVE NUMBERS.
R  INDICATES RECORD WAS SET OR TIED.
MM INDICATES DATA IS MISSING.
T  INDICATES TRACE AMOUNT.




$$





U.S. Dept. of Commerce
NOAA National Weather Service
1325 East West Highway
Silver Spring, MD 20910
E-mail: w-nws.webmaster@noaa.gov
Page last modified: May 16, 2007
NATIONAL WEATHER SERVICE: for Safety, for Work, for Fun - FOR LIFE