883
CDAK48 PADQ 310915
CLIADQ

CLIMATE REPORT
NATIONAL WEATHER SERVICE KODIAK, AK
115 AM AKDT FRI OCT 31 2014

...................................
...THE KODIAK AP CLIMATE SUMMARY FOR OCTOBER 30 2014...

CLIMATE NORMAL PERIOD  1981 TO  2010
CLIMATE RECORD PERIOD  1949 TO  2014

WEATHER ITEM   OBSERVED TIME    RECORD YEAR NORMAL DEPARTURE LAST
               VALUE    (LST)   VALUE       VALUE  FROM      YEAR
                                                   NORMAL
...................................................................
TEMPERATURE
YESTERDAY
 MAXIMUM            41  0317 PM    51  2003     43      -2     47
 MINIMUM            27  1137 PM    16  1981     31      -4     41
 AVERAGE            34                          37      -3     44

PRECIPITATION
(INCHES)
 YESTERDAY        0.00           2.21  1995   0.24   -0.24   0.34
 MONTH TO DATE    5.74                        8.01   -2.27   9.96
 SINCE SEP 1     13.26                       15.36   -2.10  17.50
 SINCE JAN 1     62.49                       62.15    0.34  57.41

SNOWFALL
(INCHES)
 YESTERDAY         0.0           10.0  1970    0.1    -0.1    0.0
 MONTH TO DATE     0.2                         1.0    -0.8    0.0
 SINCE SEP 1       0.2                         1.0    -0.8    0.0
 SINCE JUL 1       0.2                         1.0    -0.8    0.0
 SNOW DEPTH (IN)     0                                          0

DEGREE DAYS
 HEATING
  YESTERDAY         31                          28       3     21
  MONTH TO DATE    744                         732      12    606
  SINCE SEP 1     1114                        1200     -86   1046
  SINCE JUL 1     1615                        1830    -215   1525

 COOLING
  YESTERDAY          0                           0       0      0
  MONTH TO DATE      0                           0       0      0
  SINCE SEP 1        0                           0       0      0
  SINCE JAN 1        4                           0       4      6
...................................................................

WIND (MPH)
 HIGHEST WIND SPEED    18     HIGHEST WIND DIRECTION    290
 HIGHEST GUST SPEED    28     HIGHEST GUST DIRECTION    300
 AVERAGE WIND SPEED   7.4

SKY COVER
  POSSIBLE SUNSHINE    MM          AVERAGE SKY COVER     MM

WEATHER CONDITIONS
 THE FOLLOWING WEATHER WAS RECORDED YESTERDAY.
  NO SIGNIFICANT WEATHER WAS OBSERVED.

RELATIVE HUMIDITY
 HIGHEST RH     MM PERCENT       MM
 LOWEST  RH     MM PERCENT       MM
 AVERAGE RH     MM PERCENT       MM
...................................................................

THE KODIAK CLIMATE NORMALS FOR TODAY
                           NORMAL    RECORD   YEAR
 MAXIMUM TEMPERATURE (F)     42        50     2003
 MINIMUM TEMPERATURE (F)     31        10     1975

SUNRISE AND SUNSET
 OCT 31 2014..........SUNRISE  9:22 AM      SUNSET  6:25 PM
 NOV 1 2014..........SUNRISE  9:24 AM      SUNSET  6:23 PM

-  INDICATES NEGATIVE NUMBERS.
R  INDICATES RECORD HAS BEEN SET OR TIED.
MM INDICATES DATA IS MISSING.
T  INDICATES TRACE OF PRECIPITATION.

&&
-------------------------------------------------------------------

AMOUNT OF DAYLIGHT TODAY  (HOUR:MIN)........9 HOURS 3 MINUTES
GAIN/LOSS SINCE YESTERDAY (HOUR:MIN:SEC)....-0:04:40

$$
*** OCT 14





U.S. Dept. of Commerce
NOAA National Weather Service
1325 East West Highway
Silver Spring, MD 20910
E-mail: w-nws.webmaster@noaa.gov
Page last modified: May 16, 2007
NATIONAL WEATHER SERVICE: for Safety, for Work, for Fun - FOR LIFE