710
CDAK48 PADQ 270918
CLIADQ

CLIMATE REPORT
NATIONAL WEATHER SERVICE KODIAK, AK
1218 AM AKST THU NOV 27 2014

...................................
...THE KODIAK AP CLIMATE SUMMARY FOR NOVEMBER 26 2014...

CLIMATE NORMAL PERIOD  1981 TO  2010
CLIMATE RECORD PERIOD  1949 TO  2014

WEATHER ITEM   OBSERVED TIME    RECORD YEAR NORMAL DEPARTURE LAST
               VALUE    (LST)   VALUE       VALUE  FROM      YEAR
                                                   NORMAL
...................................................................
TEMPERATURE
YESTERDAY
 MAXIMUM            40  0145 PM    51  1981     37       3     41
 MINIMUM            25  0844 AM     7  2011     27      -2     29
 AVERAGE            33                          32       1     35

PRECIPITATION
(INCHES)
 YESTERDAY        0.00           1.83  1978   0.25   -0.25   0.00
 MONTH TO DATE   12.80                        5.85    6.95   3.60
 SINCE SEP 1     26.22                       21.46    4.76  21.10
 SINCE JAN 1     75.45                       68.25    7.20  61.01

SNOWFALL
(INCHES)
 YESTERDAY         0.0            2.3  2006    0.4    -0.4    0.0
 MONTH TO DATE     0.0                         5.0    -5.0    7.3
 SINCE SEP 1       0.7                         6.1    -5.4    7.3
 SINCE JUL 1       0.7                         6.1    -5.4    7.3
 SNOW DEPTH (IN)     0                                          0

DEGREE DAYS
 HEATING
  YESTERDAY         32                          33      -1     30
  MONTH TO DATE    627                         802    -175    712
  SINCE SEP 1     1775                        2030    -255   1781
  SINCE JUL 1     2276                        2660    -384   2260

 COOLING
  YESTERDAY          0                           0       0      0
  MONTH TO DATE      0                           0       0      0
  SINCE SEP 1        0                           0       0      0
  SINCE JAN 1        4                           0       4      6
...................................................................

WIND (MPH)
 HIGHEST WIND SPEED    14     HIGHEST WIND DIRECTION    270
 HIGHEST GUST SPEED    16     HIGHEST GUST DIRECTION    290
 AVERAGE WIND SPEED   5.1

SKY COVER
  POSSIBLE SUNSHINE    MM          AVERAGE SKY COVER     MM

WEATHER CONDITIONS
 THE FOLLOWING WEATHER WAS RECORDED YESTERDAY.
  NO SIGNIFICANT WEATHER WAS OBSERVED.

RELATIVE HUMIDITY
 HIGHEST RH     MM PERCENT       MM
 LOWEST  RH     MM PERCENT       MM
 AVERAGE RH     MM PERCENT       MM
...................................................................

THE KODIAK CLIMATE NORMALS FOR TODAY
                           NORMAL    RECORD   YEAR
 MAXIMUM TEMPERATURE (F)     37        54     1970
 MINIMUM TEMPERATURE (F)     27         7     2011

SUNRISE AND SUNSET
 NOV 27 2014..........SUNRISE  9:22 AM      SUNSET  4:34 PM
 NOV 28 2014..........SUNRISE  9:24 AM      SUNSET  4:33 PM

-  INDICATES NEGATIVE NUMBERS.
R  INDICATES RECORD HAS BEEN SET OR TIED.
MM INDICATES DATA IS MISSING.
T  INDICATES TRACE OF PRECIPITATION.

&&
-------------------------------------------------------------------

AMOUNT OF DAYLIGHT TODAY  (HOUR:MIN)........7 HOURS 12 MINUTES
GAIN/LOSS SINCE YESTERDAY (HOUR:MIN:SEC)....-0:03:14

$$
*** NOV 14





U.S. Dept. of Commerce
NOAA National Weather Service
1325 East West Highway
Silver Spring, MD 20910
E-mail: w-nws.webmaster@noaa.gov
Page last modified: May 16, 2007
NATIONAL WEATHER SERVICE: for Safety, for Work, for Fun - FOR LIFE