454
CDAK48 PADQ 272201
CLIADQ

CLIMATE REPORT
NATIONAL WEATHER SERVICE KODIAK, AK
201 PM AKDT WED AUG 27 2014

...THE KODIAK AP CLIMATE SUMMARY FOR AUGUST 27 2014...
VALID TODAY AS OF 2:00 PM LOCAL TIME

CLIMATE NORMAL PERIOD  1981 TO  2010
CLIMATE RECORD PERIOD  1949 TO  2014

WEATHER ITEM   OBSERVED TIME    RECORD YEAR NORMAL DEPARTURE LAST
               VALUE    (LST)   VALUE       VALUE  FROM      YEAR
                                                   NORMAL
...................................................................
TEMPERATURE
TODAY
 MAXIMUM            57  0935 AM    71  1983     61      -4     67
 MINIMUM            48  0502 AM    35  1998     48       0     55
 AVERAGE            53                          54      -1     61

PRECIPITATION
(INCHES)
 TODAY            0.13           2.25  1988   0.17   -0.04   0.00
 MONTH TO DATE    6.45                        3.88    2.57   6.72
 SINCE JUN 1     15.25                       14.72    0.53  11.89
 SINCE JAN 1     48.78                       46.11    2.67  37.33

SNOWFALL
(INCHES)
 TODAY             0.0            0.0  2014    0.0     0.0    0.0
 MONTH TO DATE     0.0                         0.0     0.0    0.0
 SINCE JUN 1       0.0                         0.0     0.0    0.0
 SINCE JUL 1       0.0                         0.0     0.0    0.0
 SNOW DEPTH (IN)     0                                          0

DEGREE DAYS
 HEATING
  TODAY             12                          11       1      4
  MONTH TO DATE    217                         259     -42    231
  SINCE JUN 1      879                        1046    -167    773
  SINCE JUL 1      457                         585    -128    442

 COOLING
  TODAY              0                           0       0      0
  MONTH TO DATE      0                           0       0      0
  SINCE JUN 1        0                           0       0      6
  SINCE JAN 1        4                           0       4      6
...................................................................

WIND (MPH)
 HIGHEST WIND SPEED    18     HIGHEST WIND DIRECTION     90
 HIGHEST GUST SPEED    23     HIGHEST GUST DIRECTION    100
 AVERAGE WIND SPEED    MM

WEATHER CONDITIONS
 RAIN AND FOG WERE RECORDED TODAY.
...................................................................

THE KODIAK CLIMATE NORMALS FOR TOMORROW
                        NORMAL    RECORD   YEAR
 MAXIMUM TEMPERATURE      60        71     1968
 MINIMUM TEMPERATURE      48        36     1994

SUNRISE AND SUNSET
 AUG 27 2014..........SUNRISE  7:01 AM      SUNSET  9:22 PM
 AUG 28 2014..........SUNRISE  7:03 AM      SUNSET  9:19 PM

-  INDICATES NEGATIVE NUMBERS.
R  INDICATES RECORD HAS BEEN SET OR TIED.
MM INDICATES DATA IS MISSING.
T  INDICATES TRACE OF PRECIPITATION.

&&
-------------------------------------------------------------------

AMOUNT OF DAYLIGHT TODAY  (HOUR:MIN)........14 HOURS 21 MINUTES
GAIN/LOSS SINCE YESTERDAY (HOUR:MIN:SEC)....-0:04:50

$$
COURTNEY AUG 14





U.S. Dept. of Commerce
NOAA National Weather Service
1325 East West Highway
Silver Spring, MD 20910
E-mail: w-nws.webmaster@noaa.gov
Page last modified: May 16, 2007
NATIONAL WEATHER SERVICE: for Safety, for Work, for Fun - FOR LIFE