287
CDAK48 PADQ 251053
CLIADQ

CLIMATE REPORT
NATIONAL WEATHER SERVICE KODIAK, AK
254 AM AKDT SAT OCT 25 2014

...................................
...THE KODIAK AP CLIMATE SUMMARY FOR OCTOBER 24 2014...

CLIMATE NORMAL PERIOD  1981 TO  2010
CLIMATE RECORD PERIOD  1949 TO  2014

WEATHER ITEM   OBSERVED TIME    RECORD YEAR NORMAL DEPARTURE LAST
               VALUE    (LST)   VALUE       VALUE  FROM      YEAR
                                                   NORMAL
...................................................................
TEMPERATURE
YESTERDAY
 MAXIMUM            50  0236 PM    53  1986     44       6     52
 MINIMUM            30  1159 PM    18  1985     33      -3     39
 AVERAGE            40                          38       2     46

PRECIPITATION
(INCHES)
 YESTERDAY        0.00           1.61  2002   0.25   -0.25   1.42
 MONTH TO DATE    4.76                        6.50   -1.74   6.69
 SINCE SEP 1     12.28                       13.85   -1.57  14.23
 SINCE JAN 1     61.51                       60.64    0.87  54.14

SNOWFALL
(INCHES)
 YESTERDAY         0.0            1.0  1965    0.0     0.0    0.0
 MONTH TO DATE     0.2                         0.6    -0.4    0.0
 SINCE SEP 1       0.2                         0.6    -0.4    0.0
 SINCE JUL 1       0.2                         0.6    -0.4    0.0
 SNOW DEPTH (IN)     0                                          0

DEGREE DAYS
 HEATING
  YESTERDAY         25                          27      -2     19
  MONTH TO DATE    576                         567       9    474
  SINCE SEP 1      946                        1035     -89    914
  SINCE JUL 1     1447                        1665    -218   1393

 COOLING
  YESTERDAY          0                           0       0      0
  MONTH TO DATE      0                           0       0      0
  SINCE SEP 1        0                           0       0      0
  SINCE JAN 1        4                           0       4      6
...................................................................

WIND (MPH)
 HIGHEST WIND SPEED    16     HIGHEST WIND DIRECTION    280
 HIGHEST GUST SPEED    21     HIGHEST GUST DIRECTION    320
 AVERAGE WIND SPEED   5.9

SKY COVER
  POSSIBLE SUNSHINE    MM          AVERAGE SKY COVER     MM

WEATHER CONDITIONS
 THE FOLLOWING WEATHER WAS RECORDED YESTERDAY.
  NO SIGNIFICANT WEATHER WAS OBSERVED.

RELATIVE HUMIDITY
 HIGHEST RH     MM PERCENT       MM
 LOWEST  RH     MM PERCENT       MM
 AVERAGE RH     MM PERCENT       MM
...................................................................

THE KODIAK CLIMATE NORMALS FOR TODAY
                           NORMAL    RECORD   YEAR
 MAXIMUM TEMPERATURE (F)     44        53     1978
 MINIMUM TEMPERATURE (F)     32        14     1985

SUNRISE AND SUNSET
 OCT 25 2014..........SUNRISE  9:08 AM      SUNSET  6:40 PM
 OCT 26 2014..........SUNRISE  9:11 AM      SUNSET  6:37 PM

-  INDICATES NEGATIVE NUMBERS.
R  INDICATES RECORD HAS BEEN SET OR TIED.
MM INDICATES DATA IS MISSING.
T  INDICATES TRACE OF PRECIPITATION.

&&
-------------------------------------------------------------------

AMOUNT OF DAYLIGHT TODAY  (HOUR:MIN)........9 HOURS 32 MINUTES
GAIN/LOSS SINCE YESTERDAY (HOUR:MIN:SEC)....-0:04:47

$$
*** OCT 14





U.S. Dept. of Commerce
NOAA National Weather Service
1325 East West Highway
Silver Spring, MD 20910
E-mail: w-nws.webmaster@noaa.gov
Page last modified: May 16, 2007
NATIONAL WEATHER SERVICE: for Safety, for Work, for Fun - FOR LIFE