438
CDAK48 PADQ 250901
CLIADQ

CLIMATE REPORT
NATIONAL WEATHER SERVICE KODIAK, AK
101 AM AKDT FRI JUL 25 2014

...................................
...THE KODIAK AP CLIMATE SUMMARY FOR JULY 24 2014...

CLIMATE NORMAL PERIOD  1981 TO  2010
CLIMATE RECORD PERIOD  1949 TO  2014

WEATHER ITEM   OBSERVED TIME    RECORD YEAR NORMAL DEPARTURE LAST
               VALUE    (LST)   VALUE       VALUE  FROM      YEAR
                                                   NORMAL
...................................................................
TEMPERATURE
YESTERDAY
 MAXIMUM            60  0124 PM    73  2013     61      -1     73
 MINIMUM            48  0503 AM    42  1971     50      -2     54
 AVERAGE            54                          55      -1     64

PRECIPITATION
(INCHES)
 YESTERDAY        0.05           2.70  2007   0.15   -0.10   0.00
 MONTH TO DATE    2.16                        3.89   -1.73   1.04
 SINCE JUN 1      8.38                        9.80   -1.42   5.15
 SINCE JAN 1     41.91                       41.19    0.72  30.59

SNOWFALL
(INCHES)
 YESTERDAY         0.0            0.0  2014    0.0     0.0    0.0
 MONTH TO DATE     0.0                         0.0     0.0    0.0
 SINCE JUN 1       0.0                         0.0     0.0    0.0
 SINCE JUL 1       0.0                         0.0     0.0    0.0
 SNOW DEPTH (IN)     0                                          0

DEGREE DAYS
 HEATING
  YESTERDAY         11                          10       1      1
  MONTH TO DATE    186                         262     -76    173
  SINCE JUN 1      608                         723    -115    504
  SINCE JUL 1      186                         262     -76    173

 COOLING
  YESTERDAY          0                           0       0      0
  MONTH TO DATE      0                           0       0      3
  SINCE JUN 1        0                           0       0      6
  SINCE JAN 1        4                           0       4      6
...................................................................

WIND (MPH)
 HIGHEST WIND SPEED     9     HIGHEST WIND DIRECTION    310
 HIGHEST GUST SPEED    17     HIGHEST GUST DIRECTION    200
 AVERAGE WIND SPEED   4.5

SKY COVER
  POSSIBLE SUNSHINE    MM          AVERAGE SKY COVER     MM

WEATHER CONDITIONS
 THE FOLLOWING WEATHER WAS RECORDED YESTERDAY.
  FOG
RAIN


RELATIVE HUMIDITY
 HIGHEST RH     MM PERCENT       MM
 LOWEST  RH     MM PERCENT       MM
 AVERAGE RH     MM PERCENT       MM
...................................................................

THE KODIAK CLIMATE NORMALS FOR TODAY
                           NORMAL    RECORD   YEAR
 MAXIMUM TEMPERATURE (F)     61        80     1966
 MINIMUM TEMPERATURE (F)     50        43     2012

SUNRISE AND SUNSET
 JUL 25 2014..........SUNRISE  5:52 AM      SUNSET 10:41 PM
 JUL 26 2014..........SUNRISE  5:54 AM      SUNSET 10:39 PM

-  INDICATES NEGATIVE NUMBERS.
R  INDICATES RECORD HAS BEEN SET OR TIED.
MM INDICATES DATA IS MISSING.
T  INDICATES TRACE OF PRECIPITATION.

&&
-------------------------------------------------------------------

AMOUNT OF DAYLIGHT TODAY  (HOUR:MIN)........16 HOURS 49 MINUTES
GAIN/LOSS SINCE YESTERDAY (HOUR:MIN:SEC)....-0:03:52

$$
*** JUL 14





U.S. Dept. of Commerce
NOAA National Weather Service
1325 East West Highway
Silver Spring, MD 20910
E-mail: w-nws.webmaster@noaa.gov
Page last modified: May 16, 2007
NATIONAL WEATHER SERVICE: for Safety, for Work, for Fun - FOR LIFE