825
CDAK48 PADQ 021132
CLIADQ

CLIMATE REPORT
NATIONAL WEATHER SERVICE KODIAK, AK
332 AM AKDT TUE SEP 2 2014

...................................
...THE KODIAK AP CLIMATE SUMMARY FOR SEPTEMBER 1 2014...

CLIMATE NORMAL PERIOD  1981 TO  2010
CLIMATE RECORD PERIOD  1949 TO  2014

WEATHER ITEM   OBSERVED TIME    RECORD YEAR NORMAL DEPARTURE LAST
               VALUE    (LST)   VALUE       VALUE  FROM      YEAR
                                                   NORMAL
...................................................................
TEMPERATURE
YESTERDAY
 MAXIMUM            65  0509 PM    67  2013     60       5     67
 MINIMUM            43  0607 AM    37  1988     47      -4     49
 AVERAGE            54                          53       1     58

PRECIPITATION
(INCHES)
 YESTERDAY        0.00           2.30  1957   0.18   -0.18   0.02
 MONTH TO DATE    0.00                        0.18   -0.18   0.02
 SINCE SEP 1      0.00                        0.18   -0.18   0.02
 SINCE JAN 1     49.23                       46.97    2.26  39.93

SNOWFALL
(INCHES)
 YESTERDAY         0.0            0.0  2014    0.0     0.0    0.0
 MONTH TO DATE     0.0                         0.0     0.0    0.0
 SINCE SEP 1       0.0                         0.0     0.0    0.0
 SINCE JUL 1       0.0                         0.0     0.0    0.0
 SNOW DEPTH (IN)     0                                          0

DEGREE DAYS
 HEATING
  YESTERDAY         11                          12      -1      7
  MONTH TO DATE     11                          12      -1      7
  SINCE SEP 1       11                          12      -1      7
  SINCE JUL 1      512                         642    -130    486

 COOLING
  YESTERDAY          0                           0       0      0
  MONTH TO DATE      0                           0       0      0
  SINCE SEP 1        0                           0       0      0
  SINCE JAN 1        4                           0       4      6
...................................................................

WIND (MPH)
 HIGHEST WIND SPEED    20     HIGHEST WIND DIRECTION    260
 HIGHEST GUST SPEED    24     HIGHEST GUST DIRECTION    250
 AVERAGE WIND SPEED   7.7

SKY COVER
  POSSIBLE SUNSHINE    MM          AVERAGE SKY COVER     MM

WEATHER CONDITIONS
 THE FOLLOWING WEATHER WAS RECORDED YESTERDAY.
  NO SIGNIFICANT WEATHER WAS OBSERVED.

RELATIVE HUMIDITY
 HIGHEST RH     MM PERCENT       MM
 LOWEST  RH     MM PERCENT       MM
 AVERAGE RH     MM PERCENT       MM
...................................................................

THE KODIAK CLIMATE NORMALS FOR TODAY
                           NORMAL    RECORD   YEAR
 MAXIMUM TEMPERATURE (F)     59        70     1996
 MINIMUM TEMPERATURE (F)     47        35     2005

SUNRISE AND SUNSET
 SEP 2 2014..........SUNRISE  7:14 AM      SUNSET  9:05 PM
 SEP 3 2014..........SUNRISE  7:16 AM      SUNSET  9:02 PM

-  INDICATES NEGATIVE NUMBERS.
R  INDICATES RECORD HAS BEEN SET OR TIED.
MM INDICATES DATA IS MISSING.
T  INDICATES TRACE OF PRECIPITATION.

&&
-------------------------------------------------------------------

AMOUNT OF DAYLIGHT TODAY  (HOUR:MIN)........13 HOURS 51 MINUTES
GAIN/LOSS SINCE YESTERDAY (HOUR:MIN:SEC)....-0:04:52

$$
*** SEP 14





U.S. Dept. of Commerce
NOAA National Weather Service
1325 East West Highway
Silver Spring, MD 20910
E-mail: w-nws.webmaster@noaa.gov
Page last modified: May 16, 2007
NATIONAL WEATHER SERVICE: for Safety, for Work, for Fun - FOR LIFE