920
CDAK48 PADQ 201130
CLIADQ

CLIMATE REPORT
NATIONAL WEATHER SERVICE KODIAK, AK
230 AM AKST SAT DEC 20 2014

...................................
...THE KODIAK AP CLIMATE SUMMARY FOR DECEMBER 19 2014...

CLIMATE NORMAL PERIOD  1981 TO  2010
CLIMATE RECORD PERIOD  1949 TO  2014

WEATHER ITEM   OBSERVED TIME    RECORD YEAR NORMAL DEPARTURE LAST
               VALUE    (LST)   VALUE       VALUE  FROM      YEAR
                                                   NORMAL
...................................................................
TEMPERATURE
YESTERDAY
 MAXIMUM            44  0625 PM    45  1951     36       8     39
 MINIMUM            38  0249 AM     4  2001     26      12     35
 AVERAGE            41                          31      10     37

PRECIPITATION
(INCHES)
 YESTERDAY        0.44           1.44  2008   0.29    0.15   0.20
 MONTH TO DATE    6.71                        5.43    1.28   1.57
 SINCE DEC 1      6.71                        5.43    1.28   1.57
 SINCE JAN 1     82.36                       74.70    7.66  62.58

SNOWFALL
(INCHES)
 YESTERDAY         0.0            7.0  2006    0.5    -0.5    0.0
 MONTH TO DATE     0.2                         9.0    -8.8    8.0
 SINCE DEC 1       0.2                         9.0    -8.8    8.0
 SINCE JUL 1       0.9                        16.5   -15.6   15.3
 SNOW DEPTH (IN)     0                                          3

DEGREE DAYS
 HEATING
  YESTERDAY         24                          34     -10     28
  MONTH TO DATE    483                         641    -158    659
  SINCE DEC 1      483                         641    -158    659
  SINCE JUL 1     2879                        3433    -554   3066

 COOLING
  YESTERDAY          0                           0       0      0
  MONTH TO DATE      0                           0       0      0
  SINCE DEC 1        0                           0       0      0
  SINCE JAN 1        4                           0       4      6
...................................................................

WIND (MPH)
 HIGHEST WIND SPEED    32     HIGHEST WIND DIRECTION     50
 HIGHEST GUST SPEED    40     HIGHEST GUST DIRECTION     10
 AVERAGE WIND SPEED  20.4

SKY COVER
  POSSIBLE SUNSHINE    MM          AVERAGE SKY COVER     MM

WEATHER CONDITIONS
 THE FOLLOWING WEATHER WAS RECORDED YESTERDAY.
  FOG
SLEET
RAIN


RELATIVE HUMIDITY
 HIGHEST RH     MM PERCENT       MM
 LOWEST  RH     MM PERCENT       MM
 AVERAGE RH     MM PERCENT       MM
...................................................................

THE KODIAK CLIMATE NORMALS FOR TODAY
                           NORMAL    RECORD   YEAR
 MAXIMUM TEMPERATURE (F)     36        46     1970
 MINIMUM TEMPERATURE (F)     26         5     1957

SUNRISE AND SUNSET
 DEC 20 2014..........SUNRISE  9:53 AM      SUNSET  4:24 PM
 DEC 21 2014..........SUNRISE  9:53 AM      SUNSET  4:24 PM

-  INDICATES NEGATIVE NUMBERS.
R  INDICATES RECORD HAS BEEN SET OR TIED.
MM INDICATES DATA IS MISSING.
T  INDICATES TRACE OF PRECIPITATION.

&&
-------------------------------------------------------------------

AMOUNT OF DAYLIGHT TODAY  (HOUR:MIN)........6 HOURS 31 MINUTES
GAIN/LOSS SINCE YESTERDAY (HOUR:MIN:SEC)....-0:00:14

$$
*** DEC 14





U.S. Dept. of Commerce
NOAA National Weather Service
1325 East West Highway
Silver Spring, MD 20910
E-mail: w-nws.webmaster@noaa.gov
Page last modified: May 16, 2007
NATIONAL WEATHER SERVICE: for Safety, for Work, for Fun - FOR LIFE