611
CDUS41 KPHI 200629
CLIACY


CLIMATE REPORT
NATIONAL WEATHER SERVICE MOUNT HOLLY NJ
126 AM EST SAT DEC 20 2014


...................................

...THE ATLANTIC CITY NJ CLIMATE SUMMARY FOR DECEMBER 19 2014...

CLIMATE NORMAL PERIOD 1981 TO 2010
CLIMATE RECORD PERIOD 1874 TO 2014


WEATHER ITEM   OBSERVED TIME   RECORD YEAR NORMAL DEPARTURE LAST
                VALUE   (LST)  VALUE       VALUE  FROM      YEAR
                                                  NORMAL
..................................................................
TEMPERATURE (F)
 YESTERDAY
  MAXIMUM         41    323 PM  62    1931  45     -4       53
  MINIMUM         25   1159 PM   6    1964  27     -2       20
  AVERAGE         33                        36     -3       37

PRECIPITATION (IN)
  YESTERDAY        0.00          1.06 1934   0.12  -0.12     0.00
  MONTH TO DATE    4.28                      2.34   1.94     4.27
  SINCE DEC 1      4.28                      2.34   1.94     4.27
  SINCE JAN 1     53.11                     40.40  12.71    44.33

SNOWFALL (IN)
  YESTERDAY        0.0          11.4  2009   0.1   -0.1      0.0
  MONTH TO DATE    0.4                       2.1   -1.7      3.3
  SINCE DEC 1      0.4                       2.1   -1.7      3.3
  SINCE JUL 1      0.4                       2.3   -1.9      3.3
  SNOW DEPTH       0

DEGREE DAYS
 HEATING
  YESTERDAY       32                        29      3       28
  MONTH TO DATE  464                       499    -35      527
  SINCE DEC 1    464                       499    -35      527
  SINCE JUL 1   1371                      1406    -35     1530

 COOLING
  YESTERDAY        0                         0      0        0
  MONTH TO DATE    0                         0      0        0
  SINCE DEC 1      0                         0      0        0
  SINCE JAN 1    857                      1055   -198     1088
..................................................................


WIND (MPH)
  HIGHEST WIND SPEED    20   HIGHEST WIND DIRECTION    NW (310)
  HIGHEST GUST SPEED    24   HIGHEST GUST DIRECTION    NW (300)
  AVERAGE WIND SPEED     9.7


SKY COVER
  POSSIBLE SUNSHINE  MM
  AVERAGE SKY COVER 0.6


WEATHER CONDITIONS
 THE FOLLOWING WEATHER WAS RECORDED YESTERDAY.
  NO SIGNIFICANT WEATHER WAS OBSERVED.


RELATIVE HUMIDITY (PERCENT)
 HIGHEST    75           900 PM
 LOWEST     51           200 PM
 AVERAGE    63

..........................................................


THE ATLANTIC CITY NJ CLIMATE NORMALS FOR TODAY
                         NORMAL    RECORD    YEAR
 MAXIMUM TEMPERATURE (F)   45        64      1877
 MINIMUM TEMPERATURE (F)   27         1      1942


SUNRISE AND SUNSET
DECEMBER 20 2014......SUNRISE   714 AM EST   SUNSET   437 PM EST
DECEMBER 21 2014......SUNRISE   715 AM EST   SUNSET   438 PM EST


-  INDICATES NEGATIVE NUMBERS.
R  INDICATES RECORD WAS SET OR TIED.
MM INDICATES DATA IS MISSING.
T  INDICATES TRACE AMOUNT.




$$





U.S. Dept. of Commerce
NOAA National Weather Service
1325 East West Highway
Silver Spring, MD 20910
E-mail: w-nws.webmaster@noaa.gov
Page last modified: May 16, 2007
NATIONAL WEATHER SERVICE: for Safety, for Work, for Fun - FOR LIFE