822
CDUS41 KPHI 230628
CLIACY


CLIMATE REPORT
NATIONAL WEATHER SERVICE MOUNT HOLLY NJ
228 AM EDT WED APR 23 2014


...................................

...THE ATLANTIC CITY NJ CLIMATE SUMMARY FOR APRIL 22 2014...

CLIMATE NORMAL PERIOD 1981 TO 2010
CLIMATE RECORD PERIOD 1874 TO 2014


WEATHER ITEM   OBSERVED TIME   RECORD YEAR NORMAL DEPARTURE LAST
                VALUE   (LST)  VALUE       VALUE  FROM      YEAR
                                                  NORMAL
..................................................................
TEMPERATURE (F)
 YESTERDAY
  MAXIMUM         70    459 PM  90    1985  64      6       51
  MINIMUM         37    351 AM  26    1875  44     -7       30
  AVERAGE         54                        54      0       41

PRECIPITATION (IN)
  YESTERDAY        0.00          2.09 2012   0.11  -0.11     0.00
  MONTH TO DATE    1.46                      2.77  -1.31     1.97
  SINCE MAR 1      6.46                      6.98  -0.52     6.63
  SINCE JAN 1     15.01                     13.07   1.94    14.09

SNOWFALL (IN)
  YESTERDAY        0.0           T    1993   0.0    0.0      0.0
                                      1984
  MONTH TO DATE    T                         0.3   -0.3      0.0
  SINCE MAR 1     15.6                       1.4   14.2      3.2
  SINCE JUL 1     43.8                      16.5   27.3     14.6
  SNOW DEPTH       0

DEGREE DAYS
 HEATING
  YESTERDAY       11                        12     -1       24
  MONTH TO DATE  341                       325     16      310
  SINCE MAR 1   1200                      1031    169     1114
  SINCE JUL 1   5063                      4622    441     4532

 COOLING
  YESTERDAY        0                         0      0        0
  MONTH TO DATE    0                         0      0       15
  SINCE MAR 1      0                         0      0       15
  SINCE JAN 1      0                         0      0       15
..................................................................


WIND (MPH)
  HIGHEST WIND SPEED    25   HIGHEST WIND DIRECTION    NW (300)
  HIGHEST GUST SPEED    33   HIGHEST GUST DIRECTION    NW (300)
  AVERAGE WIND SPEED     7.5


SKY COVER
  POSSIBLE SUNSHINE  MM
  AVERAGE SKY COVER 0.2


WEATHER CONDITIONS
 THE FOLLOWING WEATHER WAS RECORDED YESTERDAY.
  NO SIGNIFICANT WEATHER WAS OBSERVED.


RELATIVE HUMIDITY (PERCENT)
 HIGHEST    93           700 AM
 LOWEST     44           300 PM
 AVERAGE    69

..........................................................


THE ATLANTIC CITY NJ CLIMATE NORMALS FOR TODAY
                         NORMAL    RECORD    YEAR
 MAXIMUM TEMPERATURE (F)   64        85      2007
                                             1952
 MINIMUM TEMPERATURE (F)   44        24      1989


SUNRISE AND SUNSET
APRIL 23 2014.........SUNRISE   610 AM EDT   SUNSET   744 PM EDT
APRIL 24 2014.........SUNRISE   608 AM EDT   SUNSET   745 PM EDT


-  INDICATES NEGATIVE NUMBERS.
R  INDICATES RECORD WAS SET OR TIED.
MM INDICATES DATA IS MISSING.
T  INDICATES TRACE AMOUNT.




$$





U.S. Dept. of Commerce
NOAA National Weather Service
1325 East West Highway
Silver Spring, MD 20910
E-mail: w-nws.webmaster@noaa.gov
Page last modified: May 16, 2007
NATIONAL WEATHER SERVICE: for Safety, for Work, for Fun - FOR LIFE