561
CDUS41 KPHI 240632
CLIACY


CLIMATE REPORT
NATIONAL WEATHER SERVICE MOUNT HOLLY NJ
231 AM EDT FRI OCT 24 2014


...................................

...THE ATLANTIC CITY NJ CLIMATE SUMMARY FOR OCTOBER 23 2014...

CLIMATE NORMAL PERIOD 1981 TO 2010
CLIMATE RECORD PERIOD 1874 TO 2014


WEATHER ITEM   OBSERVED TIME   RECORD YEAR NORMAL DEPARTURE LAST
                VALUE   (LST)  VALUE       VALUE  FROM      YEAR
                                                  NORMAL
..................................................................
TEMPERATURE (F)
 YESTERDAY
  MAXIMUM         54    649 PM  79    2007  64    -10       51
  MINIMUM         50   1159 PM  27    1997  43      7       40
                                      1969
  AVERAGE         52                        54     -2       46

PRECIPITATION (IN)
  YESTERDAY        0.11          3.11 1883   0.11   0.00     0.55
  MONTH TO DATE    3.22                      2.52   0.70     4.80
  SINCE SEP 1      6.74                      5.67   1.07     5.98
  SINCE JAN 1     43.46                     33.89   9.57    37.40

SNOWFALL (IN)
  YESTERDAY        0.0           0.0  1903   0.0    0.0      0.0
  MONTH TO DATE    0.0                       0.0    0.0      0.0
  SINCE SEP 1      0.0                       0.0    0.0      0.0
  SINCE JUL 1      0.0                       0.0    0.0      0.0
  SNOW DEPTH       0

DEGREE DAYS
 HEATING
  YESTERDAY       13                        12      1       19
  MONTH TO DATE  151                       194    -43      126
  SINCE SEP 1    189                       253    -64      228
  SINCE JUL 1    189                       256    -67      228

 COOLING
  YESTERDAY        0                         0      0        0
  MONTH TO DATE   15                        16     -1       36
  SINCE SEP 1    145                       141      4      132
  SINCE JAN 1    857                      1050   -193     1088
..................................................................


WIND (MPH)
  HIGHEST WIND SPEED    24   HIGHEST WIND DIRECTION    NW (310)
  HIGHEST GUST SPEED    28   HIGHEST GUST DIRECTION    NW (310)
  AVERAGE WIND SPEED    16.4


SKY COVER
  POSSIBLE SUNSHINE  MM
  AVERAGE SKY COVER 0.9


WEATHER CONDITIONS
 THE FOLLOWING WEATHER WAS RECORDED YESTERDAY.
  LIGHT RAIN
  FOG


RELATIVE HUMIDITY (PERCENT)
 HIGHEST    96          1200 AM
 LOWEST     71           600 PM
 AVERAGE    84

..........................................................


THE ATLANTIC CITY NJ CLIMATE NORMALS FOR TODAY
                         NORMAL    RECORD    YEAR
 MAXIMUM TEMPERATURE (F)   64        81      2001
 MINIMUM TEMPERATURE (F)   43        23      1969


SUNRISE AND SUNSET
OCTOBER 24 2014.......SUNRISE   718 AM EDT   SUNSET   607 PM EDT
OCTOBER 25 2014.......SUNRISE   719 AM EDT   SUNSET   605 PM EDT


-  INDICATES NEGATIVE NUMBERS.
R  INDICATES RECORD WAS SET OR TIED.
MM INDICATES DATA IS MISSING.
T  INDICATES TRACE AMOUNT.




$$





U.S. Dept. of Commerce
NOAA National Weather Service
1325 East West Highway
Silver Spring, MD 20910
E-mail: w-nws.webmaster@noaa.gov
Page last modified: May 16, 2007
NATIONAL WEATHER SERVICE: for Safety, for Work, for Fun - FOR LIFE