140
CDUS41 KPHI 280628
CLIACY


CLIMATE REPORT
NATIONAL WEATHER SERVICE MOUNT HOLLY NJ
128 AM EST WED JAN 28 2015


...................................

...THE ATLANTIC CITY NJ CLIMATE SUMMARY FOR JANUARY 27 2015...

CLIMATE NORMAL PERIOD 1981 TO 2010
CLIMATE RECORD PERIOD 1874 TO 2015


WEATHER ITEM   OBSERVED TIME   RECORD YEAR NORMAL DEPARTURE LAST
                VALUE   (LST)  VALUE       VALUE  FROM      YEAR
                                                  NORMAL
..................................................................
TEMPERATURE (F)
 YESTERDAY
  MAXIMUM         33    234 PM  72    1974  41     -8       47
  MINIMUM         21   1159 PM  -1    1987  25     -4       23
  AVERAGE         27                        33     -6       35

PRECIPITATION (IN)
  YESTERDAY        0.10          1.10 1996   0.10   0.00     0.00
  MONTH TO DATE    5.28                      2.81   2.47     2.82
  SINCE DEC 1     10.81                      6.50   4.31     8.88
  SINCE JAN 1      5.28                      2.81   2.47     2.82

SNOWFALL (IN)
  YESTERDAY        1.2           4.0  1946   0.2    1.0      0.0
  MONTH TO DATE    4.8                       3.7    1.1     10.9
  SINCE DEC 1      5.2                       7.4   -2.2     14.2
  SINCE JUL 1      5.2                       7.6   -2.4     14.2
  SNOW DEPTH       1

DEGREE DAYS
 HEATING
  YESTERDAY       38                        32      6       30
  MONTH TO DATE  915                       862     53      962
  SINCE DEC 1   1684                      1724    -40     1759
  SINCE JUL 1   2591                      2631    -40     2762

 COOLING
  YESTERDAY        0                         0      0        0
  MONTH TO DATE    0                         0      0        0
  SINCE DEC 1      0                         0      0        0
  SINCE JAN 1      0                         0      0        0
..................................................................


WIND (MPH)
  HIGHEST WIND SPEED    24   HIGHEST WIND DIRECTION    NW (320)
  HIGHEST GUST SPEED    30   HIGHEST GUST DIRECTION     N (360)
  AVERAGE WIND SPEED    16.3


SKY COVER
  POSSIBLE SUNSHINE  MM
  AVERAGE SKY COVER 0.7


WEATHER CONDITIONS
 THE FOLLOWING WEATHER WAS RECORDED YESTERDAY.
  LIGHT SNOW
  FOG


RELATIVE HUMIDITY (PERCENT)
 HIGHEST    88           300 AM
 LOWEST     49           400 PM
 AVERAGE    69

..........................................................


THE ATLANTIC CITY NJ CLIMATE NORMALS FOR TODAY
                         NORMAL    RECORD    YEAR
 MAXIMUM TEMPERATURE (F)   42        68      1916
 MINIMUM TEMPERATURE (F)   25        -8      1987


SUNRISE AND SUNSET
JANUARY 28 2015.......SUNRISE   709 AM EST   SUNSET   514 PM EST
JANUARY 29 2015.......SUNRISE   708 AM EST   SUNSET   515 PM EST


-  INDICATES NEGATIVE NUMBERS.
R  INDICATES RECORD WAS SET OR TIED.
MM INDICATES DATA IS MISSING.
T  INDICATES TRACE AMOUNT.




$$





U.S. Dept. of Commerce
NOAA National Weather Service
1325 East West Highway
Silver Spring, MD 20910
E-mail: w-nws.webmaster@noaa.gov
Page last modified: May 16, 2007
NATIONAL WEATHER SERVICE: for Safety, for Work, for Fun - FOR LIFE