867
CDUS41 KPHI 310628
CLIACY


CLIMATE REPORT
NATIONAL WEATHER SERVICE MOUNT HOLLY NJ
228 AM EDT FRI OCT 31 2014


...................................

...THE ATLANTIC CITY NJ CLIMATE SUMMARY FOR OCTOBER 30 2014...

CLIMATE NORMAL PERIOD 1981 TO 2010
CLIMATE RECORD PERIOD 1874 TO 2014


WEATHER ITEM   OBSERVED TIME   RECORD YEAR NORMAL DEPARTURE LAST
                VALUE   (LST)  VALUE       VALUE  FROM      YEAR
                                                  NORMAL
..................................................................
TEMPERATURE (F)
 YESTERDAY
  MAXIMUM         61    203 PM  80    1950  62     -1       57
  MINIMUM         40   1159 PM  24    1967  41     -1       41
  AVERAGE         51                        52     -1       49

PRECIPITATION (IN)
  YESTERDAY        0.00          6.02 1886   0.12  -0.12     0.09
  MONTH TO DATE    3.22                      3.30  -0.08     4.89
  SINCE SEP 1      6.74                      6.45   0.29     6.07
  SINCE JAN 1     43.46                     34.67   8.79    37.49

SNOWFALL (IN)
  YESTERDAY        0.0           0.0  1903   0.0    0.0      0.0
  MONTH TO DATE    0.0                       0.0    0.0      0.0
  SINCE SEP 1      0.0                       0.0    0.0      0.0
  SINCE JUL 1      0.0                       0.0    0.0      0.0
  SNOW DEPTH       0

DEGREE DAYS
 HEATING
  YESTERDAY       14                        13      1       16
  MONTH TO DATE  217                       282    -65      255
  SINCE SEP 1    255                       341    -86      357
  SINCE JUL 1    255                       344    -89      357

 COOLING
  YESTERDAY        0                         0      0        0
  MONTH TO DATE   15                        16     -1       36
  SINCE SEP 1    145                       141      4      132
  SINCE JAN 1    857                      1050   -193     1088
..................................................................


WIND (MPH)
  HIGHEST WIND SPEED    15   HIGHEST WIND DIRECTION    NW (310)
  HIGHEST GUST SPEED    19   HIGHEST GUST DIRECTION     W (290)
  AVERAGE WIND SPEED     5.0


SKY COVER
  POSSIBLE SUNSHINE  MM
  AVERAGE SKY COVER 0.5


WEATHER CONDITIONS
 THE FOLLOWING WEATHER WAS RECORDED YESTERDAY.
  FOG
  FOG W/VISIBILITY <= 1/4 MILE


RELATIVE HUMIDITY (PERCENT)
 HIGHEST   100           600 AM
 LOWEST     47           100 PM
 AVERAGE    74

..........................................................


THE ATLANTIC CITY NJ CLIMATE NORMALS FOR TODAY
                         NORMAL    RECORD    YEAR
 MAXIMUM TEMPERATURE (F)   62        81      1946
 MINIMUM TEMPERATURE (F)   41        20      1988


SUNRISE AND SUNSET
OCTOBER 31 2014.......SUNRISE   725 AM EDT   SUNSET   558 PM EDT
NOVEMBER  1 2014......SUNRISE   726 AM EDT   SUNSET   557 PM EDT


-  INDICATES NEGATIVE NUMBERS.
R  INDICATES RECORD WAS SET OR TIED.
MM INDICATES DATA IS MISSING.
T  INDICATES TRACE AMOUNT.




$$






U.S. Dept. of Commerce
NOAA National Weather Service
1325 East West Highway
Silver Spring, MD 20910
E-mail: w-nws.webmaster@noaa.gov
Page last modified: May 16, 2007
NATIONAL WEATHER SERVICE: for Safety, for Work, for Fun - FOR LIFE