264
CDUS44 KFWD 310649
CLIACT

CLIMATE REPORT
NATIONAL WEATHER SERVICE FORT WORTH TX
148 AM CDT THU JUL 31 2014


...................................

...THE WACO CLIMATE SUMMARY FOR JULY 30 2014...

CLIMATE NORMAL PERIOD 1981 TO 2010
CLIMATE RECORD PERIOD 1901 TO 2014


WEATHER ITEM   OBSERVED TIME   RECORD YEAR NORMAL DEPARTURE LAST
                VALUE   (LST)  VALUE       VALUE  FROM      YEAR
                                                  NORMAL
..................................................................
TEMPERATURE (F)
 YESTERDAY
  MAXIMUM         95    400 PM 108    1957  98     -3       97
  MINIMUM         71    132 AM  63    1984  75     -4       77
  AVERAGE         83                        86     -3       87

PRECIPITATION (IN)
  YESTERDAY        0.00          1.10 2009   0.06  -0.06     0.00
  MONTH TO DATE    0.15                      1.73  -1.58     5.50
  SINCE JUN 1      8.46                      5.16   3.30     7.12
  SINCE JAN 1     19.60                     20.05  -0.45    21.21

DEGREE DAYS
 HEATING
  YESTERDAY        0                         0      0        0
  MONTH TO DATE    0                         0      0        0
  SINCE JUN 1      0                         0      0        0
  SINCE JUL 1      0                         0      0        0

 COOLING
  YESTERDAY       18                        21     -3       22
  MONTH TO DATE  546                       605    -59      574
  SINCE JUN 1   1027                      1093    -66     1126
  SINCE JAN 1   1414                      1545   -131     1543
..................................................................


WIND (MPH)
  HIGHEST WIND SPEED    23   HIGHEST WIND DIRECTION     S (160)
  HIGHEST GUST SPEED    30   HIGHEST GUST DIRECTION     S (160)
  AVERAGE WIND SPEED    11.4


SKY COVER
  POSSIBLE SUNSHINE  MM
  AVERAGE SKY COVER 0.2


WEATHER CONDITIONS
 THE FOLLOWING WEATHER WAS RECORDED YESTERDAY.
  NO SIGNIFICANT WEATHER WAS OBSERVED.


RELATIVE HUMIDITY (PERCENT)
 HIGHEST    87           400 AM
 LOWEST     46           400 PM
 AVERAGE    67

..........................................................


THE WACO CLIMATE NORMALS FOR TODAY
                         NORMAL    RECORD    YEAR
 MAXIMUM TEMPERATURE (F)   98       108      1986
 MINIMUM TEMPERATURE (F)   75        63      1984
                                             1971


SUNRISE AND SUNSET
JULY 31 2014..........SUNRISE   644 AM CDT   SUNSET   826 PM CDT
AUGUST  1 2014........SUNRISE   645 AM CDT   SUNSET   825 PM CDT


-  INDICATES NEGATIVE NUMBERS.
R  INDICATES RECORD WAS SET OR TIED.
MM INDICATES DATA IS MISSING.
T  INDICATES TRACE AMOUNT.




$$









U.S. Dept. of Commerce
NOAA National Weather Service
1325 East West Highway
Silver Spring, MD 20910
E-mail: w-nws.webmaster@noaa.gov
Page last modified: May 16, 2007
NATIONAL WEATHER SERVICE: for Safety, for Work, for Fun - FOR LIFE