962
CDUS44 KFWD 230645
CLIACT

CLIMATE REPORT
NATIONAL WEATHER SERVICE FORT WORTH TX
142 AM CDT TUE SEP 23 2014

...THE WACO CLIMATE SUMMARY FOR SEPTEMBER 22 2014...

CLIMATE NORMAL PERIOD 1981 TO 2010
CLIMATE RECORD PERIOD 1901 TO 2014


WEATHER ITEM   OBSERVED TIME   RECORD YEAR NORMAL DEPARTURE LAST
                VALUE   (LST)  VALUE       VALUE  FROM      YEAR
                                                  NORMAL
..................................................................
TEMPERATURE (F)
 YESTERDAY
  MAXIMUM         91    301 PM 100    2005  88      3       84
  MINIMUM         65   1147 PM  40    1983  64      1       53
  AVERAGE         78                        76      2       69

PRECIPITATION (IN)
  YESTERDAY        0.00          3.84 1957   0.11  -0.11     0.00
  MONTH TO DATE    1.28                      2.22  -0.94     3.64
  SINCE SEP 1      1.28                      2.22  -0.94     3.64
  SINCE JAN 1     21.86                     24.38  -2.52    25.07

DEGREE DAYS
 HEATING
  YESTERDAY        0                         0      0        0
  MONTH TO DATE    0                         0      0        0
  SINCE SEP 1      0                         0      0        0
  SINCE JUL 1      0                         0      0        0

 COOLING
  YESTERDAY       13                        11      2        4
  MONTH TO DATE  359                       319     40      407
  SINCE SEP 1    359                       319     40      407
  SINCE JAN 1   2434                      2514    -80     2618
..................................................................


WIND (MPH)
  HIGHEST WIND SPEED    15   HIGHEST WIND DIRECTION    NE (40)
  HIGHEST GUST SPEED    20   HIGHEST GUST DIRECTION    NE (60)
  AVERAGE WIND SPEED     7.4


SKY COVER
  POSSIBLE SUNSHINE  MM
  AVERAGE SKY COVER 0.2


WEATHER CONDITIONS
 THE FOLLOWING WEATHER WAS RECORDED YESTERDAY.
  NO SIGNIFICANT WEATHER WAS OBSERVED.


RELATIVE HUMIDITY (PERCENT)
 HIGHEST    90           400 AM
 LOWEST     38           400 PM
 AVERAGE    64

..........................................................


THE WACO CLIMATE NORMALS FOR TODAY
                         NORMAL    RECORD    YEAR
 MAXIMUM TEMPERATURE (F)   87        99      2005
                                             2000
 MINIMUM TEMPERATURE (F)   64        45      1999


SUNRISE AND SUNSET
SEPTEMBER 23 2014.....SUNRISE   718 AM CDT   SUNSET   724 PM CDT
SEPTEMBER 24 2014.....SUNRISE   718 AM CDT   SUNSET   723 PM CDT


-  INDICATES NEGATIVE NUMBERS.
R  INDICATES RECORD WAS SET OR TIED.
MM INDICATES DATA IS MISSING.
T  INDICATES TRACE AMOUNT.




$$








U.S. Dept. of Commerce
NOAA National Weather Service
1325 East West Highway
Silver Spring, MD 20910
E-mail: w-nws.webmaster@noaa.gov
Page last modified: May 16, 2007
NATIONAL WEATHER SERVICE: for Safety, for Work, for Fun - FOR LIFE