865
CDUS44 KFWD 200648
CLIACT

CLIMATE REPORT
NATIONAL WEATHER SERVICE FORT WORTH TX
1248 AM CST SAT DEC 20 2014

...................................

...THE WACO CLIMATE SUMMARY FOR DECEMBER 19 2014...

CLIMATE NORMAL PERIOD 1981 TO 2010
CLIMATE RECORD PERIOD 1901 TO 2014


WEATHER ITEM   OBSERVED TIME   RECORD YEAR NORMAL DEPARTURE LAST
                VALUE   (LST)  VALUE       VALUE  FROM      YEAR
                                                  NORMAL
..................................................................
TEMPERATURE (F)
 YESTERDAY
  MAXIMUM         49    831 PM  81    2012  58     -9       75
  MINIMUM         46    744 AM  16    1924  37      9       50
  AVERAGE         48                        47      1       63

PRECIPITATION (IN)
  YESTERDAY        0.26          2.20 1911   0.09   0.17     0.00
  MONTH TO DATE    0.36                      1.69  -1.33     0.34
  SINCE DEC 1      0.36                      1.69  -1.33     0.34
  SINCE JAN 1     29.91                     33.63  -3.72    36.89

SNOWFALL (IN)
  YESTERDAY        0.0           1.5  1909   0.0    0.0      0.0
  MONTH TO DATE    0.0                       0.0    0.0       T
  SINCE DEC 1      0.0                       0.0    0.0       T
  SINCE JUL 1      0.0                       0.1   -0.1       T
  SNOW DEPTH       0

DEGREE DAYS
 HEATING
  YESTERDAY       17                        18     -1        2
  MONTH TO DATE  220                       304    -84      386
  SINCE DEC 1    220                       304    -84      386
  SINCE JUL 1    602                       632    -30      800

 COOLING
  YESTERDAY        0                         0      0        0
  MONTH TO DATE    4                         0      4        0
  SINCE DEC 1      4                         0      4        0
  SINCE JAN 1   2754                      2792    -38     2870
..................................................................


WIND (MPH)
  HIGHEST WIND SPEED    18   HIGHEST WIND DIRECTION     N (350)
  HIGHEST GUST SPEED    22   HIGHEST GUST DIRECTION     N (350)
  AVERAGE WIND SPEED     9.8


SKY COVER
  POSSIBLE SUNSHINE  MM
  AVERAGE SKY COVER 1.0


WEATHER CONDITIONS
 THE FOLLOWING WEATHER WAS RECORDED YESTERDAY.
  THUNDERSTORM
  RAIN
  LIGHT RAIN
  FOG


RELATIVE HUMIDITY (PERCENT)
 HIGHEST    93           300 AM
 LOWEST     86          1200 AM
 AVERAGE    90

..........................................................


THE WACO CLIMATE NORMALS FOR TODAY
                         NORMAL    RECORD    YEAR
 MAXIMUM TEMPERATURE (F)   58        78      1978
 MINIMUM TEMPERATURE (F)   37        15      1924
                                             1909


SUNRISE AND SUNSET
DECEMBER 20 2014......SUNRISE   724 AM CST   SUNSET   529 PM CST
DECEMBER 21 2014......SUNRISE   724 AM CST   SUNSET   530 PM CST


-  INDICATES NEGATIVE NUMBERS.
R  INDICATES RECORD WAS SET OR TIED.
MM INDICATES DATA IS MISSING.
T  INDICATES TRACE AMOUNT.


$$

58








U.S. Dept. of Commerce
NOAA National Weather Service
1325 East West Highway
Silver Spring, MD 20910
E-mail: w-nws.webmaster@noaa.gov
Page last modified: May 16, 2007
NATIONAL WEATHER SERVICE: for Safety, for Work, for Fun - FOR LIFE