217
CDUS44 KFWD 200639
CLIACT

CLIMATE REPORT
NATIONAL WEATHER SERVICE FORT WORTH TX
136 AM CDT MON OCT 20 2014


...................................

...THE WACO CLIMATE SUMMARY FOR OCTOBER 19 2014...

CLIMATE NORMAL PERIOD 1981 TO 2010
CLIMATE RECORD PERIOD 1901 TO 2014


WEATHER ITEM   OBSERVED TIME   RECORD YEAR NORMAL DEPARTURE LAST
                VALUE   (LST)  VALUE       VALUE  FROM      YEAR
                                                  NORMAL
..................................................................
TEMPERATURE (F)
 YESTERDAY
  MAXIMUM         79    343 PM  94    2004  79      0       65
  MINIMUM         61   1159 PM  37    1989  56      5       42
  AVERAGE         70                        67      3       54

PRECIPITATION (IN)
  YESTERDAY        0.00          2.64 1985   0.14  -0.14     0.00
  MONTH TO DATE    5.00                      2.42   2.58     4.87
  SINCE SEP 1      6.28                      5.48   0.80    10.30
  SINCE JAN 1     26.86                     27.64  -0.78    31.73

SNOWFALL (IN)
  YESTERDAY        0.0           0.0    MM   0.0    0.0      0.0
  MONTH TO DATE    0.0                       0.0    0.0      0.0
  SINCE SEP 1      0.0                       0.0    0.0      0.0
  SINCE JUL 1      0.0                       0.0    0.0      0.0
  SNOW DEPTH       0

DEGREE DAYS
 HEATING
  YESTERDAY        0                         2     -2       11
  MONTH TO DATE    3                        24    -21       31
  SINCE SEP 1      3                        30    -27       31
  SINCE JUL 1      3                        30    -27       31

 COOLING
  YESTERDAY        5                         4      1        0
  MONTH TO DATE  164                       118     46      119
  SINCE SEP 1    603                       517     86      615
  SINCE JAN 1   2678                      2712    -34     2826
..................................................................


WIND (MPH)
  HIGHEST WIND SPEED    12   HIGHEST WIND DIRECTION    SE (120)
  HIGHEST GUST SPEED    26   HIGHEST GUST DIRECTION     S (200)
  AVERAGE WIND SPEED     5.1


SKY COVER
  POSSIBLE SUNSHINE  MM
  AVERAGE SKY COVER 0.5


WEATHER CONDITIONS
 THE FOLLOWING WEATHER WAS RECORDED YESTERDAY.
  NO SIGNIFICANT WEATHER WAS OBSERVED.


RELATIVE HUMIDITY (PERCENT)
 HIGHEST    90           300 AM
 LOWEST     54           300 PM
 AVERAGE    72

..........................................................


THE WACO CLIMATE NORMALS FOR TODAY
                         NORMAL    RECORD    YEAR
 MAXIMUM TEMPERATURE (F)   79        92      2005
                                             1978
 MINIMUM TEMPERATURE (F)   56        33      1976


SUNRISE AND SUNSET
OCTOBER 20 2014.......SUNRISE   736 AM CDT   SUNSET   651 PM CDT
OCTOBER 21 2014.......SUNRISE   736 AM CDT   SUNSET   650 PM CDT


-  INDICATES NEGATIVE NUMBERS.
R  INDICATES RECORD WAS SET OR TIED.
MM INDICATES DATA IS MISSING.
T  INDICATES TRACE AMOUNT.




$$











U.S. Dept. of Commerce
NOAA National Weather Service
1325 East West Highway
Silver Spring, MD 20910
E-mail: w-nws.webmaster@noaa.gov
Page last modified: May 16, 2007
NATIONAL WEATHER SERVICE: for Safety, for Work, for Fun - FOR LIFE