223
CDUS44 KFWD 280652
CLIACT

CLIMATE REPORT
NATIONAL WEATHER SERVICE FORT WORTH TX
149 AM CDT MON JUL 28 2014


...................................

...THE WACO CLIMATE SUMMARY FOR JULY 27 2014...

CLIMATE NORMAL PERIOD 1981 TO 2010
CLIMATE RECORD PERIOD 1901 TO 2014


WEATHER ITEM   OBSERVED TIME   RECORD YEAR NORMAL DEPARTURE LAST
                VALUE   (LST)  VALUE       VALUE  FROM      YEAR
                                                  NORMAL
..................................................................
TEMPERATURE (F)
 YESTERDAY
  MAXIMUM         99    404 PM 105    2011  98      1       89
                                      1977
                                      1960
  MINIMUM         77    628 AM  66    1911  75      2       72
  AVERAGE         88                        86      2       81

PRECIPITATION (IN)
  YESTERDAY        0.00          0.85 1928   0.05  -0.05     0.00
  MONTH TO DATE    0.15                      1.56  -1.41     5.50
  SINCE JUN 1      8.46                      4.99   3.47     7.12
  SINCE JAN 1     19.60                     19.88  -0.28    21.21

DEGREE DAYS
 HEATING
  YESTERDAY        0                         0      0        0
  MONTH TO DATE    0                         0      0        0
  SINCE JUN 1      0                         0      0        0
  SINCE JUL 1      0                         0      0        0

 COOLING
  YESTERDAY       23                        21      2       16
  MONTH TO DATE  488                       542    -54      513
  SINCE JUN 1    969                      1030    -61     1065
  SINCE JAN 1   1356                      1482   -126     1482
..................................................................


WIND (MPH)
  HIGHEST WIND SPEED    MM   HIGHEST WIND DIRECTION    MM
  HIGHEST GUST SPEED    MM   HIGHEST GUST DIRECTION    MM
  AVERAGE WIND SPEED    MM


SKY COVER
  POSSIBLE SUNSHINE  MM
  AVERAGE SKY COVER 0.0


WEATHER CONDITIONS
 THE FOLLOWING WEATHER WAS RECORDED YESTERDAY.
  NO SIGNIFICANT WEATHER WAS OBSERVED.


RELATIVE HUMIDITY (PERCENT)
 HIGHEST    88           600 AM
 LOWEST     33           500 PM
 AVERAGE    61

..........................................................


THE WACO CLIMATE NORMALS FOR TODAY
                         NORMAL    RECORD    YEAR
 MAXIMUM TEMPERATURE (F)   98       106      1969
 MINIMUM TEMPERATURE (F)   75        60      1994


SUNRISE AND SUNSET
JULY 28 2014..........SUNRISE   642 AM CDT   SUNSET   828 PM CDT
JULY 29 2014..........SUNRISE   643 AM CDT   SUNSET   827 PM CDT


-  INDICATES NEGATIVE NUMBERS.
R  INDICATES RECORD WAS SET OR TIED.
MM INDICATES DATA IS MISSING.
T  INDICATES TRACE AMOUNT.




$$








U.S. Dept. of Commerce
NOAA National Weather Service
1325 East West Highway
Silver Spring, MD 20910
E-mail: w-nws.webmaster@noaa.gov
Page last modified: May 16, 2007
NATIONAL WEATHER SERVICE: for Safety, for Work, for Fun - FOR LIFE