470
CDUS44 KFWD 300717
CLIACT

CLIMATE REPORT
NATIONAL WEATHER SERVICE FORT WORTH TX
217 AM CDT THU OCT 30 2014


...................................

...THE WACO CLIMATE SUMMARY FOR OCTOBER 29 2014...

CLIMATE NORMAL PERIOD 1981 TO 2010
CLIMATE RECORD PERIOD 1901 TO 2014


WEATHER ITEM   OBSERVED TIME   RECORD YEAR NORMAL DEPARTURE LAST
                VALUE   (LST)  VALUE       VALUE  FROM      YEAR
                                                  NORMAL
..................................................................
TEMPERATURE (F)
 YESTERDAY
  MAXIMUM         78    334 PM  91    1937  76      2       81
  MINIMUM         54   1159 PM  30    2012  53      1       66
  AVERAGE         66                        64      2       74

PRECIPITATION (IN)
  YESTERDAY        0.00          1.44 1967   0.11  -0.11      T
  MONTH TO DATE    5.01                      3.67   1.34     6.59
  SINCE SEP 1      6.29                      6.73  -0.44    12.02
  SINCE JAN 1     26.87                     28.89  -2.02    33.45

SNOWFALL (IN)
  YESTERDAY        0.0           T    1993   0.0    0.0      0.0
  MONTH TO DATE    0.0                       0.0    0.0      0.0
  SINCE SEP 1      0.0                       0.0    0.0      0.0
  SINCE JUL 1      0.0                       0.0    0.0      0.0
  SNOW DEPTH       0

DEGREE DAYS
 HEATING
  YESTERDAY        0                         4     -4        0
  MONTH TO DATE    3                        55    -52       48
  SINCE SEP 1      3                        61    -58       48
  SINCE JUL 1      3                        61    -58       48

 COOLING
  YESTERDAY        1                         3     -2        9
  MONTH TO DATE  229                       155     74      135
  SINCE SEP 1    668                       554    114      631
  SINCE JAN 1   2743                      2749     -6     2842
..................................................................


WIND (MPH)
  HIGHEST WIND SPEED    15   HIGHEST WIND DIRECTION    NE (40)
  HIGHEST GUST SPEED    19   HIGHEST GUST DIRECTION    NE (30)
  AVERAGE WIND SPEED     8.1


SKY COVER
  POSSIBLE SUNSHINE  MM
  AVERAGE SKY COVER 0.5


WEATHER CONDITIONS
 THE FOLLOWING WEATHER WAS RECORDED YESTERDAY.
  NO SIGNIFICANT WEATHER WAS OBSERVED.


RELATIVE HUMIDITY (PERCENT)
 HIGHEST    81          1200 AM
 LOWEST     36           400 PM
 AVERAGE    59

..........................................................


THE WACO CLIMATE NORMALS FOR TODAY
                         NORMAL    RECORD    YEAR
 MAXIMUM TEMPERATURE (F)   75        90      1951
 MINIMUM TEMPERATURE (F)   53        29      1993
                                             1980
                                             1917


SUNRISE AND SUNSET
OCTOBER 30 2014.......SUNRISE   743 AM CDT   SUNSET   641 PM CDT
OCTOBER 31 2014.......SUNRISE   744 AM CDT   SUNSET   640 PM CDT


-  INDICATES NEGATIVE NUMBERS.
R  INDICATES RECORD WAS SET OR TIED.
MM INDICATES DATA IS MISSING.
T  INDICATES TRACE AMOUNT.




$$







U.S. Dept. of Commerce
NOAA National Weather Service
1325 East West Highway
Silver Spring, MD 20910
E-mail: w-nws.webmaster@noaa.gov
Page last modified: May 16, 2007
NATIONAL WEATHER SERVICE: for Safety, for Work, for Fun - FOR LIFE