011
CDUS44 KFWD 190644
CLIACT

CLIMATE REPORT
NATIONAL WEATHER SERVICE FORT WORTH TX
1244 AM CST FRI DEC 19 2014

...................................

...THE WACO CLIMATE SUMMARY FOR DECEMBER 18 2014...

CLIMATE NORMAL PERIOD 1981 TO 2010
CLIMATE RECORD PERIOD 1901 TO 2014


WEATHER ITEM   OBSERVED TIME   RECORD YEAR NORMAL DEPARTURE LAST
                VALUE   (LST)  VALUE       VALUE  FROM      YEAR
                                                  NORMAL
..................................................................
TEMPERATURE (F)
 YESTERDAY
  MAXIMUM         52    438 PM  83    2012  58     -6       69
  MINIMUM         45    122 AM  21    1983  37      8       31
                                      1979
  AVERAGE         49                        48      1       50

PRECIPITATION (IN)
  YESTERDAY        T             1.31 1952   0.09  -0.09     0.00
  MONTH TO DATE    0.10                      1.60  -1.50     0.34
  SINCE DEC 1      0.10                      1.60  -1.50     0.34
  SINCE JAN 1     29.65                     33.54  -3.89    36.89

SNOWFALL (IN)
  YESTERDAY        0.0           T    1983   0.0    0.0      0.0
                                      1964
                                      1909
  MONTH TO DATE    0.0                       0.0    0.0       T
  SINCE DEC 1      0.0                       0.0    0.0       T
  SINCE JUL 1      0.0                       0.1   -0.1       T
  SNOW DEPTH       0

DEGREE DAYS
 HEATING
  YESTERDAY       16                        18     -2       15
  MONTH TO DATE  203                       286    -83      384
  SINCE DEC 1    203                       286    -83      384
  SINCE JUL 1    585                       614    -29      798

 COOLING
  YESTERDAY        0                         0      0        0
  MONTH TO DATE    4                         0      4        0
  SINCE DEC 1      4                         0      4        0
  SINCE JAN 1   2754                      2792    -38     2870
..................................................................


WIND (MPH)
  HIGHEST WIND SPEED    15   HIGHEST WIND DIRECTION    NE (30)
  HIGHEST GUST SPEED    17   HIGHEST GUST DIRECTION    NE (40)
  AVERAGE WIND SPEED     6.4


SKY COVER
  POSSIBLE SUNSHINE  MM
  AVERAGE SKY COVER 1.0


WEATHER CONDITIONS
 THE FOLLOWING WEATHER WAS RECORDED YESTERDAY.
  LIGHT RAIN
  FOG


RELATIVE HUMIDITY (PERCENT)
 HIGHEST   100           800 AM
 LOWEST     83           400 PM
 AVERAGE    92

..........................................................


THE WACO CLIMATE NORMALS FOR TODAY
                         NORMAL    RECORD    YEAR
 MAXIMUM TEMPERATURE (F)   58        81      2012
 MINIMUM TEMPERATURE (F)   37        16      1924


SUNRISE AND SUNSET
DECEMBER 19 2014......SUNRISE   723 AM CST   SUNSET   529 PM CST
DECEMBER 20 2014......SUNRISE   724 AM CST   SUNSET   529 PM CST


-  INDICATES NEGATIVE NUMBERS.
R  INDICATES RECORD WAS SET OR TIED.
MM INDICATES DATA IS MISSING.
T  INDICATES TRACE AMOUNT.


$$

58








U.S. Dept. of Commerce
NOAA National Weather Service
1325 East West Highway
Silver Spring, MD 20910
E-mail: w-nws.webmaster@noaa.gov
Page last modified: May 16, 2007
NATIONAL WEATHER SERVICE: for Safety, for Work, for Fun - FOR LIFE