856
CDUS44 KFWD 230646
CLIACT

CLIMATE REPORT
NATIONAL WEATHER SERVICE FORT WORTH TX
146 AM CDT WED APR 23 2014

...................................

...THE WACO CLIMATE SUMMARY FOR APRIL 22 2014...

CLIMATE NORMAL PERIOD 1981 TO 2010
CLIMATE RECORD PERIOD 1901 TO 2014


WEATHER ITEM   OBSERVED TIME   RECORD YEAR NORMAL DEPARTURE LAST
                VALUE   (LST)  VALUE       VALUE  FROM      YEAR
                                                  NORMAL
..................................................................
TEMPERATURE (F)
 YESTERDAY
  MAXIMUM         83    450 PM  92    2009  79      4       81
                                      1963
                                      1925
  MINIMUM         57   1153 PM  39    1931  56      1       54
  AVERAGE         70                        68      2       68

PRECIPITATION (IN)
  YESTERDAY        0.00          2.59 1985   0.11  -0.11     0.00
  MONTH TO DATE    1.70                      1.83  -0.13     1.62
  SINCE MAR 1      2.57                      4.98  -2.41     3.45
  SINCE JAN 1      3.33                      9.73  -6.40    10.60

SNOWFALL (IN)
  YESTERDAY        0.0           0.0    MM   0.0    0.0      0.0
  MONTH TO DATE    0.0                       0.2   -0.2      0.0
  SINCE MAR 1      0.1                       0.3   -0.2      0.0
  SINCE JUL 1      0.1                       1.2   -1.1       T
  SNOW DEPTH       0

DEGREE DAYS
 HEATING
  YESTERDAY        0                         2     -2        0
  MONTH TO DATE   91                        70     21      110
  SINCE MAR 1    441                       316    125      392
  SINCE JUL 1   2584                      2128    456     1958

 COOLING
  YESTERDAY        5                         4      1        3
  MONTH TO DATE   74                        68      6       69
  SINCE MAR 1     89                       102    -13       95
  SINCE JAN 1     89                       111    -22      112
..................................................................


WIND (MPH)
  HIGHEST WIND SPEED    14   HIGHEST WIND DIRECTION    NE (50)
  HIGHEST GUST SPEED    18   HIGHEST GUST DIRECTION     E (70)
  AVERAGE WIND SPEED     5.5


SKY COVER
  POSSIBLE SUNSHINE  MM
  AVERAGE SKY COVER 0.3


WEATHER CONDITIONS
 THE FOLLOWING WEATHER WAS RECORDED YESTERDAY.
  FOG
  FOG W/VISIBILITY <= 1/4 MILE
  HAZE


RELATIVE HUMIDITY (PERCENT)
 HIGHEST   100           200 AM
 LOWEST     40           400 PM
 AVERAGE    70

..........................................................


THE WACO CLIMATE NORMALS FOR TODAY
                         NORMAL    RECORD    YEAR
 MAXIMUM TEMPERATURE (F)   80        94      2000
                                             1940
 MINIMUM TEMPERATURE (F)   57        40      1984


SUNRISE AND SUNSET
APRIL 23 2014.........SUNRISE   652 AM CDT   SUNSET   803 PM CDT
APRIL 24 2014.........SUNRISE   650 AM CDT   SUNSET   804 PM CDT


-  INDICATES NEGATIVE NUMBERS.
R  INDICATES RECORD WAS SET OR TIED.
MM INDICATES DATA IS MISSING.
T  INDICATES TRACE AMOUNT.

$$

58








U.S. Dept. of Commerce
NOAA National Weather Service
1325 East West Highway
Silver Spring, MD 20910
E-mail: w-nws.webmaster@noaa.gov
Page last modified: May 16, 2007
NATIONAL WEATHER SERVICE: for Safety, for Work, for Fun - FOR LIFE