847
CDUS44 KFWD 250642
CLIACT

CLIMATE REPORT
NATIONAL WEATHER SERVICE FORT WORTH TX
142 AM CDT SAT OCT 25 2014

...THE WACO CLIMATE SUMMARY FOR OCTOBER 24 2014...

CLIMATE NORMAL PERIOD 1981 TO 2010
CLIMATE RECORD PERIOD 1901 TO 2014


WEATHER ITEM   OBSERVED TIME   RECORD YEAR NORMAL DEPARTURE LAST
                VALUE   (LST)  VALUE       VALUE  FROM      YEAR
                                                  NORMAL
..................................................................
TEMPERATURE (F)
 YESTERDAY
  MAXIMUM         83    352 PM  91    1992  77      6       83
                                      1991
  MINIMUM         58    653 AM  32    1917  54      4       46
  AVERAGE         71                        66      5       65

PRECIPITATION (IN)
  YESTERDAY        0.00          2.21 1904   0.12  -0.12     0.00
  MONTH TO DATE    5.01                      3.09   1.92     4.87
  SINCE SEP 1      6.29                      6.15   0.14    10.30
  SINCE JAN 1     26.87                     28.31  -1.44    31.73

SNOWFALL (IN)
  YESTERDAY        0.0           0.0    MM   0.0    0.0      0.0
  MONTH TO DATE    0.0                       0.0    0.0      0.0
  SINCE SEP 1      0.0                       0.0    0.0      0.0
  SINCE JUL 1      0.0                       0.0    0.0      0.0
  SNOW DEPTH       0

DEGREE DAYS
 HEATING
  YESTERDAY        0                         3     -3        0
  MONTH TO DATE    3                        37    -34       44
  SINCE SEP 1      3                        43    -40       44
  SINCE JUL 1      3                        43    -40       44

 COOLING
  YESTERDAY        6                         4      2        0
  MONTH TO DATE  190                       138     52      120
  SINCE SEP 1    629                       537     92      616
  SINCE JAN 1   2704                      2732    -28     2827
..................................................................


WIND (MPH)
  HIGHEST WIND SPEED    13   HIGHEST WIND DIRECTION     S (190)
  HIGHEST GUST SPEED    16   HIGHEST GUST DIRECTION     S (160)
  AVERAGE WIND SPEED     8.2


SKY COVER
  POSSIBLE SUNSHINE  MM
  AVERAGE SKY COVER 0.1


WEATHER CONDITIONS
 THE FOLLOWING WEATHER WAS RECORDED YESTERDAY.
  NO SIGNIFICANT WEATHER WAS OBSERVED.


RELATIVE HUMIDITY (PERCENT)
 HIGHEST    80           700 AM
 LOWEST     45           100 PM
 AVERAGE    63

..........................................................


THE WACO CLIMATE NORMALS FOR TODAY
                         NORMAL    RECORD    YEAR
 MAXIMUM TEMPERATURE (F)   77        94      1992
 MINIMUM TEMPERATURE (F)   54        33      2005
                                             1982
                                             1917


SUNRISE AND SUNSET
OCTOBER 25 2014.......SUNRISE   739 AM CDT   SUNSET   646 PM CDT
OCTOBER 26 2014.......SUNRISE   740 AM CDT   SUNSET   645 PM CDT


-  INDICATES NEGATIVE NUMBERS.
R  INDICATES RECORD WAS SET OR TIED.
MM INDICATES DATA IS MISSING.
T  INDICATES TRACE AMOUNT.




$$








U.S. Dept. of Commerce
NOAA National Weather Service
1325 East West Highway
Silver Spring, MD 20910
E-mail: w-nws.webmaster@noaa.gov
Page last modified: May 16, 2007
NATIONAL WEATHER SERVICE: for Safety, for Work, for Fun - FOR LIFE