727
CDUS43 KABR 272329
CLIABR


CLIMATE REPORT
NATIONAL WEATHER SERVICE ABERDEEN SD
526 PM CST TUE JAN 27 2015


...................................

...THE ABERDEEN SD CLIMATE SUMMARY FOR JANUARY 27 2015...
VALID TODAY AS OF 0500 PM LOCAL TIME.

CLIMATE NORMAL PERIOD 1981 TO 2010
CLIMATE RECORD PERIOD 1893 TO 2015


WEATHER ITEM   OBSERVED TIME   RECORD YEAR NORMAL DEPARTURE LAST
                VALUE   (LST)  VALUE       VALUE  FROM      YEAR
                                                  NORMAL
..................................................................
TEMPERATURE (F)
 TODAY
  MAXIMUM         44    414 PM  53    1934  23     21       -3
                                      1908
  MINIMUM         25    652 AM -34    1915   2     23      -15
  AVERAGE         35                        12     23       -9

PRECIPITATION (IN)
  TODAY            0.00          0.90 1944   0.01  -0.01      T
  MONTH TO DATE    0.68                      0.42   0.26     0.25
  SINCE DEC 1      0.93                      0.94  -0.01     1.13
  SINCE JAN 1      0.68                      0.42   0.26     0.25

SNOWFALL (IN)
  TODAY            0.0
  MONTH TO DATE    4.6
  SINCE OCT 1     13.4
  SINCE JUL 1     13.4
  SNOW DEPTH       0

DEGREE DAYS
 HEATING
  TODAY           30                        52    -22       74
  MONTH TO DATE 1287                      1430   -143     1482
  SINCE DEC 1   2600                      2958   -358     3287
  SINCE JUL 1   4646                      4921   -275     5278
..................................................................


WIND (MPH)
  HIGHEST WIND SPEED    21   HIGHEST WIND DIRECTION     S (160)
  HIGHEST GUST SPEED    26   HIGHEST GUST DIRECTION     S (160)
  AVERAGE WIND SPEED     8.8


SKY COVER
  POSSIBLE SUNSHINE  MM
  AVERAGE SKY COVER 0.0


WEATHER CONDITIONS
 THE FOLLOWING WEATHER WAS RECORDED TODAY.
  FOG


RELATIVE HUMIDITY (PERCENT)
 HIGHEST    92          1200 AM
 LOWEST     76           100 PM
 AVERAGE    84

..........................................................


THE ABERDEEN SD CLIMATE NORMALS FOR TOMORROW
                         NORMAL    RECORD    YEAR
 MAXIMUM TEMPERATURE (F)   23        53      1931
 MINIMUM TEMPERATURE (F)    2       -31      1915
                                             1902


SUNRISE AND SUNSET
JANUARY 27 2015.......SUNRISE   800 AM CST   SUNSET   533 PM CST
JANUARY 28 2015.......SUNRISE   759 AM CST   SUNSET   535 PM CST


-  INDICATES NEGATIVE NUMBERS.
R  INDICATES RECORD WAS SET OR TIED.
MM INDICATES DATA IS MISSING.
T  INDICATES TRACE AMOUNT.

&&

PEAK WIND WAS 26 MPH FROM THE SOUTH AT 308 PM CST

$$






U.S. Dept. of Commerce
NOAA National Weather Service
1325 East West Highway
Silver Spring, MD 20910
E-mail: w-nws.webmaster@noaa.gov
Page last modified: May 16, 2007
NATIONAL WEATHER SERVICE: for Safety, for Work, for Fun - FOR LIFE