965
CDUS43 KABR 170909
CLIABR


CLIMATE REPORT
NATIONAL WEATHER SERVICE ABERDEEN SD
408 AM CDT THU APR 17 2014


...................................

...THE ABERDEEN SD CLIMATE SUMMARY FOR APRIL 16 2014...

CLIMATE NORMAL PERIOD 1981 TO 2010
CLIMATE RECORD PERIOD 1896 TO 2014


WEATHER ITEM   OBSERVED TIME   RECORD YEAR NORMAL DEPARTURE LAST
                VALUE   (LST)  VALUE       VALUE  FROM      YEAR
                                                  NORMAL
..................................................................
TEMPERATURE (F)
 YESTERDAY
  MAXIMUM         33    615 PM  92    1913  58    -25       38
  MINIMUM         20   1104 PM  14    1953  32    -12       21
                                      1899
  AVERAGE         27                        45    -18       30

PRECIPITATION (IN)
  YESTERDAY        0.02          0.99 2003   0.06  -0.04     0.00
  MONTH TO DATE    0.11                      0.80  -0.69     1.82
  SINCE MAR 1      0.88                      1.96  -1.08     2.06
  SINCE JAN 1      1.32                      2.98  -1.66     3.90

SNOWFALL (IN)
  YESTERDAY        0.2
  MONTH TO DATE    0.2
  SINCE OCT 1     32.7
  SINCE JUL 1     32.7
  SNOW DEPTH       0

DEGREE DAYS
 HEATING
  YESTERDAY       38                        20     18       35
  MONTH TO DATE  457                       384     73      531
  SINCE MAR 1   1679                      1472    207     1926
  SINCE JUL 1   8838                      7935    903     8340

 COOLING
  YESTERDAY        0                         0      0        0
  MONTH TO DATE    0                         0      0        0
  SINCE MAR 1      0                         0      0        0
  SINCE JAN 1      0                         0      0        0
..................................................................


WIND (MPH)
  HIGHEST WIND SPEED    28   HIGHEST WIND DIRECTION    NE (50)
  HIGHEST GUST SPEED    37   HIGHEST GUST DIRECTION    NE (40)
  AVERAGE WIND SPEED    18.0


SKY COVER
  POSSIBLE SUNSHINE  MM
  AVERAGE SKY COVER 0.7


WEATHER CONDITIONS
 THE FOLLOWING WEATHER WAS RECORDED YESTERDAY.
  LIGHT SNOW
  FOG


RELATIVE HUMIDITY (PERCENT)
 HIGHEST    92           700 AM
 LOWEST     59          1200 AM
 AVERAGE    76

..........................................................


THE ABERDEEN SD CLIMATE NORMALS FOR TODAY
                         NORMAL    RECORD    YEAR
 MAXIMUM TEMPERATURE (F)   58        87      1915
 MINIMUM TEMPERATURE (F)   32        10      1953


SUNRISE AND SUNSET
APRIL 17 2014.........SUNRISE   645 AM CDT   SUNSET   823 PM CDT
APRIL 18 2014.........SUNRISE   643 AM CDT   SUNSET   824 PM CDT


-  INDICATES NEGATIVE NUMBERS.
R  INDICATES RECORD WAS SET OR TIED.
MM INDICATES DATA IS MISSING.
T  INDICATES TRACE AMOUNT.




$$






U.S. Dept. of Commerce
NOAA National Weather Service
1325 East West Highway
Silver Spring, MD 20910
E-mail: w-nws.webmaster@noaa.gov
Page last modified: May 16, 2007
NATIONAL WEATHER SERVICE: for Safety, for Work, for Fun - FOR LIFE