216
CDUS43 KABR 280908
CLIABR


CLIMATE REPORT
NATIONAL WEATHER SERVICE ABERDEEN SD
407 AM CDT MON JUL 28 2014


...................................

...THE ABERDEEN SD CLIMATE SUMMARY FOR JULY 27 2014...

CLIMATE NORMAL PERIOD 1981 TO 2010
CLIMATE RECORD PERIOD 1893 TO 2014


WEATHER ITEM   OBSERVED TIME   RECORD YEAR NORMAL DEPARTURE LAST
                VALUE   (LST)  VALUE       VALUE  FROM      YEAR
                                                  NORMAL
..................................................................
TEMPERATURE (F)
 YESTERDAY
  MAXIMUM         68    320 PM 110    1931  84    -16       71
  MINIMUM         53   1127 PM  41    2013  59     -6       41
  AVERAGE         61                        72    -11       56

PRECIPITATION (IN)
  YESTERDAY        0.00          2.14 1914   0.08  -0.08     0.00
  MONTH TO DATE    0.70                      2.68  -1.98     2.37
  SINCE JUN 1      4.01                      6.38  -2.37     4.57
  SINCE JAN 1      9.44                     13.52  -4.08    13.09

DEGREE DAYS
 HEATING
  YESTERDAY        4                         0      4        9
  MONTH TO DATE   29                         8     21       16
  SINCE JUN 1    112                        84     28       97
  SINCE JUL 1     29                         8     21       16

 COOLING
  YESTERDAY        0                         7     -7        0
  MONTH TO DATE  112                       180    -68      192
  SINCE JUN 1    158                       272   -114      288
  SINCE JAN 1    200                       295    -95      309
..................................................................


WIND (MPH)
  HIGHEST WIND SPEED    24   HIGHEST WIND DIRECTION     N (340)
  HIGHEST GUST SPEED    30   HIGHEST GUST DIRECTION     N (340)
  AVERAGE WIND SPEED    14.3


SKY COVER
  POSSIBLE SUNSHINE  MM
  AVERAGE SKY COVER 0.5


WEATHER CONDITIONS
 THE FOLLOWING WEATHER WAS RECORDED YESTERDAY.
  NO SIGNIFICANT WEATHER WAS OBSERVED.


RELATIVE HUMIDITY (PERCENT)
 HIGHEST    93           500 AM
 LOWEST     63           100 PM
 AVERAGE    78

..........................................................


THE ABERDEEN SD CLIMATE NORMALS FOR TODAY
                         NORMAL    RECORD    YEAR
 MAXIMUM TEMPERATURE (F)   84       109      1975
                                             1917
 MINIMUM TEMPERATURE (F)   59        40      2013


SUNRISE AND SUNSET
JULY 28 2014..........SUNRISE   613 AM CDT   SUNSET   906 PM CDT
JULY 29 2014..........SUNRISE   614 AM CDT   SUNSET   905 PM CDT


-  INDICATES NEGATIVE NUMBERS.
R  INDICATES RECORD WAS SET OR TIED.
MM INDICATES DATA IS MISSING.
T  INDICATES TRACE AMOUNT.




$$






U.S. Dept. of Commerce
NOAA National Weather Service
1325 East West Highway
Silver Spring, MD 20910
E-mail: w-nws.webmaster@noaa.gov
Page last modified: May 16, 2007
NATIONAL WEATHER SERVICE: for Safety, for Work, for Fun - FOR LIFE