115
CDUS43 KABR 261046 CCA
CLIABR

CLIMATE REPORT...CORRECTION...
NATIONAL WEATHER SERVICE ABERDEEN SD
431 AM CST WED NOV 26 2014


...................................

...THE ABERDEEN SD CLIMATE SUMMARY FOR NOVEMBER 25 2014...

CLIMATE NORMAL PERIOD 1981 TO 2010
CLIMATE RECORD PERIOD 1893 TO 2014


WEATHER ITEM   OBSERVED TIME   RECORD YEAR NORMAL DEPARTURE LAST
                VALUE   (LST)  VALUE       VALUE  FROM      YEAR
                                                  NORMAL
..................................................................
TEMPERATURE (F)
 YESTERDAY
  MAXIMUM         32    825 PM  64    1960  34     -2       37
  MINIMUM          7   1208 AM -22    1996  14     -7       21
  AVERAGE         20                        24     -4       29

PRECIPITATION (IN)
  YESTERDAY        0.10          2.00 1896   0.02   0.08     0.00
  MONTH TO DATE    0.63                      0.64  -0.01     0.10
  SINCE SEP 1      1.89                      4.82  -2.93     7.26
  SINCE JAN 1     17.52                     21.11  -3.59    21.02

SNOWFALL (IN)
  YESTERDAY        1.5
  MONTH TO DATE    7.8
  SINCE OCT 1      7.8
  SINCE JUL 1      7.8
  SNOW DEPTH       1

DEGREE DAYS
 HEATING
  YESTERDAY       45                        41      4       36
  MONTH TO DATE 1007                       860    147      899
  SINCE SEP 1   1707                      1700      7     1708
  SINCE JUL 1   1769                      1751     18     1759

 COOLING
  YESTERDAY        0                         0      0        0
  MONTH TO DATE    0                         0      0        0
  SINCE SEP 1     38                        42     -4       91
  SINCE JAN 1    342                       525   -183      580
..................................................................


WIND (MPH)
  HIGHEST WIND SPEED    16   HIGHEST WIND DIRECTION    NE (40)
  HIGHEST GUST SPEED    22   HIGHEST GUST DIRECTION    NE (30)
  AVERAGE WIND SPEED     9.3


SKY COVER
  POSSIBLE SUNSHINE  MM
  AVERAGE SKY COVER 0.9


WEATHER CONDITIONS
 THE FOLLOWING WEATHER WAS RECORDED YESTERDAY.
  LIGHT SNOW
  FOG


RELATIVE HUMIDITY (PERCENT)
 HIGHEST    92           900 PM
 LOWEST     72           300 PM
 AVERAGE    82

..........................................................


THE ABERDEEN SD CLIMATE NORMALS FOR TODAY
                         NORMAL    RECORD    YEAR
 MAXIMUM TEMPERATURE (F)   33        70      1914
 MINIMUM TEMPERATURE (F)   14       -24      1996


SUNRISE AND SUNSET
NOVEMBER 26 2014......SUNRISE   747 AM CST   SUNSET   455 PM CST
NOVEMBER 27 2014......SUNRISE   748 AM CST   SUNSET   454 PM CST


-  INDICATES NEGATIVE NUMBERS.
R  INDICATES RECORD WAS SET OR TIED.
MM INDICATES DATA IS MISSING.
T  INDICATES TRACE AMOUNT.




$$









U.S. Dept. of Commerce
NOAA National Weather Service
1325 East West Highway
Silver Spring, MD 20910
E-mail: w-nws.webmaster@noaa.gov
Page last modified: May 16, 2007
NATIONAL WEATHER SERVICE: for Safety, for Work, for Fun - FOR LIFE