079
CDUS43 KABR 201053
CLIABR


CLIMATE REPORT
NATIONAL WEATHER SERVICE ABERDEEN SD
452 AM CST SAT DEC 20 2014


...................................

...THE ABERDEEN SD CLIMATE SUMMARY FOR DECEMBER 19 2014...

CLIMATE NORMAL PERIOD 1981 TO 2010
CLIMATE RECORD PERIOD 1893 TO 2014


WEATHER ITEM   OBSERVED TIME   RECORD YEAR NORMAL DEPARTURE LAST
                VALUE   (LST)  VALUE       VALUE  FROM      YEAR
                                                  NORMAL
..................................................................
TEMPERATURE (F)
 YESTERDAY
  MAXIMUM         31    412 PM  57    1893  24      7       19
  MINIMUM         27    816 AM -29    1916   5     22        0
  AVERAGE         29                        14     15       10

PRECIPITATION (IN)
  YESTERDAY        0.00          0.54 1951   0.01  -0.01     0.07
  MONTH TO DATE    T                         0.31  -0.31     0.52
  SINCE DEC 1      T                         0.31  -0.31     0.52
  SINCE JAN 1     17.53                     21.51  -3.98    21.54

SNOWFALL (IN)
  YESTERDAY        0.0
  MONTH TO DATE    T
  SINCE OCT 1      8.1
  SINCE JUL 1      8.1
  SNOW DEPTH       0

DEGREE DAYS
 HEATING
  YESTERDAY       36                        51    -15       55
  MONTH TO DATE  769                       908   -139     1072
  SINCE DEC 1    769                       908   -139     1072
  SINCE JUL 1   2815                      2871    -56     3063

 COOLING
  YESTERDAY        0                         0      0        0
  MONTH TO DATE    0                         0      0        0
  SINCE DEC 1      0                         0      0        0
  SINCE JAN 1    342                       525   -183      580
..................................................................


WIND (MPH)
  HIGHEST WIND SPEED    20   HIGHEST WIND DIRECTION     S (180)
  HIGHEST GUST SPEED    24   HIGHEST GUST DIRECTION     S (190)
  AVERAGE WIND SPEED    13.2


SKY COVER
  POSSIBLE SUNSHINE  MM
  AVERAGE SKY COVER 1.0


WEATHER CONDITIONS
 THE FOLLOWING WEATHER WAS RECORDED YESTERDAY.
  FOG
  HAZE


RELATIVE HUMIDITY (PERCENT)
 HIGHEST    92          1200 AM
 LOWEST     85           200 AM
 AVERAGE    89

..........................................................


THE ABERDEEN SD CLIMATE NORMALS FOR TODAY
                         NORMAL    RECORD    YEAR
 MAXIMUM TEMPERATURE (F)   24        60      1893
 MINIMUM TEMPERATURE (F)    4       -29      1916


SUNRISE AND SUNSET
DECEMBER 20 2014......SUNRISE   810 AM CST   SUNSET   453 PM CST
DECEMBER 21 2014......SUNRISE   811 AM CST   SUNSET   453 PM CST


-  INDICATES NEGATIVE NUMBERS.
R  INDICATES RECORD WAS SET OR TIED.
MM INDICATES DATA IS MISSING.
T  INDICATES TRACE AMOUNT.




$$





U.S. Dept. of Commerce
NOAA National Weather Service
1325 East West Highway
Silver Spring, MD 20910
E-mail: w-nws.webmaster@noaa.gov
Page last modified: May 16, 2007
NATIONAL WEATHER SERVICE: for Safety, for Work, for Fun - FOR LIFE