396
CDUS45 KABQ 230828
CLIABQ


CLIMATE REPORT
NATIONAL WEATHER SERVICE ALBUQUERQUE NM
227 AM MDT THU OCT 23 2014


...................................

...THE ALBUQUERQUE  NM CLIMATE SUMMARY FOR OCTOBER 22 2014...

CLIMATE NORMAL PERIOD 1981 TO 2010
CLIMATE RECORD PERIOD 1897 TO 2014


WEATHER ITEM   OBSERVED TIME   RECORD YEAR NORMAL DEPARTURE LAST
                VALUE   (LST)  VALUE       VALUE  FROM      YEAR
                                                  NORMAL
..................................................................
TEMPERATURE (F)
 YESTERDAY
  MAXIMUM         73    435 PM  82    1915  67      6       69
  MINIMUM         52    528 AM  21    1911  44      8       39
  AVERAGE         63                        55      8       54

PRECIPITATION (IN)
  YESTERDAY        0.00          1.74 1969   0.03  -0.03
  MONTH TO DATE    0.62                      0.80  -0.18
  SINCE SEP 1      1.35                      1.88  -0.53
  SINCE JAN 1      7.41                      8.16  -0.75

SNOWFALL (IN)
  YESTERDAY        0.0
  MONTH TO DATE    0.0
  SINCE SEP 1      0.0
  SINCE JUL 1      0.0
  SNOW DEPTH       0

DEGREE DAYS
 HEATING
  YESTERDAY        2                        10     -8       11
  MONTH TO DATE   74                       135    -61      181
  SINCE SEP 1     83                       161    -78      205
  SINCE JUL 1     83                       161    -78      205

 COOLING
  YESTERDAY        0                         0      0        0
  MONTH TO DATE    3                         7     -4        1
  SINCE SEP 1    214                       162     52      190
  SINCE JAN 1   1444                      1319    125     1565
..................................................................


WIND (MPH)
  HIGHEST WIND SPEED    10   HIGHEST WIND DIRECTION    SW (210)
  HIGHEST GUST SPEED    13   HIGHEST GUST DIRECTION     W (270)
  AVERAGE WIND SPEED     3.7


SKY COVER
  POSSIBLE SUNSHINE  MM
  AVERAGE SKY COVER 0.4


WEATHER CONDITIONS
 THE FOLLOWING WEATHER WAS RECORDED YESTERDAY.
  NO SIGNIFICANT WEATHER WAS OBSERVED.


RELATIVE HUMIDITY (PERCENT)
 HIGHEST    77           200 AM
 LOWEST     27           400 PM
 AVERAGE    52

..........................................................


THE ALBUQUERQUE  NM CLIMATE NORMALS FOR TODAY
                         NORMAL    RECORD    YEAR
 MAXIMUM TEMPERATURE (F)   66        80      2003
                                             1959
                                             1950
 MINIMUM TEMPERATURE (F)   43        19      1908


SUNRISE AND SUNSET
OCTOBER 23 2014.......SUNRISE   719 AM MDT   SUNSET   622 PM MDT
OCTOBER 24 2014.......SUNRISE   720 AM MDT   SUNSET   621 PM MDT


-  INDICATES NEGATIVE NUMBERS.
R  INDICATES RECORD WAS SET OR TIED.
MM INDICATES DATA IS MISSING.
T  INDICATES TRACE AMOUNT.




$$





U.S. Dept. of Commerce
NOAA National Weather Service
1325 East West Highway
Silver Spring, MD 20910
E-mail: w-nws.webmaster@noaa.gov
Page last modified: May 16, 2007
NATIONAL WEATHER SERVICE: for Safety, for Work, for Fun - FOR LIFE