207
CDUS45 KABQ 240839
CLIABQ


CLIMATE REPORT
NATIONAL WEATHER SERVICE ALBUQUERQUE NM
234 AM MDT FRI OCT 24 2014


...................................

...THE ALBUQUERQUE  NM CLIMATE SUMMARY FOR OCTOBER 23 2014...

CLIMATE NORMAL PERIOD 1981 TO 2010
CLIMATE RECORD PERIOD 1897 TO 2014


WEATHER ITEM   OBSERVED TIME   RECORD YEAR NORMAL DEPARTURE LAST
                VALUE   (LST)  VALUE       VALUE  FROM      YEAR
                                                  NORMAL
..................................................................
TEMPERATURE (F)
 YESTERDAY
  MAXIMUM         76    315 PM  80    2003  66     10       70
                                      1959
                                      1950
  MINIMUM         51    636 AM  19    1908  43      8       42
  AVERAGE         64                        55      9       56

PRECIPITATION (IN)
  YESTERDAY        0.00          1.15 1907   0.03  -0.03
  MONTH TO DATE    0.62                      0.83  -0.21
  SINCE SEP 1      1.35                      1.91  -0.56
  SINCE JAN 1      7.41                      8.19  -0.78

SNOWFALL (IN)
  YESTERDAY        0.0
  MONTH TO DATE    0.0
  SINCE SEP 1      0.0
  SINCE JUL 1      0.0
  SNOW DEPTH       0

DEGREE DAYS
 HEATING
  YESTERDAY        1                        10     -9        9
  MONTH TO DATE   75                       145    -70      190
  SINCE SEP 1     84                       171    -87      214
  SINCE JUL 1     84                       171    -87      214

 COOLING
  YESTERDAY        0                         0      0        0
  MONTH TO DATE    3                         7     -4        1
  SINCE SEP 1    214                       162     52      190
  SINCE JAN 1   1444                      1319    125     1565
..................................................................


WIND (MPH)
  HIGHEST WIND SPEED    12   HIGHEST WIND DIRECTION     W (290)
  HIGHEST GUST SPEED    14   HIGHEST GUST DIRECTION     W (270)
  AVERAGE WIND SPEED     3.0


SKY COVER
  POSSIBLE SUNSHINE  MM
  AVERAGE SKY COVER 0.1


WEATHER CONDITIONS
 THE FOLLOWING WEATHER WAS RECORDED YESTERDAY.
  NO SIGNIFICANT WEATHER WAS OBSERVED.


RELATIVE HUMIDITY (PERCENT)
 HIGHEST    77           400 AM
 LOWEST     23           400 PM
 AVERAGE    50

..........................................................


THE ALBUQUERQUE  NM CLIMATE NORMALS FOR TODAY
                         NORMAL    RECORD    YEAR
 MAXIMUM TEMPERATURE (F)   66        80      2012
 MINIMUM TEMPERATURE (F)   43        25      1975
                                             1917
                                             1908


SUNRISE AND SUNSET
OCTOBER 24 2014.......SUNRISE   720 AM MDT   SUNSET   621 PM MDT
OCTOBER 25 2014.......SUNRISE   721 AM MDT   SUNSET   619 PM MDT


-  INDICATES NEGATIVE NUMBERS.
R  INDICATES RECORD WAS SET OR TIED.
MM INDICATES DATA IS MISSING.
T  INDICATES TRACE AMOUNT.

$$






U.S. Dept. of Commerce
NOAA National Weather Service
1325 East West Highway
Silver Spring, MD 20910
E-mail: w-nws.webmaster@noaa.gov
Page last modified: May 16, 2007
NATIONAL WEATHER SERVICE: for Safety, for Work, for Fun - FOR LIFE