275
CDUS45 KABQ 010831
CLIABQ


CLIMATE REPORT
NATIONAL WEATHER SERVICE ALBUQUERQUE NM
129 AM MST SUN FEB 1 2015


...................................

...THE ALBUQUERQUE  NM CLIMATE SUMMARY FOR JANUARY 31 2015...

CLIMATE NORMAL PERIOD 1981 TO 2010
CLIMATE RECORD PERIOD 1897 TO 2015


WEATHER ITEM   OBSERVED TIME   RECORD YEAR NORMAL DEPARTURE LAST
                VALUE   (LST)  VALUE       VALUE  FROM      YEAR
                                                  NORMAL
..................................................................
TEMPERATURE (F)
 YESTERDAY
  MAXIMUM         42    357 PM  72    1911  49     -7       60
  MINIMUM         32    801 AM   5    1951  28      4       41
  AVERAGE         37                        38     -1       51

PRECIPITATION (IN)
  YESTERDAY        0.14          0.51 1973   0.01   0.13
  MONTH TO DATE    0.70                      0.38   0.32
  SINCE DEC 1      1.84                      0.88   0.96
  SINCE JAN 1      0.70                      0.38   0.32

SNOWFALL (IN)
  YESTERDAY        0.2
  MONTH TO DATE    4.2
  SINCE DEC 1      5.4
  SINCE JUL 1      5.4
  SNOW DEPTH       0

DEGREE DAYS
 HEATING
  YESTERDAY       28                        27      1       14
  MONTH TO DATE  851                       885    -34      802
  SINCE DEC 1   1638                      1775   -137     1706
  SINCE JUL 1   2321                      2642   -321     2596

 COOLING
  YESTERDAY        0                         0      0        0
  MONTH TO DATE    0                         0      0        0
  SINCE DEC 1      0                         0      0        0
  SINCE JAN 1      0                         0      0        0
..................................................................


WIND (MPH)
  HIGHEST WIND SPEED    10   HIGHEST WIND DIRECTION     N (360)
  HIGHEST GUST SPEED    MM   HIGHEST GUST DIRECTION    MM
  AVERAGE WIND SPEED     3.3


SKY COVER
  POSSIBLE SUNSHINE  MM
  AVERAGE SKY COVER 0.9


WEATHER CONDITIONS
 THE FOLLOWING WEATHER WAS RECORDED YESTERDAY.
  LIGHT RAIN
  LIGHT SNOW
  FOG


RELATIVE HUMIDITY (PERCENT)
 HIGHEST   100           600 AM
 LOWEST     79           400 PM
 AVERAGE    90

..........................................................


THE ALBUQUERQUE  NM CLIMATE NORMALS FOR TODAY
                         NORMAL    RECORD    YEAR
 MAXIMUM TEMPERATURE (F)   49        70      1963
 MINIMUM TEMPERATURE (F)   28        -5      1951


SUNRISE AND SUNSET
FEBRUARY  1 2015......SUNRISE   705 AM MST   SUNSET   535 PM MST
FEBRUARY  2 2015......SUNRISE   705 AM MST   SUNSET   536 PM MST


-  INDICATES NEGATIVE NUMBERS.
R  INDICATES RECORD WAS SET OR TIED.
MM INDICATES DATA IS MISSING.
T  INDICATES TRACE AMOUNT.




$$






U.S. Dept. of Commerce
NOAA National Weather Service
1325 East West Highway
Silver Spring, MD 20910
E-mail: w-nws.webmaster@noaa.gov
Page last modified: May 16, 2007
NATIONAL WEATHER SERVICE: for Safety, for Work, for Fun - FOR LIFE