763
CDUS44 KSJT 262328
CLIABI


CLIMATE REPORT
NATIONAL WEATHER SERVICE SAN ANGELO TX
528 PM CST WED NOV 26 2014


...................................

...THE ABILENE CLIMATE SUMMARY FOR NOVEMBER 26 2014...
VALID TODAY AS OF 0500 PM LOCAL TIME.

CLIMATE NORMAL PERIOD 1981 TO 2010
CLIMATE RECORD PERIOD 1886 TO 2014


WEATHER ITEM   OBSERVED TIME   RECORD YEAR NORMAL DEPARTURE LAST
                VALUE   (LST)  VALUE       VALUE  FROM      YEAR
                                                  NORMAL
..................................................................
TEMPERATURE (F)
 TODAY
  MAXIMUM         61    256 PM  86    1965  62     -1       51
  MINIMUM         38    711 AM  16    1993  39     -1       33
  AVERAGE         50                        50      0       42

PRECIPITATION (IN)
  TODAY            0.00          2.14 1888   0.04  -0.04      T
  MONTH TO DATE    2.44                      1.26   1.18     1.17
  SINCE SEP 1      3.99                      6.48  -2.49     5.75
  SINCE JAN 1     14.49                     23.44  -8.95    22.08

SNOWFALL (IN)
  TODAY            0.0           T    2013   0.1   -0.1       T
                                      1980
  MONTH TO DATE    0.1                       0.6   -0.5      0.5
  SINCE NOV 1      0.1                       0.6   -0.5      0.5
  SINCE JUL 1      0.1                       0.6   -0.5      0.5

DEGREE DAYS
 HEATING
  TODAY           15                        15      0       23
  MONTH TO DATE  361                       266     95      316
  SINCE SEP 1    388                       370     18      395
  SINCE JUL 1    388                       370     18      395

 COOLING
  TODAY            0                         0      0        0
  MONTH TO DATE    9                        15     -6       13
  SINCE SEP 1    635                       459    176      568
  SINCE JAN 1   2819                      2404    415     2722
..................................................................


WIND (MPH)
  HIGHEST WIND SPEED    23   HIGHEST WIND DIRECTION    NW (330)
  HIGHEST GUST SPEED    28   HIGHEST GUST DIRECTION     N (340)
  AVERAGE WIND SPEED    10.9


SKY COVER
  POSSIBLE SUNSHINE  MM
  AVERAGE SKY COVER 0.0


WEATHER CONDITIONS
 THE FOLLOWING WEATHER WAS RECORDED TODAY.
  NO SIGNIFICANT WEATHER WAS OBSERVED.


RELATIVE HUMIDITY (PERCENT)
 HIGHEST    54           700 AM
 LOWEST     32           900 AM
 AVERAGE    43

..........................................................


THE ABILENE CLIMATE NORMALS FOR TOMORROW
                         NORMAL    RECORD    YEAR
 MAXIMUM TEMPERATURE (F)   62        88      1949
                                             1905
 MINIMUM TEMPERATURE (F)   38        13      1887


SUNRISE AND SUNSET
NOVEMBER 26 2014......SUNRISE   718 AM CST   SUNSET   534 PM CST
NOVEMBER 27 2014......SUNRISE   719 AM CST   SUNSET   534 PM CST


-  INDICATES NEGATIVE NUMBERS.
R  INDICATES RECORD WAS SET OR TIED.
MM INDICATES DATA IS MISSING.
T  INDICATES TRACE AMOUNT.




$$






U.S. Dept. of Commerce
NOAA National Weather Service
1325 East West Highway
Silver Spring, MD 20910
E-mail: w-nws.webmaster@noaa.gov
Page last modified: May 16, 2007
NATIONAL WEATHER SERVICE: for Safety, for Work, for Fun - FOR LIFE