285
CDUS44 KSJT 210655
CLIABI


CLIMATE REPORT
NATIONAL WEATHER SERVICE SAN ANGELO TX
155 AM CDT TUE OCT 21 2014


...................................

...THE ABILENE CLIMATE SUMMARY FOR OCTOBER 20 2014...

CLIMATE NORMAL PERIOD 1981 TO 2010
CLIMATE RECORD PERIOD 1886 TO 2014


WEATHER ITEM   OBSERVED TIME   RECORD YEAR NORMAL DEPARTURE LAST
                VALUE   (LST)  VALUE       VALUE  FROM      YEAR
                                                  NORMAL
..................................................................
TEMPERATURE (F)
 YESTERDAY
  MAXIMUM         83    337 PM  93    1979  76      7       77
  MINIMUM         59    718 AM  29    1976  53      6       45
  AVERAGE         71                        65      6       61

PRECIPITATION (IN)
  YESTERDAY        0.00          1.73 1983   0.10  -0.10     0.00
  MONTH TO DATE    0.77                      1.98  -1.21     1.40
  SINCE SEP 1      1.54                      4.22  -2.68     4.58
  SINCE JAN 1     12.04                     21.18  -9.14    20.91

SNOWFALL (IN)
  YESTERDAY        0.0           0.0  2002   0.0    0.0      0.0
  MONTH TO DATE    0.0                       0.0    0.0      0.0
  SINCE NOV 1      3.1                       4.7   -1.6      1.1
  SINCE JUL 1      0.0                       0.0    0.0      0.0

DEGREE DAYS
 HEATING
  YESTERDAY        0                         3     -3        4
  MONTH TO DATE   14                        42    -28       53
  SINCE SEP 1     19                        53    -34       53
  SINCE JUL 1     19                        53    -34       53

 COOLING
  YESTERDAY        6                         3      3        0
  MONTH TO DATE  161                        92     69      112
  SINCE SEP 1    559                       418    141      527
  SINCE JAN 1   2743                      2363    380     2681
..................................................................


WIND (MPH)
  HIGHEST WIND SPEED    14   HIGHEST WIND DIRECTION     S (160)
  HIGHEST GUST SPEED    17   HIGHEST GUST DIRECTION     S (160)
  AVERAGE WIND SPEED     6.9


SKY COVER
  POSSIBLE SUNSHINE  MM
  AVERAGE SKY COVER 0.1


WEATHER CONDITIONS
 THE FOLLOWING WEATHER WAS RECORDED YESTERDAY.
  FOG
  HAZE


RELATIVE HUMIDITY (PERCENT)
 HIGHEST    90           400 AM
 LOWEST     39           300 PM
 AVERAGE    65

..........................................................


THE ABILENE CLIMATE NORMALS FOR TODAY
                         NORMAL    RECORD    YEAR
 MAXIMUM TEMPERATURE (F)   76        93      1979
                                             1933
 MINIMUM TEMPERATURE (F)   53        34      1917


SUNRISE AND SUNSET
OCTOBER 21 2014.......SUNRISE   747 AM CDT   SUNSET   659 PM CDT
OCTOBER 22 2014.......SUNRISE   748 AM CDT   SUNSET   658 PM CDT


-  INDICATES NEGATIVE NUMBERS.
R  INDICATES RECORD WAS SET OR TIED.
MM INDICATES DATA IS MISSING.
T  INDICATES TRACE AMOUNT.




$$






U.S. Dept. of Commerce
NOAA National Weather Service
1325 East West Highway
Silver Spring, MD 20910
E-mail: w-nws.webmaster@noaa.gov
Page last modified: May 16, 2007
NATIONAL WEATHER SERVICE: for Safety, for Work, for Fun - FOR LIFE