753
CDUS44 KSJT 250658
CLIABI


CLIMATE REPORT
NATIONAL WEATHER SERVICE SAN ANGELO TX
156 AM CDT FRI APR 25 2014


...................................

...THE ABILENE CLIMATE SUMMARY FOR APRIL 24 2014...

CLIMATE NORMAL PERIOD 1981 TO 2010
CLIMATE RECORD PERIOD 1886 TO 2014


WEATHER ITEM   OBSERVED TIME   RECORD YEAR NORMAL DEPARTURE LAST
                VALUE   (LST)  VALUE       VALUE  FROM      YEAR
                                                  NORMAL
..................................................................
TEMPERATURE (F)
 YESTERDAY
  MAXIMUM         83    319 PM  96    1961  80      3       62
  MINIMUM         57   1159 PM  33    2013  54      3       33
  AVERAGE         70                        67      3       48

PRECIPITATION (IN)
  YESTERDAY        0.00          2.82 1890   0.07  -0.07     0.00
  MONTH TO DATE    0.61                      1.22  -0.61     1.72
  SINCE MAR 1      1.28                      2.96  -1.68     2.33
  SINCE JAN 1      1.77                      5.34  -3.57     4.22

SNOWFALL (IN)
  YESTERDAY        0.0           0.0  2000   0.0    0.0      0.0
  MONTH TO DATE    T                         0.3   -0.3       T
  SINCE NOV 1      3.1                       4.7   -1.6      1.1
  SINCE JUL 1      3.1                       4.7   -1.6      1.1

DEGREE DAYS
 HEATING
  YESTERDAY        0                         2     -2       17
  MONTH TO DATE   88                       101    -13      152
  SINCE MAR 1    428                       399     29      413
  SINCE JUL 1   2790                      2532    258     2248

 COOLING
  YESTERDAY        5                         4      1        0
  MONTH TO DATE  115                        70     45       92
  SINCE MAR 1    154                        99     55      132
  SINCE JAN 1    159                       104     55      138
..................................................................


WIND (MPH)
  HIGHEST WIND SPEED    30   HIGHEST WIND DIRECTION    NW (330)
  HIGHEST GUST SPEED    40   HIGHEST GUST DIRECTION    NW (310)
  AVERAGE WIND SPEED    14.5


SKY COVER
  POSSIBLE SUNSHINE  MM
  AVERAGE SKY COVER 0.0


WEATHER CONDITIONS
 THE FOLLOWING WEATHER WAS RECORDED YESTERDAY.
  HAZE
  SANDSTORM


RELATIVE HUMIDITY (PERCENT)
 HIGHEST    81           600 AM
 LOWEST     16           300 PM
 AVERAGE    49

..........................................................


THE ABILENE CLIMATE NORMALS FOR TODAY
                         NORMAL    RECORD    YEAR
 MAXIMUM TEMPERATURE (F)   80       104      2012
 MINIMUM TEMPERATURE (F)   55        38      1913
                                             1910
                                             1887


SUNRISE AND SUNSET
APRIL 25 2014.........SUNRISE   658 AM CDT   SUNSET   816 PM CDT
APRIL 26 2014.........SUNRISE   657 AM CDT   SUNSET   816 PM CDT


-  INDICATES NEGATIVE NUMBERS.
R  INDICATES RECORD WAS SET OR TIED.
MM INDICATES DATA IS MISSING.
T  INDICATES TRACE AMOUNT.




$$






U.S. Dept. of Commerce
NOAA National Weather Service
1325 East West Highway
Silver Spring, MD 20910
E-mail: w-nws.webmaster@noaa.gov
Page last modified: May 16, 2007
NATIONAL WEATHER SERVICE: for Safety, for Work, for Fun - FOR LIFE