503
CDUS44 KSJT 170820
CLIABI


CLIMATE REPORT
NATIONAL WEATHER SERVICE SAN ANGELO TX
319 AM CDT WED SEP 17 2014


...................................

...THE ABILENE CLIMATE SUMMARY FOR SEPTEMBER 16 2014...

CLIMATE NORMAL PERIOD 1981 TO 2010
CLIMATE RECORD PERIOD 1886 TO 2014


WEATHER ITEM   OBSERVED TIME   RECORD YEAR NORMAL DEPARTURE LAST
                VALUE   (LST)  VALUE       VALUE  FROM      YEAR
                                                  NORMAL
..................................................................
TEMPERATURE (F)
 YESTERDAY
  MAXIMUM         89    315 PM 103    1965  87      2       90
  MINIMUM         72    720 AM  46    1903  64      8       71
  AVERAGE         81                        75      6       81

PRECIPITATION (IN)
  YESTERDAY        T             3.07 1974   0.06  -0.06      T
  MONTH TO DATE    0.26                      1.25  -0.99      T
  SINCE SEP 1      0.26                      1.25  -0.99      T
  SINCE JAN 1     10.76                     18.21  -7.45    16.33

DEGREE DAYS
 HEATING
  YESTERDAY        0                         0      0        0
  MONTH TO DATE    5                         0      5        0
  SINCE SEP 1      5                         0      5        0
  SINCE JUL 1      5                         0      5        0

 COOLING
  YESTERDAY       16                        11      5       16
  MONTH TO DATE  235                       207     28      287
  SINCE SEP 1    235                       207     28      287
  SINCE JAN 1   2419                      2152    267     2441
..................................................................


WIND (MPH)
  HIGHEST WIND SPEED    12   HIGHEST WIND DIRECTION     S (190)
  HIGHEST GUST SPEED    13   HIGHEST GUST DIRECTION     S (200)
  AVERAGE WIND SPEED     3.6


SKY COVER
  POSSIBLE SUNSHINE  MM
  AVERAGE SKY COVER 0.6


WEATHER CONDITIONS
 THE FOLLOWING WEATHER WAS RECORDED YESTERDAY.
  NO SIGNIFICANT WEATHER WAS OBSERVED.


RELATIVE HUMIDITY (PERCENT)
 HIGHEST    84           100 AM
 LOWEST     43           200 PM
 AVERAGE    64

..........................................................


THE ABILENE CLIMATE NORMALS FOR TODAY
                         NORMAL    RECORD    YEAR
 MAXIMUM TEMPERATURE (F)   86       100      1997
 MINIMUM TEMPERATURE (F)   64        43      1903


SUNRISE AND SUNSET
SEPTEMBER 17 2014.....SUNRISE   724 AM CDT   SUNSET   742 PM CDT
SEPTEMBER 18 2014.....SUNRISE   724 AM CDT   SUNSET   741 PM CDT


-  INDICATES NEGATIVE NUMBERS.
R  INDICATES RECORD WAS SET OR TIED.
MM INDICATES DATA IS MISSING.
T  INDICATES TRACE AMOUNT.




$$





503
CDUS44 KSJT 170820
CLIABI


CLIMATE REPORT
NATIONAL WEATHER SERVICE SAN ANGELO TX
319 AM CDT WED SEP 17 2014


...................................

...THE ABILENE CLIMATE SUMMARY FOR SEPTEMBER 16 2014...

CLIMATE NORMAL PERIOD 1981 TO 2010
CLIMATE RECORD PERIOD 1886 TO 2014


WEATHER ITEM   OBSERVED TIME   RECORD YEAR NORMAL DEPARTURE LAST
                VALUE   (LST)  VALUE       VALUE  FROM      YEAR
                                                  NORMAL
..................................................................
TEMPERATURE (F)
 YESTERDAY
  MAXIMUM         89    315 PM 103    1965  87      2       90
  MINIMUM         72    720 AM  46    1903  64      8       71
  AVERAGE         81                        75      6       81

PRECIPITATION (IN)
  YESTERDAY        T             3.07 1974   0.06  -0.06      T
  MONTH TO DATE    0.26                      1.25  -0.99      T
  SINCE SEP 1      0.26                      1.25  -0.99      T
  SINCE JAN 1     10.76                     18.21  -7.45    16.33

DEGREE DAYS
 HEATING
  YESTERDAY        0                         0      0        0
  MONTH TO DATE    5                         0      5        0
  SINCE SEP 1      5                         0      5        0
  SINCE JUL 1      5                         0      5        0

 COOLING
  YESTERDAY       16                        11      5       16
  MONTH TO DATE  235                       207     28      287
  SINCE SEP 1    235                       207     28      287
  SINCE JAN 1   2419                      2152    267     2441
..................................................................


WIND (MPH)
  HIGHEST WIND SPEED    12   HIGHEST WIND DIRECTION     S (190)
  HIGHEST GUST SPEED    13   HIGHEST GUST DIRECTION     S (200)
  AVERAGE WIND SPEED     3.6


SKY COVER
  POSSIBLE SUNSHINE  MM
  AVERAGE SKY COVER 0.6


WEATHER CONDITIONS
 THE FOLLOWING WEATHER WAS RECORDED YESTERDAY.
  NO SIGNIFICANT WEATHER WAS OBSERVED.


RELATIVE HUMIDITY (PERCENT)
 HIGHEST    84           100 AM
 LOWEST     43           200 PM
 AVERAGE    64

..........................................................


THE ABILENE CLIMATE NORMALS FOR TODAY
                         NORMAL    RECORD    YEAR
 MAXIMUM TEMPERATURE (F)   86       100      1997
 MINIMUM TEMPERATURE (F)   64        43      1903


SUNRISE AND SUNSET
SEPTEMBER 17 2014.....SUNRISE   724 AM CDT   SUNSET   742 PM CDT
SEPTEMBER 18 2014.....SUNRISE   724 AM CDT   SUNSET   741 PM CDT


-  INDICATES NEGATIVE NUMBERS.
R  INDICATES RECORD WAS SET OR TIED.
MM INDICATES DATA IS MISSING.
T  INDICATES TRACE AMOUNT.




$$





U.S. Dept. of Commerce
NOAA National Weather Service
1325 East West Highway
Silver Spring, MD 20910
E-mail: w-nws.webmaster@noaa.gov
Page last modified: May 16, 2007
NATIONAL WEATHER SERVICE: for Safety, for Work, for Fun - FOR LIFE