930
CDUS44 KSJT 242228
CLIABI


CLIMATE REPORT
NATIONAL WEATHER SERVICE SAN ANGELO TX
527 PM CDT FRI OCT 24 2014


...................................

...THE ABILENE CLIMATE SUMMARY FOR OCTOBER 24 2014...
VALID TODAY AS OF 0500 PM LOCAL TIME.

CLIMATE NORMAL PERIOD 1981 TO 2010
CLIMATE RECORD PERIOD 1886 TO 2014


WEATHER ITEM   OBSERVED TIME   RECORD YEAR NORMAL DEPARTURE LAST
                VALUE   (LST)  VALUE       VALUE  FROM      YEAR
                                                  NORMAL
..................................................................
TEMPERATURE (F)
 TODAY
  MAXIMUM         87    402 PM  92    1933  75     12       78
  MINIMUM         61    614 AM  32    1929  52      9       50
  AVERAGE         74                        63     11       64

PRECIPITATION (IN)
  TODAY            0.00          1.98 1947   0.10  -0.10     0.00
  MONTH TO DATE    0.78                      2.38  -1.60     1.40
  SINCE SEP 1      1.55                      4.62  -3.07     4.58
  SINCE JAN 1     12.05                     21.58  -9.53    20.91

SNOWFALL (IN)
  TODAY            0.0           0.0  2002   0.0    0.0      0.0
  MONTH TO DATE    0.0                       0.0    0.0      0.0
  SINCE NOV 1      3.1                       4.7   -1.6      1.1
  SINCE JUL 1      0.0                       0.0    0.0      0.0

DEGREE DAYS
 HEATING
  TODAY            0                         4     -4        1
  MONTH TO DATE   14                        57    -43       71
  SINCE SEP 1     19                        68    -49       71
  SINCE JUL 1     19                        68    -49       71

 COOLING
  TODAY            9                         2      7        0
  MONTH TO DATE  185                       103     82      113
  SINCE SEP 1    583                       429    154      528
  SINCE JAN 1   2767                      2374    393     2682
..................................................................


WIND (MPH)
  HIGHEST WIND SPEED    15   HIGHEST WIND DIRECTION    SW (210)
  HIGHEST GUST SPEED    19   HIGHEST GUST DIRECTION    SW (210)
  AVERAGE WIND SPEED     8.1


SKY COVER
  POSSIBLE SUNSHINE  MM
  AVERAGE SKY COVER 0.0


WEATHER CONDITIONS
 THE FOLLOWING WEATHER WAS RECORDED TODAY.
  FOG
  HAZE


RELATIVE HUMIDITY (PERCENT)
 HIGHEST    97           600 AM
 LOWEST     32           400 PM
 AVERAGE    65

..........................................................


THE ABILENE CLIMATE NORMALS FOR TOMORROW
                         NORMAL    RECORD    YEAR
 MAXIMUM TEMPERATURE (F)   75        91      1950
 MINIMUM TEMPERATURE (F)   52        34      1887


SUNRISE AND SUNSET
OCTOBER 24 2014.......SUNRISE   749 AM CDT   SUNSET   656 PM CDT
OCTOBER 25 2014.......SUNRISE   750 AM CDT   SUNSET   655 PM CDT


-  INDICATES NEGATIVE NUMBERS.
R  INDICATES RECORD WAS SET OR TIED.
MM INDICATES DATA IS MISSING.
T  INDICATES TRACE AMOUNT.




$$






U.S. Dept. of Commerce
NOAA National Weather Service
1325 East West Highway
Silver Spring, MD 20910
E-mail: w-nws.webmaster@noaa.gov
Page last modified: May 16, 2007
NATIONAL WEATHER SERVICE: for Safety, for Work, for Fun - FOR LIFE