396
CDUS44 KSJT 312227
CLIABI


CLIMATE REPORT
NATIONAL WEATHER SERVICE SAN ANGELO TX
526 PM CDT FRI OCT 31 2014


...................................

...THE ABILENE CLIMATE SUMMARY FOR OCTOBER 31 2014...
VALID TODAY AS OF 0500 PM LOCAL TIME.

CLIMATE NORMAL PERIOD 1981 TO 2010
CLIMATE RECORD PERIOD 1886 TO 2014


WEATHER ITEM   OBSERVED TIME   RECORD YEAR NORMAL DEPARTURE LAST
                VALUE   (LST)  VALUE       VALUE  FROM      YEAR
                                                  NORMAL
..................................................................
TEMPERATURE (F)
 TODAY
  MAXIMUM         69    342 PM  91    1934  73     -4       73
  MINIMUM         48    632 AM  23    1993  50     -2       51
  AVERAGE         59                        61     -2       62

PRECIPITATION (IN)
  TODAY            0.00          0.80 2004   0.08  -0.08     0.00
  MONTH TO DATE    0.78                      2.98  -2.20     1.40
  SINCE SEP 1      1.55                      5.22  -3.67     4.58
  SINCE JAN 1     12.05                     22.18 -10.13    20.91

SNOWFALL (IN)
  TODAY            0.0           T    1991   0.0    0.0      0.0
  MONTH TO DATE    0.0                       T      0.0      0.0
  SINCE NOV 1      3.1                       4.7   -1.6      1.1
  SINCE JUL 1      0.0                       T      0.0      0.0

DEGREE DAYS
 HEATING
  TODAY            6                         6      0        3
  MONTH TO DATE   21                        93    -72       79
  SINCE SEP 1     26                       104    -78       79
  SINCE JUL 1     26                       104    -78       79

 COOLING
  TODAY            0                         2     -2        0
  MONTH TO DATE  228                       118    110      140
  SINCE SEP 1    626                       444    182      555
  SINCE JAN 1   2810                      2389    421     2709
..................................................................


WIND (MPH)
  HIGHEST WIND SPEED    16   HIGHEST WIND DIRECTION     N (360)
  HIGHEST GUST SPEED    23   HIGHEST GUST DIRECTION     N (20)
  AVERAGE WIND SPEED     8.1


SKY COVER
  POSSIBLE SUNSHINE  MM
  AVERAGE SKY COVER 0.0


WEATHER CONDITIONS
 THE FOLLOWING WEATHER WAS RECORDED TODAY.
  NO SIGNIFICANT WEATHER WAS OBSERVED.


RELATIVE HUMIDITY (PERCENT)
 HIGHEST    66           600 AM
 LOWEST     24           200 PM
 AVERAGE    45

..........................................................


THE ABILENE CLIMATE NORMALS FOR TOMORROW
                         NORMAL    RECORD    YEAR
 MAXIMUM TEMPERATURE (F)   72        91      1945
 MINIMUM TEMPERATURE (F)   49        31      1991


SUNRISE AND SUNSET
OCTOBER 31 2014.......SUNRISE   755 AM CDT   SUNSET   649 PM CDT
NOVEMBER  1 2014......SUNRISE   756 AM CDT   SUNSET   648 PM CDT


-  INDICATES NEGATIVE NUMBERS.
R  INDICATES RECORD WAS SET OR TIED.
MM INDICATES DATA IS MISSING.
T  INDICATES TRACE AMOUNT.




$$







U.S. Dept. of Commerce
NOAA National Weather Service
1325 East West Highway
Silver Spring, MD 20910
E-mail: w-nws.webmaster@noaa.gov
Page last modified: May 16, 2007
NATIONAL WEATHER SERVICE: for Safety, for Work, for Fun - FOR LIFE