701
CDUS44 KSJT 180659
CLIABI


CLIMATE REPORT
NATIONAL WEATHER SERVICE SAN ANGELO TX
158 AM CDT FRI APR 18 2014


...................................

...THE ABILENE CLIMATE SUMMARY FOR APRIL 17 2014...

CLIMATE NORMAL PERIOD 1981 TO 2010
CLIMATE RECORD PERIOD 1886 TO 2014


WEATHER ITEM   OBSERVED TIME   RECORD YEAR NORMAL DEPARTURE LAST
                VALUE   (LST)  VALUE       VALUE  FROM      YEAR
                                                  NORMAL
..................................................................
TEMPERATURE (F)
 YESTERDAY
  MAXIMUM         64    505 PM  98    2006  78    -14       91
  MINIMUM         53    807 AM  30    1947  52      1       70
                                      1921
  AVERAGE         59                        65     -6       81

PRECIPITATION (IN)
  YESTERDAY        T             1.52 1988   0.05  -0.05     0.00
  MONTH TO DATE    0.21                      0.80  -0.59     1.33
  SINCE MAR 1      0.88                      2.54  -1.66     1.94
  SINCE JAN 1      1.37                      4.92  -3.55     3.83

SNOWFALL (IN)
  YESTERDAY        0.0           0.0  2002   0.0    0.0      0.0
  MONTH TO DATE    T                         0.3   -0.3       T
  SINCE NOV 1      3.1                       4.7   -1.6      1.1
  SINCE JUL 1      3.1                       4.7   -1.6      1.1

DEGREE DAYS
 HEATING
  YESTERDAY        6                         3      3        0
  MONTH TO DATE   86                        82      4       99
  SINCE MAR 1    426                       380     46      360
  SINCE JUL 1   2788                      2513    275     2195

 COOLING
  YESTERDAY        0                         3     -3       16
  MONTH TO DATE   77                        43     34       85
  SINCE MAR 1    116                        72     44      125
  SINCE JAN 1    121                        77     44      131
..................................................................


WIND (MPH)
  HIGHEST WIND SPEED    21   HIGHEST WIND DIRECTION    SE (130)
  HIGHEST GUST SPEED    26   HIGHEST GUST DIRECTION    SE (140)
  AVERAGE WIND SPEED    12.7


SKY COVER
  POSSIBLE SUNSHINE  MM
  AVERAGE SKY COVER 0.8


WEATHER CONDITIONS
 THE FOLLOWING WEATHER WAS RECORDED YESTERDAY.
  LIGHT RAIN
  FOG
  HAZE


RELATIVE HUMIDITY (PERCENT)
 HIGHEST    89           800 AM
 LOWEST     42          1200 AM
 AVERAGE    66

..........................................................


THE ABILENE CLIMATE NORMALS FOR TODAY
                         NORMAL    RECORD    YEAR
 MAXIMUM TEMPERATURE (F)   78       102      1925
 MINIMUM TEMPERATURE (F)   53        35      1921


SUNRISE AND SUNSET
APRIL 18 2014.........SUNRISE   706 AM CDT   SUNSET   811 PM CDT
APRIL 19 2014.........SUNRISE   705 AM CDT   SUNSET   811 PM CDT


-  INDICATES NEGATIVE NUMBERS.
R  INDICATES RECORD WAS SET OR TIED.
MM INDICATES DATA IS MISSING.
T  INDICATES TRACE AMOUNT.




$$






U.S. Dept. of Commerce
NOAA National Weather Service
1325 East West Highway
Silver Spring, MD 20910
E-mail: w-nws.webmaster@noaa.gov
Page last modified: May 16, 2007
NATIONAL WEATHER SERVICE: for Safety, for Work, for Fun - FOR LIFE