706
CDUS41 KPHI 240626
CLIABE


CLIMATE REPORT
NATIONAL WEATHER SERVICE MOUNT HOLLY NJ
226 AM EDT THU APR 24 2014


...................................

...THE ALLENTOWN PA CLIMATE SUMMARY FOR APRIL 23 2014...

CLIMATE NORMAL PERIOD 1981 TO 2010
CLIMATE RECORD PERIOD 1922 TO 2014


WEATHER ITEM   OBSERVED TIME   RECORD YEAR NORMAL DEPARTURE LAST
                VALUE   (LST)  VALUE       VALUE  FROM      YEAR
                                                  NORMAL
..................................................................
TEMPERATURE (F)
 YESTERDAY
  MAXIMUM         57    204 PM  89    1960  64     -7       53
  MINIMUM         43   1159 PM  28    1945  41      2       41
                                      1936
                                      1933
  AVERAGE         50                        52     -2       47

PRECIPITATION (IN)
  YESTERDAY        0.00          1.10 2005   0.12  -0.12      T
  MONTH TO DATE    2.63                      2.74  -0.11     2.72
  SINCE MAR 1      5.07                      6.13  -1.06     5.01
  SINCE JAN 1     14.06                     11.86   2.20    11.07

SNOWFALL (IN)
  YESTERDAY        0.0           1.1  1986   0.0    0.0      0.0
  MONTH TO DATE    0.3                       0.9   -0.6      0.0
  SINCE MAR 1      1.4                       5.8   -4.4      4.5
  SINCE JUL 1     68.1                      32.8   35.3     21.4
  SNOW DEPTH       0

DEGREE DAYS
 HEATING
  YESTERDAY       15                        13      2       18
  MONTH TO DATE  360                       377    -17      340
  SINCE MAR 1   1322                      1180    142     1173
  SINCE JUL 1   5920                      5489    431     5128

 COOLING
  YESTERDAY        0                         0      0        0
  MONTH TO DATE    7                         0      7        8
  SINCE MAR 1      7                         0      7        8
  SINCE JAN 1      7                         0      7        8
..................................................................


WIND (MPH)
  HIGHEST WIND SPEED    29   HIGHEST WIND DIRECTION    NW (330)
  HIGHEST GUST SPEED    39   HIGHEST GUST DIRECTION    NW (330)
  AVERAGE WIND SPEED    14.8


SKY COVER
  POSSIBLE SUNSHINE  MM
  AVERAGE SKY COVER 0.8


WEATHER CONDITIONS
 THE FOLLOWING WEATHER WAS RECORDED YESTERDAY.
  HAZE


RELATIVE HUMIDITY (PERCENT)
 HIGHEST    64          1200 AM
 LOWEST     41          1000 PM
 AVERAGE    53

..........................................................


THE ALLENTOWN PA CLIMATE NORMALS FOR TODAY
                         NORMAL    RECORD    YEAR
 MAXIMUM TEMPERATURE (F)   65        86      1960
 MINIMUM TEMPERATURE (F)   41        29      1930


SUNRISE AND SUNSET
APRIL 24 2014.........SUNRISE   610 AM EDT   SUNSET   750 PM EDT
APRIL 25 2014.........SUNRISE   609 AM EDT   SUNSET   752 PM EDT


-  INDICATES NEGATIVE NUMBERS.
R  INDICATES RECORD WAS SET OR TIED.
MM INDICATES DATA IS MISSING.
T  INDICATES TRACE AMOUNT.




$$





U.S. Dept. of Commerce
NOAA National Weather Service
1325 East West Highway
Silver Spring, MD 20910
E-mail: w-nws.webmaster@noaa.gov
Page last modified: May 16, 2007
NATIONAL WEATHER SERVICE: for Safety, for Work, for Fun - FOR LIFE