712
CDUS41 KPHI 230630
CLIABE


CLIMATE REPORT
NATIONAL WEATHER SERVICE MOUNT HOLLY NJ
128 AM EST SUN NOV 23 2014


...................................

...THE ALLENTOWN PA CLIMATE SUMMARY FOR NOVEMBER 22 2014...

CLIMATE NORMAL PERIOD 1981 TO 2010
CLIMATE RECORD PERIOD 1922 TO 2014


WEATHER ITEM   OBSERVED TIME   RECORD YEAR NORMAL DEPARTURE LAST
                VALUE   (LST)  VALUE       VALUE  FROM      YEAR
                                                  NORMAL
..................................................................
TEMPERATURE (F)
 YESTERDAY
  MAXIMUM         44    147 PM  73    1931  50     -6       53
  MINIMUM         15R   625 AM  17    1969  31    -16       44
                                      1964
  AVERAGE         30                        40    -10       49

PRECIPITATION (IN)
  YESTERDAY        T             2.17 1952   0.13  -0.13     0.07
  MONTH TO DATE    1.54                      2.47  -0.93     0.67
  SINCE SEP 1      5.50                     10.97  -5.47     5.16
  SINCE JAN 1     39.49                     40.74  -1.25    40.00

SNOWFALL (IN)
  YESTERDAY        0.0           0.5  1989   0.1   -0.1      0.0
  MONTH TO DATE    0.5                       0.3    0.2       T
  SINCE SEP 1      0.5                       0.3    0.2       T
  SINCE JUL 1      0.5                       0.3    0.2       T
  SNOW DEPTH       0

DEGREE DAYS
 HEATING
  YESTERDAY       35                        24     11       16
  MONTH TO DATE  553                       459     94      459
  SINCE SEP 1    918                       959    -41      887
  SINCE JUL 1    922                       970    -48      891

 COOLING
  YESTERDAY        0                         0      0        0
  MONTH TO DATE    0                         0      0        0
  SINCE SEP 1    120                        78     42      102
  SINCE JAN 1    807                       757     50      927
..................................................................


WIND (MPH)
  HIGHEST WIND SPEED    17   HIGHEST WIND DIRECTION    SW (230)
  HIGHEST GUST SPEED    22   HIGHEST GUST DIRECTION    SW (240)
  AVERAGE WIND SPEED     7.0


SKY COVER
  POSSIBLE SUNSHINE  MM
  AVERAGE SKY COVER 0.4


WEATHER CONDITIONS
 THE FOLLOWING WEATHER WAS RECORDED YESTERDAY.
  LIGHT RAIN


RELATIVE HUMIDITY (PERCENT)
 HIGHEST    74           700 AM
 LOWEST     27           100 PM
 AVERAGE    51

..........................................................


THE ALLENTOWN PA CLIMATE NORMALS FOR TODAY
                         NORMAL    RECORD    YEAR
 MAXIMUM TEMPERATURE (F)   49        72      1931
 MINIMUM TEMPERATURE (F)   31        16      2000
                                             1964


SUNRISE AND SUNSET
NOVEMBER 23 2014......SUNRISE   658 AM EST   SUNSET   438 PM EST
NOVEMBER 24 2014......SUNRISE   659 AM EST   SUNSET   438 PM EST


-  INDICATES NEGATIVE NUMBERS.
R  INDICATES RECORD WAS SET OR TIED.
MM INDICATES DATA IS MISSING.
T  INDICATES TRACE AMOUNT.




$$






U.S. Dept. of Commerce
NOAA National Weather Service
1325 East West Highway
Silver Spring, MD 20910
E-mail: w-nws.webmaster@noaa.gov
Page last modified: May 16, 2007
NATIONAL WEATHER SERVICE: for Safety, for Work, for Fun - FOR LIFE