228
CDUS41 KPHI 010637
CLIABE


CLIMATE REPORT
NATIONAL WEATHER SERVICE MOUNT HOLLY NJ
131 AM EST SUN FEB 1 2015


...................................

...THE ALLENTOWN PA CLIMATE SUMMARY FOR JANUARY 31 2015...

CLIMATE NORMAL PERIOD 1981 TO 2010
CLIMATE RECORD PERIOD 1922 TO 2015


WEATHER ITEM   OBSERVED TIME   RECORD YEAR NORMAL DEPARTURE LAST
                VALUE   (LST)  VALUE       VALUE  FROM      YEAR
                                                  NORMAL
..................................................................
TEMPERATURE (F)
 YESTERDAY
  MAXIMUM         26    515 PM  60    1974  37    -11       32
  MINIMUM         11   1157 PM  -9    1948  20     -9       16
  AVERAGE         19                        28     -9       24

PRECIPITATION (IN)
  YESTERDAY        0.00          1.63 2013   0.11  -0.11     0.00
  MONTH TO DATE    2.72                      3.03  -0.31     4.54
  SINCE DEC 1      6.37                      6.61  -0.24     8.58
  SINCE JAN 1      2.72                      3.03  -0.31     4.54

SNOWFALL (IN)
  YESTERDAY        0.0           6.0  2000   0.4   -0.4      0.0
  MONTH TO DATE   12.8                      10.0    2.8     16.5
  SINCE DEC 1     13.4                      15.2   -1.8     30.2
  SINCE JUL 1     19.1                      15.9    3.2     30.2
  SNOW DEPTH       5

DEGREE DAYS
 HEATING
  YESTERDAY       46                        37      9       41
  MONTH TO DATE 1202                      1155     47     1307
  SINCE DEC 1   2062                      2170   -108     2330
  SINCE JUL 1   3197                      3350   -153     3489

 COOLING
  YESTERDAY        0                         0      0        0
  MONTH TO DATE    0                         0      0        0
  SINCE DEC 1      0                         0      0        0
  SINCE JAN 1      0                         0      0        0
..................................................................


WIND (MPH)
  HIGHEST WIND SPEED    23   HIGHEST WIND DIRECTION    NW (310)
  HIGHEST GUST SPEED    30   HIGHEST GUST DIRECTION    NW (310)
  AVERAGE WIND SPEED    10.4


SKY COVER
  POSSIBLE SUNSHINE  MM
  AVERAGE SKY COVER 0.1


WEATHER CONDITIONS
 THE FOLLOWING WEATHER WAS RECORDED YESTERDAY.
  NO SIGNIFICANT WEATHER WAS OBSERVED.


RELATIVE HUMIDITY (PERCENT)
 HIGHEST    61          1100 PM
 LOWEST     38           400 PM
 AVERAGE    50

..........................................................


THE ALLENTOWN PA CLIMATE NORMALS FOR TODAY
                         NORMAL    RECORD    YEAR
 MAXIMUM TEMPERATURE (F)   37        65      1989
 MINIMUM TEMPERATURE (F)   20        -5      1935


SUNRISE AND SUNSET
FEBRUARY  1 2015......SUNRISE   712 AM EST   SUNSET   519 PM EST
FEBRUARY  2 2015......SUNRISE   711 AM EST   SUNSET   520 PM EST


-  INDICATES NEGATIVE NUMBERS.
R  INDICATES RECORD WAS SET OR TIED.
MM INDICATES DATA IS MISSING.
T  INDICATES TRACE AMOUNT.




$$





U.S. Dept. of Commerce
NOAA National Weather Service
1325 East West Highway
Silver Spring, MD 20910
E-mail: w-nws.webmaster@noaa.gov
Page last modified: May 16, 2007
NATIONAL WEATHER SERVICE: for Safety, for Work, for Fun - FOR LIFE