522
CDUS46 KMFR 280839
CLIAAT


CLIMATE REPORT
NATIONAL WEATHER SERVICE MEDFORD, OR
139 AM PDT MON JUL 28 2014


...................................

...THE ALTURAS CA CLIMATE SUMMARY FOR JULY 27 2014...

CLIMATE NORMAL PERIOD 1981 TO 2010
CLIMATE RECORD PERIOD 1905 TO 2014


WEATHER ITEM   OBSERVED TIME   RECORD YEAR NORMAL DEPARTURE LAST
                VALUE   (LST)  VALUE       VALUE  FROM      YEAR
                                                  NORMAL
..................................................................
TEMPERATURE (F)
 YESTERDAY
  MAXIMUM         97    301 PM 102    1934  90      7       93
  MINIMUM         50    532 AM  31    1916  45      5       47
  AVERAGE         74                        68      6       70

PRECIPITATION (IN)
  YESTERDAY        0.00          0.20 1956   0.02  -0.02      T
  MONTH TO DATE    0.41                      0.28   0.13      T
  SINCE SEP 1      6.96                     13.75  -6.79     8.77
  SINCE JAN 1      5.82                      8.72  -2.90     4.43

SNOWFALL (IN)
  YESTERDAY       MM                        MM     MM       MM
  MONTH TO DATE   MM                        MM     MM       MM
  SINCE JUL 1     MM                        MM     MM       MM
  SNOW DEPTH      MM

DEGREE DAYS
 HEATING
  YESTERDAY        0                         1     -1        0
  MONTH TO DATE    6                        37    -31        4
  SINCE JUN 1     95                       217   -122      160
  SINCE JUL 1      6                        37    -31        4

 COOLING
  YESTERDAY        9                         3      6        5
  MONTH TO DATE  217                        67    150      165
  SINCE JUN 1    237                        78    159      208
  SINCE JAN 1    237                        78    159      208
..................................................................


WIND (MPH)
  HIGHEST WIND SPEED    22   HIGHEST WIND DIRECTION    NW (320)
  HIGHEST GUST SPEED    27   HIGHEST GUST DIRECTION     W (270)
  AVERAGE WIND SPEED     4.8


SKY COVER
  POSSIBLE SUNSHINE  MM
  AVERAGE SKY COVER 0.0


WEATHER CONDITIONS
 THE FOLLOWING WEATHER WAS RECORDED YESTERDAY.
  NO SIGNIFICANT WEATHER WAS OBSERVED.


RELATIVE HUMIDITY (PERCENT)
 HIGHEST    48           200 AM
 LOWEST      9           100 PM
 AVERAGE    29

..........................................................


THE ALTURAS CA CLIMATE NORMALS FOR TODAY
                         NORMAL    RECORD    YEAR
 MAXIMUM TEMPERATURE (F)   90       103      1968
 MINIMUM TEMPERATURE (F)   45        32      1965


SUNRISE AND SUNSET
JULY 28 2014..........SUNRISE   553 AM PDT   SUNSET   824 PM PDT
JULY 29 2014..........SUNRISE   554 AM PDT   SUNSET   823 PM PDT


-  INDICATES NEGATIVE NUMBERS.
R  INDICATES RECORD WAS SET OR TIED.
MM INDICATES DATA IS MISSING.
T  INDICATES TRACE AMOUNT.




$$





U.S. Dept. of Commerce
NOAA National Weather Service
1325 East West Highway
Silver Spring, MD 20910
E-mail: w-nws.webmaster@noaa.gov
Page last modified: May 16, 2007
NATIONAL WEATHER SERVICE: for Safety, for Work, for Fun - FOR LIFE