730
CDUS46 KMFR 190836
CLIAAT


CLIMATE REPORT
NATIONAL WEATHER SERVICE MEDFORD, OR
136 AM PDT FRI SEP 19 2014


...................................

...THE ALTURAS CA CLIMATE SUMMARY FOR SEPTEMBER 18 2014...

CLIMATE NORMAL PERIOD 1981 TO 2010
CLIMATE RECORD PERIOD 1905 TO 2014


WEATHER ITEM   OBSERVED TIME   RECORD YEAR NORMAL DEPARTURE LAST
                VALUE   (LST)  VALUE       VALUE  FROM      YEAR
                                                  NORMAL
..................................................................
TEMPERATURE (F)
 YESTERDAY
  MAXIMUM         79    157 PM  94    1962  77      2       69
  MINIMUM         45   1159 PM  17    1911  34     11       35
  AVERAGE         62                        56      6       52

PRECIPITATION (IN)
  YESTERDAY        0.00          0.63 1940   0.02  -0.02     0.00
  MONTH TO DATE    0.00                      0.28  -0.28     0.14
  SINCE SEP 1      0.00                      0.28  -0.28     0.14
  SINCE JAN 1      6.28                      9.42  -3.14     5.29

SNOWFALL (IN)
  YESTERDAY       MM                        MM     MM       MM
  MONTH TO DATE   MM                        MM     MM       MM
  SINCE JUL 1     MM                        MM     MM       MM
  SNOW DEPTH      MM

DEGREE DAYS
 HEATING
  YESTERDAY        3                         9     -6       13
  MONTH TO DATE   47                       127    -80       57
  SINCE SEP 1     47                       127    -80       57
  SINCE JUL 1     72                       238   -166      127

 COOLING
  YESTERDAY        0                         0      0        0
  MONTH TO DATE    5                         3      2       25
  SINCE SEP 1      5                         3      2       25
  SINCE JAN 1    373                       154    219      280
..................................................................


WIND (MPH)
  HIGHEST WIND SPEED    20   HIGHEST WIND DIRECTION     W (280)
  HIGHEST GUST SPEED    28   HIGHEST GUST DIRECTION     W (260)
  AVERAGE WIND SPEED     7.7


SKY COVER
  POSSIBLE SUNSHINE  MM
  AVERAGE SKY COVER 0.2


WEATHER CONDITIONS
 THE FOLLOWING WEATHER WAS RECORDED YESTERDAY.
  NO SIGNIFICANT WEATHER WAS OBSERVED.


RELATIVE HUMIDITY (PERCENT)
 HIGHEST    66          1100 PM
 LOWEST     23           200 PM
 AVERAGE    45

..........................................................


THE ALTURAS CA CLIMATE NORMALS FOR TODAY
                         NORMAL    RECORD    YEAR
 MAXIMUM TEMPERATURE (F)   77        93      1991
 MINIMUM TEMPERATURE (F)   34        19      1947


SUNRISE AND SUNSET
SEPTEMBER 19 2014.....SUNRISE   647 AM PDT   SUNSET   704 PM PDT
SEPTEMBER 20 2014.....SUNRISE   648 AM PDT   SUNSET   703 PM PDT


-  INDICATES NEGATIVE NUMBERS.
R  INDICATES RECORD WAS SET OR TIED.
MM INDICATES DATA IS MISSING.
T  INDICATES TRACE AMOUNT.




$$





U.S. Dept. of Commerce
NOAA National Weather Service
1325 East West Highway
Silver Spring, MD 20910
E-mail: w-nws.webmaster@noaa.gov
Page last modified: May 16, 2007
NATIONAL WEATHER SERVICE: for Safety, for Work, for Fun - FOR LIFE