788
CDUS43 KABR 242239
CLI8D3


CLIMATE REPORT
NATIONAL WEATHER SERVICE ABERDEEN SD
537 PM CDT THU APR 24 2014


...................................

...THE SISSETON SD CLIMATE SUMMARY FOR APRIL 24 2014...
VALID TODAY AS OF 0500 PM LOCAL TIME.

CLIMATE NORMAL PERIOD 1981 TO 2010
CLIMATE RECORD PERIOD 1900 TO 2014


WEATHER ITEM   OBSERVED TIME   RECORD YEAR NORMAL DEPARTURE LAST
                VALUE   (LST)  VALUE       VALUE  FROM      YEAR
                                                  NORMAL
..................................................................
TEMPERATURE (F)
 TODAY
  MAXIMUM         56    233 PM  91    1962  61     -5       44
  MINIMUM         39    717 AM  19    1956  36              28
  AVERAGE         48                        49     -1       36

PRECIPITATION (IN)
  TODAY            0.30          0.95 1948   0.12   0.18     0.04
  MONTH TO DATE    1.32                      1.50  -0.18     2.27
  SINCE MAR 1      2.16                      2.62  -0.46     3.24
  SINCE JAN 1      2.78                      3.48  -0.70     5.62

SNOWFALL (IN)
  TODAY            0.0
  MONTH TO DATE    6.4
  SINCE OCT 1     37.8
  SINCE JUL 1     37.8
  SNOW DEPTH       0

DEGREE DAYS
 HEATING
  TODAY           17                        16      1       29
  MONTH TO DATE  594                       528     66      839
  SINCE MAR 1   1793                      1611    182     2282
  SINCE JUL 1   8610                      7870    740     8667

 COOLING
  TODAY            0                         0      0        0
  MONTH TO DATE    0                         0      0        0
  SINCE MAR 1      0                         0      0        0
  SINCE JAN 1      0                         0      0        0
..................................................................


WIND (MPH)
  HIGHEST WIND SPEED    13   HIGHEST WIND DIRECTION    SE (150)
  HIGHEST GUST SPEED    17   HIGHEST GUST DIRECTION    SE (150)
  AVERAGE WIND SPEED     4.6


SKY COVER
  POSSIBLE SUNSHINE  MM
  AVERAGE SKY COVER 0.0


WEATHER CONDITIONS
 THE FOLLOWING WEATHER WAS RECORDED TODAY.
  LIGHT RAIN


RELATIVE HUMIDITY (PERCENT)
 HIGHEST   100           500 AM
 LOWEST     66           200 PM
 AVERAGE    83

..........................................................


THE SISSETON SD CLIMATE NORMALS FOR TOMORROW
                         NORMAL    RECORD    YEAR
 MAXIMUM TEMPERATURE (F)   62        94      1962
 MINIMUM TEMPERATURE (F)   37        21      1958


SUNRISE AND SUNSET
APRIL 24 2014.........SUNRISE   627 AM CDT   SUNSET   826 PM CDT
APRIL 25 2014.........SUNRISE   625 AM CDT   SUNSET   828 PM CDT


-  INDICATES NEGATIVE NUMBERS.
R  INDICATES RECORD WAS SET OR TIED.
MM INDICATES DATA IS MISSING.
T  INDICATES TRACE AMOUNT.




$$





U.S. Dept. of Commerce
NOAA National Weather Service
1325 East West Highway
Silver Spring, MD 20910
E-mail: w-nws.webmaster@noaa.gov
Page last modified: May 16, 2007
NATIONAL WEATHER SERVICE: for Safety, for Work, for Fun - FOR LIFE