954
CDUS43 KABR 202329
CLI8D3


CLIMATE REPORT
NATIONAL WEATHER SERVICE ABERDEEN SD
527 PM CST THU NOV 20 2014


...................................

...THE SISSETON SD CLIMATE SUMMARY FOR NOVEMBER 20 2014...
VALID TODAY AS OF 0500 PM LOCAL TIME.

CLIMATE NORMAL PERIOD 1981 TO 2010
CLIMATE RECORD PERIOD 1900 TO 2014


WEATHER ITEM   OBSERVED TIME   RECORD YEAR NORMAL DEPARTURE LAST
                VALUE   (LST)  VALUE       VALUE  FROM      YEAR
                                                  NORMAL
..................................................................
TEMPERATURE (F)
 TODAY
  MAXIMUM         20    249 PM  69    1962  38    -18       51
  MINIMUM          3    755 AM  -8    1978  19              22
  AVERAGE         12                        28    -16       37

PRECIPITATION (IN)
  TODAY            0.00          0.83 1953   0.01  -0.01     0.00
  MONTH TO DATE    0.86                      0.48   0.38     0.07
  SINCE SEP 1      2.05                      5.10  -3.05     8.76
  SINCE JAN 1     23.01                     21.84   1.17    27.43

SNOWFALL (IN)
  TODAY            0.0
  MONTH TO DATE    7.4
  SINCE OCT 1      7.4
  SINCE JUL 1      7.4
  SNOW DEPTH       7

DEGREE DAYS
 HEATING
  TODAY           53                        37     16       28
  MONTH TO DATE  781                       627    154      589
  SINCE SEP 1   1452                      1411     41     1318
  SINCE JUL 1   1489                      1454     35     1367
..................................................................


WIND (MPH)
  HIGHEST WIND SPEED    21   HIGHEST WIND DIRECTION    NW (320)
  HIGHEST GUST SPEED    25   HIGHEST GUST DIRECTION    NW (330)
  AVERAGE WIND SPEED     8.8


SKY COVER
  POSSIBLE SUNSHINE  MM
  AVERAGE SKY COVER 0.0


WEATHER CONDITIONS
 THE FOLLOWING WEATHER WAS RECORDED TODAY.
  NO SIGNIFICANT WEATHER WAS OBSERVED.


RELATIVE HUMIDITY (PERCENT)
 HIGHEST    86           800 AM
 LOWEST     61           200 PM
 AVERAGE    74

..........................................................


THE SISSETON SD CLIMATE NORMALS FOR TOMORROW
                         NORMAL    RECORD    YEAR
 MAXIMUM TEMPERATURE (F)   37        67      2001
 MINIMUM TEMPERATURE (F)   18       -12      1937


SUNRISE AND SUNSET
NOVEMBER 20 2014......SUNRISE   734 AM CST   SUNSET   452 PM CST
NOVEMBER 21 2014......SUNRISE   736 AM CST   SUNSET   452 PM CST


-  INDICATES NEGATIVE NUMBERS.
R  INDICATES RECORD WAS SET OR TIED.
MM INDICATES DATA IS MISSING.
T  INDICATES TRACE AMOUNT.




$$





U.S. Dept. of Commerce
NOAA National Weather Service
1325 East West Highway
Silver Spring, MD 20910
E-mail: w-nws.webmaster@noaa.gov
Page last modified: May 16, 2007
NATIONAL WEATHER SERVICE: for Safety, for Work, for Fun - FOR LIFE