983
CDUS43 KABR 181535
CLI8D3


CLIMATE REPORT
NATIONAL WEATHER SERVICE ABERDEEN SD
935 AM CST THU DEC 18 2014


...................................

...THE SISSETON SD CLIMATE SUMMARY FOR DECEMBER 17 2014...

CLIMATE NORMAL PERIOD 1981 TO 2010
CLIMATE RECORD PERIOD 1900 TO 2014


WEATHER ITEM   OBSERVED TIME   RECORD YEAR NORMAL DEPARTURE LAST
                VALUE   (LST)  VALUE       VALUE  FROM      YEAR
                                                  NORMAL
..................................................................
TEMPERATURE (F)
 YESTERDAY
  MAXIMUM         17    317 PM  53    1962  25     -8       34
  MINIMUM         -2   1100 PM -19    1983   7     -9       11
  AVERAGE          8                        16     -8       23

PRECIPITATION (IN)
  YESTERDAY        0.00          0.48 1977   0.01  -0.01     0.00
  MONTH TO DATE    0.22                      0.22   0.00     0.68
  SINCE DEC 1      0.22                      0.22   0.00     0.68
  SINCE JAN 1     23.32                     22.16   1.16    28.11

SNOWFALL (IN)
  YESTERDAY        0.0
  MONTH TO DATE    3.0
  SINCE OCT 1     11.4
  SINCE JUL 1     11.4
  SNOW DEPTH       3

DEGREE DAYS
 HEATING
  YESTERDAY       57                        49      8       42
  MONTH TO DATE  698                       784    -86      938
  SINCE DEC 1    698                       784    -86      938
  SINCE JUL 1   2678                      2635     43     2770

 COOLING
  YESTERDAY        0                         0      0        0
  MONTH TO DATE    0                         0      0        0
  SINCE DEC 1      0                         0      0        0
  SINCE JAN 1    442                       527    -85      625
..................................................................


WIND (MPH)
  HIGHEST WIND SPEED    13   HIGHEST WIND DIRECTION     N (350)
  HIGHEST GUST SPEED    14   HIGHEST GUST DIRECTION     N (340)
  AVERAGE WIND SPEED     4.1


SKY COVER
  POSSIBLE SUNSHINE  MM
  AVERAGE SKY COVER 0.0


WEATHER CONDITIONS
 THE FOLLOWING WEATHER WAS RECORDED YESTERDAY.
  NO SIGNIFICANT WEATHER WAS OBSERVED.


RELATIVE HUMIDITY (PERCENT)
 HIGHEST    96          1200 AM
 LOWEST     73           200 PM
 AVERAGE    85

..........................................................


THE SISSETON SD CLIMATE NORMALS FOR TODAY
                         NORMAL    RECORD    YEAR
 MAXIMUM TEMPERATURE (F)   25        56      1979
 MINIMUM TEMPERATURE (F)    7       -19      1983


SUNRISE AND SUNSET
DECEMBER 18 2014......SUNRISE   804 AM CST   SUNSET   445 PM CST
DECEMBER 19 2014......SUNRISE   805 AM CST   SUNSET   446 PM CST


-  INDICATES NEGATIVE NUMBERS.
R  INDICATES RECORD WAS SET OR TIED.
MM INDICATES DATA IS MISSING.
T  INDICATES TRACE AMOUNT.




$$





U.S. Dept. of Commerce
NOAA National Weather Service
1325 East West Highway
Silver Spring, MD 20910
E-mail: w-nws.webmaster@noaa.gov
Page last modified: May 16, 2007
NATIONAL WEATHER SERVICE: for Safety, for Work, for Fun - FOR LIFE