726
CDUS43 KABR 301040
CLI8D3


CLIMATE REPORT
NATIONAL WEATHER SERVICE ABERDEEN SD
539 AM CDT WED JUL 30 2014


...................................

...THE SISSETON SD CLIMATE SUMMARY FOR JULY 29 2014...

CLIMATE NORMAL PERIOD 1981 TO 2010
CLIMATE RECORD PERIOD 1900 TO 2014


WEATHER ITEM   OBSERVED TIME   RECORD YEAR NORMAL DEPARTURE LAST
                VALUE   (LST)  VALUE       VALUE  FROM      YEAR
                                                  NORMAL
..................................................................
TEMPERATURE (F)
 YESTERDAY
  MAXIMUM         78    402 PM 103    1975  83     -5       70
  MINIMUM         50    507 AM  40    1952  60    -10       46
  AVERAGE         64                        72     -8       58

PRECIPITATION (IN)
  YESTERDAY        0.00          2.20 1989   0.10  -0.10     0.19
  MONTH TO DATE    1.74                      3.37  -1.63     2.80
  SINCE JUN 1     10.41                      7.11   3.30     8.38
  SINCE JAN 1     18.78                     14.09   4.69    17.72

DEGREE DAYS
 HEATING
  YESTERDAY        1                         0      1        7
  MONTH TO DATE   20                         3     17       26
  SINCE JUN 1     55                        65    -10       95
  SINCE JUL 1     20                         3     17       26

 COOLING
  YESTERDAY        0                         7     -7        0
  MONTH TO DATE  127                       192    -65      201
  SINCE JUN 1    215                       286    -71      318
  SINCE JAN 1    276                       309    -33      343
..................................................................


WIND (MPH)
  HIGHEST WIND SPEED    13   HIGHEST WIND DIRECTION     N (350)
  HIGHEST GUST SPEED    23   HIGHEST GUST DIRECTION    SW (220)
  AVERAGE WIND SPEED     4.3


SKY COVER
  POSSIBLE SUNSHINE  MM
  AVERAGE SKY COVER 0.0


WEATHER CONDITIONS
 THE FOLLOWING WEATHER WAS RECORDED YESTERDAY.
  NO SIGNIFICANT WEATHER WAS OBSERVED.


RELATIVE HUMIDITY (PERCENT)
 HIGHEST   100           100 AM
 LOWEST     42           400 PM
 AVERAGE    71

..........................................................


THE SISSETON SD CLIMATE NORMALS FOR TODAY
                         NORMAL    RECORD    YEAR
 MAXIMUM TEMPERATURE (F)   83       105      1933
 MINIMUM TEMPERATURE (F)   60        44      1952


SUNRISE AND SUNSET
JULY 30 2014..........SUNRISE   609 AM CDT   SUNSET   859 PM CDT
JULY 31 2014..........SUNRISE   610 AM CDT   SUNSET   858 PM CDT


-  INDICATES NEGATIVE NUMBERS.
R  INDICATES RECORD WAS SET OR TIED.
MM INDICATES DATA IS MISSING.
T  INDICATES TRACE AMOUNT.




$$





U.S. Dept. of Commerce
NOAA National Weather Service
1325 East West Highway
Silver Spring, MD 20910
E-mail: w-nws.webmaster@noaa.gov
Page last modified: May 16, 2007
NATIONAL WEATHER SERVICE: for Safety, for Work, for Fun - FOR LIFE