698
CDUS43 KABR 291442
CLI8D3


CLIMATE REPORT
NATIONAL WEATHER SERVICE ABERDEEN SD
842 AM CST THU JAN 29 2015


...................................

...THE SISSETON SD CLIMATE SUMMARY FOR JANUARY 28 2015...

CLIMATE NORMAL PERIOD 1981 TO 2010
CLIMATE RECORD PERIOD 1900 TO 2015


WEATHER ITEM   OBSERVED TIME   RECORD YEAR NORMAL DEPARTURE LAST
                VALUE   (LST)  VALUE       VALUE  FROM      YEAR
                                                  NORMAL
..................................................................
TEMPERATURE (F)
 YESTERDAY
  MAXIMUM         36    457 PM  51    2008  24     12        6
  MINIMUM         31   1159 PM -31    1951   4     27      -12
  AVERAGE         34                        14     20       -3

PRECIPITATION (IN)
  YESTERDAY        T             0.48 2013   0.01  -0.01     0.00
  MONTH TO DATE    0.47                      0.40   0.07     0.41
  SINCE DEC 1      1.07                      0.79   0.28     1.55
  SINCE JAN 1      0.47                      0.40   0.07     0.41

SNOWFALL (IN)
  YESTERDAY        0.0
  MONTH TO DATE    4.4
  SINCE OCT 1     17.5
  SINCE JUL 1     17.5
  SNOW DEPTH       0

DEGREE DAYS
 HEATING
  YESTERDAY       31                        51    -20       68
  MONTH TO DATE 1299                      1454   -155     1521
  SINCE DEC 1   2629                      2942   -313     3268
  SINCE JUL 1   4609                      4793   -184     5100

 COOLING
  YESTERDAY        0                         0      0        0
  MONTH TO DATE    0                         0      0        0
  SINCE DEC 1      0                         0      0        0
  SINCE JAN 1      0                         0      0        0
..................................................................


WIND (MPH)
  HIGHEST WIND SPEED    31   HIGHEST WIND DIRECTION     N (350)
  HIGHEST GUST SPEED    41   HIGHEST GUST DIRECTION     N (340)
  AVERAGE WIND SPEED    13.8


SKY COVER
  POSSIBLE SUNSHINE  MM
  AVERAGE SKY COVER 0.0


WEATHER CONDITIONS
 THE FOLLOWING WEATHER WAS RECORDED YESTERDAY.
  LT FREEZING RAIN


RELATIVE HUMIDITY (PERCENT)
 HIGHEST   100          1200 AM
 LOWEST     92           800 AM
 AVERAGE    96

..........................................................


THE SISSETON SD CLIMATE NORMALS FOR TODAY
                         NORMAL    RECORD    YEAR
 MAXIMUM TEMPERATURE (F)   24        51      1992
 MINIMUM TEMPERATURE (F)    4       -34      1951


SUNRISE AND SUNSET
JANUARY 29 2015.......SUNRISE   753 AM CST   SUNSET   530 PM CST
JANUARY 30 2015.......SUNRISE   752 AM CST   SUNSET   531 PM CST


-  INDICATES NEGATIVE NUMBERS.
R  INDICATES RECORD WAS SET OR TIED.
MM INDICATES DATA IS MISSING.
T  INDICATES TRACE AMOUNT.




$$





U.S. Dept. of Commerce
NOAA National Weather Service
1325 East West Highway
Silver Spring, MD 20910
E-mail: w-nws.webmaster@noaa.gov
Page last modified: May 16, 2007
NATIONAL WEATHER SERVICE: for Safety, for Work, for Fun - FOR LIFE