522
CDUS43 KABR 261031
CLI8D3


CLIMATE REPORT
NATIONAL WEATHER SERVICE ABERDEEN SD
431 AM CST WED NOV 26 2014


...................................

...THE SISSETON SD CLIMATE SUMMARY FOR NOVEMBER 25 2014...

CLIMATE NORMAL PERIOD 1981 TO 2010
CLIMATE RECORD PERIOD 1900 TO 2014


WEATHER ITEM   OBSERVED TIME   RECORD YEAR NORMAL DEPARTURE LAST
                VALUE   (LST)  VALUE       VALUE  FROM      YEAR
                                                  NORMAL
..................................................................
TEMPERATURE (F)
 YESTERDAY
  MAXIMUM         30    209 PM  68    1960  35     -5       39
  MINIMUM         11    129 AM -16    1977  16     -5       26
  AVERAGE         21                        25     -4       33

PRECIPITATION (IN)
  YESTERDAY        0.05          0.68 1934   0.01   0.04     0.00
  MONTH TO DATE    0.91                      0.54   0.37     0.07
  SINCE SEP 1      2.10                      5.16  -3.06     8.76
  SINCE JAN 1     23.06                     21.90   1.16    27.43

SNOWFALL (IN)
  YESTERDAY       MM
  MONTH TO DATE    7.4
  SINCE OCT 1      7.4
  SINCE JUL 1      7.4
  SNOW DEPTH       1

DEGREE DAYS
 HEATING
  YESTERDAY       44                        40      4       32
  MONTH TO DATE  984                       819    165      821
  SINCE SEP 1   1655                      1603     52     1550
  SINCE JUL 1   1692                      1646     46     1599

 COOLING
  YESTERDAY        0                         0      0        0
  MONTH TO DATE    0                         0      0        0
  SINCE SEP 1     42                        48     -6       90
  SINCE JAN 1    442                       527    -85      625
..................................................................


WIND (MPH)
  HIGHEST WIND SPEED    14   HIGHEST WIND DIRECTION    NE (60)
  HIGHEST GUST SPEED    16   HIGHEST GUST DIRECTION    NE (60)
  AVERAGE WIND SPEED     6.7


SKY COVER
  POSSIBLE SUNSHINE  MM
  AVERAGE SKY COVER 0.0


WEATHER CONDITIONS
 THE FOLLOWING WEATHER WAS RECORDED YESTERDAY.
  NO SIGNIFICANT WEATHER WAS OBSERVED.


RELATIVE HUMIDITY (PERCENT)
 HIGHEST    92          1100 PM
 LOWEST     54           300 AM
 AVERAGE    73

..........................................................


THE SISSETON SD CLIMATE NORMALS FOR TODAY
                         NORMAL    RECORD    YEAR
 MAXIMUM TEMPERATURE (F)   34        60      1998
 MINIMUM TEMPERATURE (F)   16       -14      1996


SUNRISE AND SUNSET
NOVEMBER 26 2014......SUNRISE   742 AM CST   SUNSET   448 PM CST
NOVEMBER 27 2014......SUNRISE   743 AM CST   SUNSET   447 PM CST


-  INDICATES NEGATIVE NUMBERS.
R  INDICATES RECORD WAS SET OR TIED.
MM INDICATES DATA IS MISSING.
T  INDICATES TRACE AMOUNT.




$$





U.S. Dept. of Commerce
NOAA National Weather Service
1325 East West Highway
Silver Spring, MD 20910
E-mail: w-nws.webmaster@noaa.gov
Page last modified: May 16, 2007
NATIONAL WEATHER SERVICE: for Safety, for Work, for Fun - FOR LIFE