576
CDUS43 KABR 171028
CLI8D3


CLIMATE REPORT
NATIONAL WEATHER SERVICE ABERDEEN SD
528 AM CDT WED SEP 17 2014


...................................

...THE SISSETON SD CLIMATE SUMMARY FOR SEPTEMBER 16 2014...

CLIMATE NORMAL PERIOD 1981 TO 2010
CLIMATE RECORD PERIOD 1900 TO 2014


WEATHER ITEM   OBSERVED TIME   RECORD YEAR NORMAL DEPARTURE LAST
                VALUE   (LST)  VALUE       VALUE  FROM      YEAR
                                                  NORMAL
..................................................................
TEMPERATURE (F)
 YESTERDAY
  MAXIMUM         73    332 PM  94    1948  72      1       69
  MINIMUM         43   1215 AM  28    1903  47     -4       38
  AVERAGE         58                        60     -2       54

PRECIPITATION (IN)
  YESTERDAY        0.00          1.20 1968   0.09  -0.09     0.00
  MONTH TO DATE    0.07                      1.27  -1.20     0.85
  SINCE SEP 1      0.07                      1.27  -1.20     0.85
  SINCE JAN 1     21.03                     18.01   3.02    19.52

DEGREE DAYS
 HEATING
  YESTERDAY        7                         7      0       11
  MONTH TO DATE  114                        73     41       49
  SINCE SEP 1    114                        73     41       49
  SINCE JUL 1    151                       116     35       98

 COOLING
  YESTERDAY        0                         1     -1        0
  MONTH TO DATE   23                        35    -12       65
  SINCE SEP 1     23                        35    -12       65
  SINCE JAN 1    423                       514    -91      600
..................................................................


WIND (MPH)
  HIGHEST WIND SPEED    17   HIGHEST WIND DIRECTION    SW (240)
  HIGHEST GUST SPEED    23   HIGHEST GUST DIRECTION    SW (220)
  AVERAGE WIND SPEED     8.9


SKY COVER
  POSSIBLE SUNSHINE  MM
  AVERAGE SKY COVER 0.0


WEATHER CONDITIONS
 THE FOLLOWING WEATHER WAS RECORDED YESTERDAY.
  NO SIGNIFICANT WEATHER WAS OBSERVED.


RELATIVE HUMIDITY (PERCENT)
 HIGHEST    93          1100 PM
 LOWEST     37          1100 AM
 AVERAGE    65

..........................................................


THE SISSETON SD CLIMATE NORMALS FOR TODAY
                         NORMAL    RECORD    YEAR
 MAXIMUM TEMPERATURE (F)   72        96      1955
 MINIMUM TEMPERATURE (F)   47        28      1900


SUNRISE AND SUNSET
SEPTEMBER 17 2014.....SUNRISE   709 AM CDT   SUNSET   735 PM CDT
SEPTEMBER 18 2014.....SUNRISE   710 AM CDT   SUNSET   733 PM CDT


-  INDICATES NEGATIVE NUMBERS.
R  INDICATES RECORD WAS SET OR TIED.
MM INDICATES DATA IS MISSING.
T  INDICATES TRACE AMOUNT.




$$





U.S. Dept. of Commerce
NOAA National Weather Service
1325 East West Highway
Silver Spring, MD 20910
E-mail: w-nws.webmaster@noaa.gov
Page last modified: May 16, 2007
NATIONAL WEATHER SERVICE: for Safety, for Work, for Fun - FOR LIFE