930
CDUS43 KUNR 010832
CLI2WX


CLIMATE REPORT
NATIONAL WEATHER SERVICE RAPID CITY SD
231 AM MDT MON SEP 1 2014


...................................

...THE BUFFALO SD CLIMATE SUMMARY FOR AUGUST 31 2014...

CLIMATE NORMAL PERIOD 1981 TO 2010
CLIMATE RECORD PERIOD 9999 TO 9999


WEATHER ITEM   OBSERVED TIME   RECORD YEAR NORMAL DEPARTURE LAST
                VALUE   (LST)  VALUE       VALUE  FROM      YEAR
                                                  NORMAL
..................................................................
TEMPERATURE (F)
 YESTERDAY
  MAXIMUM         73    320 PM              81     -8       82
  MINIMUM         49   1158 PM              51     -2       55
  AVERAGE         61                        66     -5       69

PRECIPITATION (IN)
  YESTERDAY        0.38         MM      MM   0.06   0.32     0.00
  MONTH TO DATE    3.58                      1.41   2.17     2.64
  SINCE JUN 1     10.03                      6.10   3.93     5.32
  SINCE JAN 1     14.37                     12.14   2.23     9.48

DEGREE DAYS
 HEATING
  YESTERDAY        4                         3      1        0
  MONTH TO DATE   35                        34      1        2
  SINCE JUN 1    186                       166     20      101
  SINCE JUL 1     51                        52     -1       12

 COOLING
  YESTERDAY        0                         4     -4        4
  MONTH TO DATE  160                       196    -36      208
  SINCE JUN 1    335                       465   -130      477
  SINCE JAN 1    365                       471   -106      487
..................................................................


WIND (MPH)
  HIGHEST WIND SPEED    32   HIGHEST WIND DIRECTION    NW (330)
  HIGHEST GUST SPEED    38   HIGHEST GUST DIRECTION     N (350)
  AVERAGE WIND SPEED     8.9




RELATIVE HUMIDITY (PERCENT)
 HIGHEST   100           400 AM
 LOWEST     44           300 PM
 AVERAGE    72

..........................................................




SUNRISE AND SUNSET
SEPTEMBER  1 2014.....SUNRISE   615 AM MDT   SUNSET   732 PM MDT
SEPTEMBER  2 2014.....SUNRISE   617 AM MDT   SUNSET   730 PM MDT


-  INDICATES NEGATIVE NUMBERS.
R  INDICATES RECORD WAS SET OR TIED.
MM INDICATES DATA IS MISSING.
T  INDICATES TRACE AMOUNT.




$$





U.S. Dept. of Commerce
NOAA National Weather Service
1325 East West Highway
Silver Spring, MD 20910
E-mail: w-nws.webmaster@noaa.gov
Page last modified: May 16, 2007
NATIONAL WEATHER SERVICE: for Safety, for Work, for Fun - FOR LIFE