089
CDUS43 KUNR 280837
CLI2WX


CLIMATE REPORT
NATIONAL WEATHER SERVICE RAPID CITY SD
136 AM MST WED JAN 28 2015


...................................

...THE BUFFALO SD CLIMATE SUMMARY FOR JANUARY 27 2015...

CLIMATE NORMAL PERIOD 1981 TO 2010
CLIMATE RECORD PERIOD 9999 TO 9999


WEATHER ITEM   OBSERVED TIME   NORMAL DEPARTURE LAST
                VALUE   (LST)  VALUE  FROM      YEAR
                                      NORMAL
......................................................
TEMPERATURE (F)
 YESTERDAY
  MAXIMUM         69    228 PM  31     38       10
  MINIMUM         37    624 AM  11     26       -5
  AVERAGE         53            21     32        3

PRECIPITATION (IN)
  YESTERDAY        0.00          0.01  -0.01     0.00
  MONTH TO DATE    0.27          0.26   0.01     0.02
  SINCE DEC 1      0.43          0.55  -0.12     1.18
  SINCE JAN 1      0.27          0.26   0.01     0.02

DEGREE DAYS
 HEATING
  YESTERDAY       12            44    -32       62
  MONTH TO DATE 1080          1205   -125     1119
  SINCE DEC 1   2265          2567   -302     2665
  SINCE JUL 1   4186          4465   -279     4455

 COOLING
  YESTERDAY        0             0      0        0
  MONTH TO DATE    0             0      0        0
  SINCE DEC 1      0             0      0        0
  SINCE JAN 1      0             0      0        0
......................................................


WIND (MPH)
  HIGHEST WIND SPEED    16   HIGHEST WIND DIRECTION     W (260)
  HIGHEST GUST SPEED    18   HIGHEST GUST DIRECTION     W (270)
  AVERAGE WIND SPEED     8.1




RELATIVE HUMIDITY (PERCENT)
 HIGHEST    70           200 AM
 LOWEST     24           300 PM
 AVERAGE    47

..........................................................




SUNRISE AND SUNSET
JANUARY 28 2015.......SUNRISE   720 AM MST   SUNSET   455 PM MST
JANUARY 29 2015.......SUNRISE   719 AM MST   SUNSET   456 PM MST


-  INDICATES NEGATIVE NUMBERS.
R  INDICATES RECORD WAS SET OR TIED.
MM INDICATES DATA IS MISSING.
T  INDICATES TRACE AMOUNT.




$$





U.S. Dept. of Commerce
NOAA National Weather Service
1325 East West Highway
Silver Spring, MD 20910
E-mail: w-nws.webmaster@noaa.gov
Page last modified: May 16, 2007
NATIONAL WEATHER SERVICE: for Safety, for Work, for Fun - FOR LIFE