685
CDUS43 KUNR 220832
CLI2WX


CLIMATE REPORT
NATIONAL WEATHER SERVICE RAPID CITY SD
232 AM MDT FRI AUG 22 2014


...................................

...THE BUFFALO SD CLIMATE SUMMARY FOR AUGUST 21 2014...

CLIMATE NORMAL PERIOD 1981 TO 2010
CLIMATE RECORD PERIOD 9999 TO 9999


WEATHER ITEM   OBSERVED TIME   RECORD YEAR NORMAL DEPARTURE LAST
                VALUE   (LST)  VALUE       VALUE  FROM      YEAR
                                                  NORMAL
..................................................................
TEMPERATURE (F)
 YESTERDAY
  MAXIMUM         83    122 PM              84     -1       87
  MINIMUM         55    404 AM              55      0       59
  AVERAGE         69                        70     -1       73

PRECIPITATION (IN)
  YESTERDAY        0.50         MM      MM   0.03   0.47     0.00
  MONTH TO DATE    1.47                      1.02   0.45     2.61
  SINCE JUN 1      7.92                      5.71   2.21     5.29
  SINCE JAN 1     12.26                     11.75   0.51     9.45

DEGREE DAYS
 HEATING
  YESTERDAY        0                         1     -1        0
  MONTH TO DATE    0                        16    -16        2
  SINCE JUN 1    151                       150      1      101
  SINCE JUL 1     16                        36    -20       12

 COOLING
  YESTERDAY        4                         6     -2        8
  MONTH TO DATE  152                       152      0       92
  SINCE JUN 1    327                       421    -94      361
  SINCE JAN 1    357                       427    -70      371
..................................................................


WIND (MPH)
  HIGHEST WIND SPEED    26   HIGHEST WIND DIRECTION    NW (320)
  HIGHEST GUST SPEED    33   HIGHEST GUST DIRECTION    NW (330)
  AVERAGE WIND SPEED    10.3




RELATIVE HUMIDITY (PERCENT)
 HIGHEST    93           900 PM
 LOWEST     39           200 PM
 AVERAGE    66

..........................................................




SUNRISE AND SUNSET
AUGUST 22 2014........SUNRISE   603 AM MDT   SUNSET   750 PM MDT
AUGUST 23 2014........SUNRISE   604 AM MDT   SUNSET   748 PM MDT


-  INDICATES NEGATIVE NUMBERS.
R  INDICATES RECORD WAS SET OR TIED.
MM INDICATES DATA IS MISSING.
T  INDICATES TRACE AMOUNT.




$$





U.S. Dept. of Commerce
NOAA National Weather Service
1325 East West Highway
Silver Spring, MD 20910
E-mail: w-nws.webmaster@noaa.gov
Page last modified: May 16, 2007
NATIONAL WEATHER SERVICE: for Safety, for Work, for Fun - FOR LIFE