361
CDUS43 KUNR 220831
CLI2WX


CLIMATE REPORT
NATIONAL WEATHER SERVICE RAPID CITY SD
231 AM MDT WED OCT 22 2014


...................................

...THE BUFFALO SD CLIMATE SUMMARY FOR OCTOBER 21 2014...

CLIMATE NORMAL PERIOD 1981 TO 2010
CLIMATE RECORD PERIOD 9999 TO 9999


WEATHER ITEM   OBSERVED TIME   RECORD YEAR NORMAL DEPARTURE LAST
                VALUE   (LST)  VALUE       VALUE  FROM      YEAR
                                                  NORMAL
..................................................................
TEMPERATURE (F)
 YESTERDAY
  MAXIMUM         84    142 PM              55     29       52
  MINIMUM         45    541 AM              32     13       32
  AVERAGE         65                        44     21       42

PRECIPITATION (IN)
  YESTERDAY        0.00         MM      MM   0.03  -0.03    MM
  MONTH TO DATE    0.03                      0.34  -0.31     0.50
  SINCE SEP 1      2.11                      1.42   0.69     2.67
  SINCE JAN 1     16.48                     13.56   2.92    12.15

DEGREE DAYS
 HEATING
  YESTERDAY        0                        21    -21       23
  MONTH TO DATE  283                       375    -92      435
  SINCE SEP 1    511                       614   -103      552
  SINCE JUL 1    562                       666   -104      564

 COOLING
  YESTERDAY        0                         0      0        0
  MONTH TO DATE    0                         0      0        0
  SINCE SEP 1     55                        41     14      100
  SINCE JAN 1    420                       512    -92      587
..................................................................


WIND (MPH)
  HIGHEST WIND SPEED    26   HIGHEST WIND DIRECTION    NW (300)
  HIGHEST GUST SPEED    34   HIGHEST GUST DIRECTION     S (200)
  AVERAGE WIND SPEED    11.5




RELATIVE HUMIDITY (PERCENT)
 HIGHEST    76           600 AM
 LOWEST     22           200 PM
 AVERAGE    49

..........................................................




SUNRISE AND SUNSET
OCTOBER 22 2014.......SUNRISE   720 AM MDT   SUNSET   557 PM MDT
OCTOBER 23 2014.......SUNRISE   721 AM MDT   SUNSET   555 PM MDT


-  INDICATES NEGATIVE NUMBERS.
R  INDICATES RECORD WAS SET OR TIED.
MM INDICATES DATA IS MISSING.
T  INDICATES TRACE AMOUNT.




$$





U.S. Dept. of Commerce
NOAA National Weather Service
1325 East West Highway
Silver Spring, MD 20910
E-mail: w-nws.webmaster@noaa.gov
Page last modified: May 16, 2007
NATIONAL WEATHER SERVICE: for Safety, for Work, for Fun - FOR LIFE