770
CDUS43 KUNR 210834
CLI2WX


CLIMATE REPORT
NATIONAL WEATHER SERVICE RAPID CITY SD
134 AM MST FRI NOV 21 2014


...................................

...THE BUFFALO SD CLIMATE SUMMARY FOR NOVEMBER 20 2014...

CLIMATE NORMAL PERIOD 1981 TO 2010
CLIMATE RECORD PERIOD 9999 TO 9999


WEATHER ITEM   OBSERVED TIME   NORMAL DEPARTURE LAST
                VALUE   (LST)  VALUE  FROM      YEAR
                                      NORMAL
......................................................
TEMPERATURE (F)
 YESTERDAY
  MAXIMUM         32    358 PM  40     -8       42
  MINIMUM         14    833 AM  19     -5        8
  AVERAGE         23            29     -6       25

PRECIPITATION (IN)
  YESTERDAY        0.00          0.00   0.00     0.00
  MONTH TO DATE    0.27          0.29  -0.02     0.00
  SINCE SEP 1      2.39          2.07   0.32     2.67
  SINCE JAN 1     16.76         14.21   2.55    12.15

DEGREE DAYS
 HEATING
  YESTERDAY       42            36      6       40
  MONTH TO DATE  799           613    186      587
  SINCE SEP 1   1494          1462     32     1405
  SINCE JUL 1   1545          1514     31     1417

 COOLING
  YESTERDAY        0             0      0        0
  MONTH TO DATE    0             0      0        0
  SINCE SEP 1     55            42     13      100
  SINCE JAN 1    420           513    -93      587
......................................................


WIND (MPH)
  HIGHEST WIND SPEED    16   HIGHEST WIND DIRECTION     S (160)
  HIGHEST GUST SPEED    19   HIGHEST GUST DIRECTION     S (160)
  AVERAGE WIND SPEED     7.7




RELATIVE HUMIDITY (PERCENT)
 HIGHEST    92           200 AM
 LOWEST     63           400 PM
 AVERAGE    78

..........................................................




SUNRISE AND SUNSET
NOVEMBER 21 2014......SUNRISE   702 AM MST   SUNSET   418 PM MST
NOVEMBER 22 2014......SUNRISE   703 AM MST   SUNSET   417 PM MST


-  INDICATES NEGATIVE NUMBERS.
R  INDICATES RECORD WAS SET OR TIED.
MM INDICATES DATA IS MISSING.
T  INDICATES TRACE AMOUNT.




$$





U.S. Dept. of Commerce
NOAA National Weather Service
1325 East West Highway
Silver Spring, MD 20910
E-mail: w-nws.webmaster@noaa.gov
Page last modified: May 16, 2007
NATIONAL WEATHER SERVICE: for Safety, for Work, for Fun - FOR LIFE