558
CDUS43 KUNR 190834
CLI2WX


CLIMATE REPORT
NATIONAL WEATHER SERVICE RAPID CITY SD
133 AM MST FRI DEC 19 2014


...................................

...THE BUFFALO SD CLIMATE SUMMARY FOR DECEMBER 18 2014...

CLIMATE NORMAL PERIOD 1981 TO 2010
CLIMATE RECORD PERIOD 9999 TO 9999


WEATHER ITEM   OBSERVED TIME   NORMAL DEPARTURE LAST
                VALUE   (LST)  VALUE  FROM      YEAR
                                      NORMAL
......................................................
TEMPERATURE (F)
 YESTERDAY
  MAXIMUM         42    318 PM  31     11       46
  MINIMUM         22    802 AM  10     12       23
  AVERAGE         32            20     12       35

PRECIPITATION (IN)
  YESTERDAY        0.00          0.01  -0.01     0.00
  MONTH TO DATE    0.00          0.14  -0.14     0.59
  SINCE DEC 1      0.00          0.14  -0.14     0.59
  SINCE JAN 1     16.91         14.37   2.54    12.74

DEGREE DAYS
 HEATING
  YESTERDAY       33            45    -12       30
  MONTH TO DATE  621           778   -157      913
  SINCE DEC 1    621           778   -157      913
  SINCE JUL 1   2542          2676   -134     2703

 COOLING
  YESTERDAY        0             0      0        0
  MONTH TO DATE    0             0      0        0
  SINCE DEC 1      0             0      0        0
  SINCE JAN 1    420           513    -93      587
......................................................


WIND (MPH)
  HIGHEST WIND SPEED    15   HIGHEST WIND DIRECTION     S (180)
  HIGHEST GUST SPEED    20   HIGHEST GUST DIRECTION     S (190)
  AVERAGE WIND SPEED     8.3




RELATIVE HUMIDITY (PERCENT)
 HIGHEST    88          1200 AM
 LOWEST     57           300 PM
 AVERAGE    73

..........................................................




SUNRISE AND SUNSET
DECEMBER 19 2014......SUNRISE   730 AM MST   SUNSET   412 PM MST
DECEMBER 20 2014......SUNRISE   731 AM MST   SUNSET   413 PM MST


-  INDICATES NEGATIVE NUMBERS.
R  INDICATES RECORD WAS SET OR TIED.
MM INDICATES DATA IS MISSING.
T  INDICATES TRACE AMOUNT.




$$





U.S. Dept. of Commerce
NOAA National Weather Service
1325 East West Highway
Silver Spring, MD 20910
E-mail: w-nws.webmaster@noaa.gov
Page last modified: May 16, 2007
NATIONAL WEATHER SERVICE: for Safety, for Work, for Fun - FOR LIFE