544
CDUS43 KUNR 300831
CLI2WX


CLIMATE REPORT
NATIONAL WEATHER SERVICE RAPID CITY SD
231 AM MDT TUE SEP 30 2014


...................................

...THE BUFFALO SD CLIMATE SUMMARY FOR SEPTEMBER 29 2014...

CLIMATE NORMAL PERIOD 1981 TO 2010
CLIMATE RECORD PERIOD 9999 TO 9999


WEATHER ITEM   OBSERVED TIME   RECORD YEAR NORMAL DEPARTURE LAST
                VALUE   (LST)  VALUE       VALUE  FROM      YEAR
                                                  NORMAL
..................................................................
TEMPERATURE (F)
 YESTERDAY
  MAXIMUM         53   1159 PM              65    -12       79
  MINIMUM         45    635 AM              39      6       41
  AVERAGE         49                        52     -3       60

PRECIPITATION (IN)
  YESTERDAY        0.20         MM      MM   0.01   0.19     0.00
  MONTH TO DATE    0.54                      1.07  -0.53     2.16
  SINCE SEP 1      0.54                      1.07  -0.53     2.16
  SINCE JAN 1     14.91                     13.21   1.70    11.64

DEGREE DAYS
 HEATING
  YESTERDAY       16                        13      3        5
  MONTH TO DATE  216                       224     -8      112
  SINCE SEP 1    216                       224     -8      112
  SINCE JUL 1    267                       276     -9      124

 COOLING
  YESTERDAY        0                         0      0        0
  MONTH TO DATE   55                        40     15      100
  SINCE SEP 1     55                        40     15      100
  SINCE JAN 1    420                       511    -91      587
..................................................................


WIND (MPH)
  HIGHEST WIND SPEED    22   HIGHEST WIND DIRECTION     E (80)
  HIGHEST GUST SPEED    26   HIGHEST GUST DIRECTION     E (80)
  AVERAGE WIND SPEED    12.6




RELATIVE HUMIDITY (PERCENT)
 HIGHEST   100           100 AM
 LOWEST     86          1200 PM
 AVERAGE    93

..........................................................




SUNRISE AND SUNSET
SEPTEMBER 30 2014.....SUNRISE   651 AM MDT   SUNSET   636 PM MDT
OCTOBER  1 2014.......SUNRISE   652 AM MDT   SUNSET   634 PM MDT


-  INDICATES NEGATIVE NUMBERS.
R  INDICATES RECORD WAS SET OR TIED.
MM INDICATES DATA IS MISSING.
T  INDICATES TRACE AMOUNT.




$$





U.S. Dept. of Commerce
NOAA National Weather Service
1325 East West Highway
Silver Spring, MD 20910
E-mail: w-nws.webmaster@noaa.gov
Page last modified: May 16, 2007
NATIONAL WEATHER SERVICE: for Safety, for Work, for Fun - FOR LIFE