503
CDUS41 KBTV 250531
CLI1V4


CLIMATE REPORT
NATIONAL WEATHER SERVICE BURLINGTON VT
127 AM EDT FRI APR 25 2014


...................................

...THE ST. JOHNSBURY VT CLIMATE SUMMARY FOR APRIL 24 2014...

CLIMATE NORMAL PERIOD 1981 TO 2010
CLIMATE RECORD PERIOD 1894 TO 2014


WEATHER ITEM   OBSERVED TIME   RECORD YEAR NORMAL DEPARTURE LAST
                VALUE   (LST)  VALUE       VALUE  FROM      YEAR
                                                  NORMAL
..................................................................
TEMPERATURE (F)
 YESTERDAY
  MAXIMUM         49        MM  81    2001  61    -12       74
                                      1942
  MINIMUM         34        MM  21    1930  36     -2       31
  AVERAGE         42                        48     -6       53

PRECIPITATION (IN)
  YESTERDAY        0.00          1.29 1974   0.10  -0.10     0.00
  MONTH TO DATE    2.64                      2.26   0.38     2.42
  SINCE MAR 1      5.51                      4.77   0.74     4.34
  SINCE JAN 1     10.64                      9.45   1.19     7.72

DEGREE DAYS
 HEATING
  YESTERDAY       23                        17      6       12
  MONTH TO DATE  557                       526     31      598
  SINCE MAR 1   1978                      1602    376     1652
  SINCE JUL 1   8010                      7326    684     7130

 COOLING
  YESTERDAY        0                         0      0        0
  MONTH TO DATE    0                         0      0        0
  SINCE MAR 1      0                         0      0        0
  SINCE JAN 1      0                         0      0        0
..................................................................


WIND (MPH)
  HIGHEST WIND SPEED    MM   HIGHEST WIND DIRECTION    MM
  HIGHEST GUST SPEED    MM   HIGHEST GUST DIRECTION    MM
  AVERAGE WIND SPEED    MM


SKY COVER
  AVERAGE SKY COVER 0.0


WEATHER CONDITIONS
 THE FOLLOWING WEATHER WAS RECORDED YESTERDAY.
  NO SIGNIFICANT WEATHER WAS OBSERVED.


RELATIVE HUMIDITY (PERCENT)
 HIGHEST    70          1100 PM
 LOWEST     42           200 PM
 AVERAGE    56

..........................................................


THE ST. JOHNSBURY VT CLIMATE NORMALS FOR TODAY
                         NORMAL    RECORD    YEAR
 MAXIMUM TEMPERATURE (F)   61        87      2009
 MINIMUM TEMPERATURE (F)   36        17      1965


SUNRISE AND SUNSET
APRIL 25 2014.........SUNRISE   548 AM EDT   SUNSET   745 PM EDT
APRIL 26 2014.........SUNRISE   546 AM EDT   SUNSET   746 PM EDT


-  INDICATES NEGATIVE NUMBERS.
R  INDICATES RECORD WAS SET OR TIED.
MM INDICATES DATA IS MISSING.
T  INDICATES TRACE AMOUNT.




$$





U.S. Dept. of Commerce
NOAA National Weather Service
1325 East West Highway
Silver Spring, MD 20910
E-mail: w-nws.webmaster@noaa.gov
Page last modified: May 16, 2007
NATIONAL WEATHER SERVICE: for Safety, for Work, for Fun - FOR LIFE