175
CDUS41 KBTV 250527
CLI1V4


CLIMATE REPORT
NATIONAL WEATHER SERVICE BURLINGTON VT
1226 AM EST SUN JAN 25 2015


...................................

...THE ST. JOHNSBURY VT CLIMATE SUMMARY FOR JANUARY 24 2015...

CLIMATE NORMAL PERIOD 1981 TO 2010
CLIMATE RECORD PERIOD 1894 TO 2015


WEATHER ITEM   OBSERVED TIME   RECORD YEAR NORMAL DEPARTURE LAST
                VALUE   (LST)  VALUE       VALUE  FROM      YEAR
                                                  NORMAL
..................................................................
TEMPERATURE (F)
 YESTERDAY
  MAXIMUM         32    328 PM  54    1906  27      5       11
  MINIMUM         11    629 AM -34    1907   6      5      -16
  AVERAGE         22                        16      6       -2

PRECIPITATION (IN)
  YESTERDAY        0.01          0.88 1992   0.08  -0.07     0.00
  MONTH TO DATE    2.29                      1.94   0.35     1.87
  SINCE DEC 1      6.18                      5.02   1.16     5.31
  SINCE JAN 1      2.29                      1.94   0.35     1.87

DEGREE DAYS
 HEATING
  YESTERDAY       43                        49     -6       67
  MONTH TO DATE 1236                      1159     77     1155
  SINCE DEC 1   2384                      2456    -72     2511
  SINCE JUL 1   4036                      4112    -76     4310

 COOLING
  YESTERDAY        0                         0      0        0
  MONTH TO DATE    0                         0      0        0
  SINCE DEC 1      0                         0      0        0
  SINCE JAN 1      0                         0      0        0
..................................................................


WIND (MPH)
  HIGHEST WIND SPEED    MM   HIGHEST WIND DIRECTION    MM
  HIGHEST GUST SPEED    MM   HIGHEST GUST DIRECTION    MM
  AVERAGE WIND SPEED    MM


SKY COVER
  AVERAGE SKY COVER 0.0


WEATHER CONDITIONS
 THE FOLLOWING WEATHER WAS RECORDED YESTERDAY.
  NO SIGNIFICANT WEATHER WAS OBSERVED.


RELATIVE HUMIDITY (PERCENT)
 HIGHEST    92           400 AM
 LOWEST     63           100 PM
 AVERAGE    78

..........................................................


THE ST. JOHNSBURY VT CLIMATE NORMALS FOR TODAY
                         NORMAL    RECORD    YEAR
 MAXIMUM TEMPERATURE (F)   27        57      1938
 MINIMUM TEMPERATURE (F)    6       -30      1922


SUNRISE AND SUNSET
JANUARY 25 2015.......SUNRISE   714 AM EST   SUNSET   447 PM EST
JANUARY 26 2015.......SUNRISE   713 AM EST   SUNSET   449 PM EST


-  INDICATES NEGATIVE NUMBERS.
R  INDICATES RECORD WAS SET OR TIED.
MM INDICATES DATA IS MISSING.
T  INDICATES TRACE AMOUNT.




$$





U.S. Dept. of Commerce
NOAA National Weather Service
1325 East West Highway
Silver Spring, MD 20910
E-mail: w-nws.webmaster@noaa.gov
Page last modified: May 16, 2007
NATIONAL WEATHER SERVICE: for Safety, for Work, for Fun - FOR LIFE