581
CDUS41 KBTV 230540
CLI1V4


CLIMATE REPORT
NATIONAL WEATHER SERVICE BURLINGTON VT
1239 AM EST SUN NOV 23 2014


...................................

...THE ST. JOHNSBURY VT CLIMATE SUMMARY FOR NOVEMBER 22 2014...

CLIMATE NORMAL PERIOD 1981 TO 2010
CLIMATE RECORD PERIOD 1894 TO 2014


WEATHER ITEM   OBSERVED TIME   RECORD YEAR NORMAL DEPARTURE LAST
                VALUE   (LST)  VALUE       VALUE  FROM      YEAR
                                                  NORMAL
..................................................................
TEMPERATURE (F)
 YESTERDAY
  MAXIMUM         39        MM  68    1953  41     -2       32
  MINIMUM         12        MM  -4    1916  26    -14       25
  AVERAGE         26                        34     -8       29

PRECIPITATION (IN)
  YESTERDAY        0.00          1.26 1943   0.11  -0.11     0.10
  MONTH TO DATE    1.21                      2.52  -1.31     1.44
  SINCE SEP 1      7.51                      9.78  -2.27     7.33
  SINCE JAN 1     34.95                     35.54  -0.59    32.30

DEGREE DAYS
 HEATING
  YESTERDAY       39                        32      7       36
  MONTH TO DATE  669                       601     68      633
  SINCE SEP 1   1347                      1338      9     1392
  SINCE JUL 1   1404                      1388     16     1452

 COOLING
  YESTERDAY        0                         0      0        0
  MONTH TO DATE    0                         0      0        0
  SINCE SEP 1     33                        35     -2       40
  SINCE JAN 1    252                       433   -181      407
..................................................................


WIND (MPH)
  HIGHEST WIND SPEED    MM   HIGHEST WIND DIRECTION    MM
  HIGHEST GUST SPEED    MM   HIGHEST GUST DIRECTION    MM
  AVERAGE WIND SPEED    MM


SKY COVER
  AVERAGE SKY COVER 0.0


WEATHER CONDITIONS
 THE FOLLOWING WEATHER WAS RECORDED YESTERDAY.
  NO SIGNIFICANT WEATHER WAS OBSERVED.


RELATIVE HUMIDITY (PERCENT)
 HIGHEST    92           600 AM
 LOWEST     35           500 PM
 AVERAGE    64

..........................................................


THE ST. JOHNSBURY VT CLIMATE NORMALS FOR TODAY
                         NORMAL    RECORD    YEAR
 MAXIMUM TEMPERATURE (F)   41        64      1953
 MINIMUM TEMPERATURE (F)   25        -3      1914


SUNRISE AND SUNSET
NOVEMBER 23 2014......SUNRISE   654 AM EST   SUNSET   414 PM EST
NOVEMBER 24 2014......SUNRISE   656 AM EST   SUNSET   413 PM EST


-  INDICATES NEGATIVE NUMBERS.
R  INDICATES RECORD WAS SET OR TIED.
MM INDICATES DATA IS MISSING.
T  INDICATES TRACE AMOUNT.




$$





U.S. Dept. of Commerce
NOAA National Weather Service
1325 East West Highway
Silver Spring, MD 20910
E-mail: w-nws.webmaster@noaa.gov
Page last modified: May 16, 2007
NATIONAL WEATHER SERVICE: for Safety, for Work, for Fun - FOR LIFE