968
CDUS41 KBTV 270537
CLI1V4


CLIMATE REPORT
NATIONAL WEATHER SERVICE BURLINGTON VT
1235 AM EST THU NOV 27 2014


...................................

...THE ST. JOHNSBURY VT CLIMATE SUMMARY FOR NOVEMBER 26 2014...

CLIMATE NORMAL PERIOD 1981 TO 2010
CLIMATE RECORD PERIOD 1894 TO 2014


WEATHER ITEM   OBSERVED TIME   RECORD YEAR NORMAL DEPARTURE LAST
                VALUE   (LST)  VALUE       VALUE  FROM      YEAR
                                                  NORMAL
..................................................................
TEMPERATURE (F)
 YESTERDAY
  MAXIMUM         42   1259 AM  61    1979  39      3       33
  MINIMUM         30   1159 PM -13    1938  24      6       27
  AVERAGE         36                        32      4       30

PRECIPITATION (IN)
  YESTERDAY        0.68          1.32 1900   0.11   0.57     0.19
  MONTH TO DATE    2.50                      2.96  -0.46     1.72
  SINCE SEP 1      8.80                     10.22  -1.42     7.61
  SINCE JAN 1     36.24                     35.98   0.26    32.58

DEGREE DAYS
 HEATING
  YESTERDAY       29                        33     -4       35
  MONTH TO DATE  760                       731     29      801
  SINCE SEP 1   1438                      1468    -30     1560
  SINCE JUL 1   1495                      1518    -23     1620

 COOLING
  YESTERDAY        0                         0      0        0
  MONTH TO DATE    0                         0      0        0
  SINCE SEP 1     33                        35     -2       40
  SINCE JAN 1    252                       433   -181      407
..................................................................


WIND (MPH)
  HIGHEST WIND SPEED    MM   HIGHEST WIND DIRECTION    MM
  HIGHEST GUST SPEED    MM   HIGHEST GUST DIRECTION    MM
  AVERAGE WIND SPEED    MM


SKY COVER
  AVERAGE SKY COVER 0.0


WEATHER CONDITIONS
 THE FOLLOWING WEATHER WAS RECORDED YESTERDAY.
  NO SIGNIFICANT WEATHER WAS OBSERVED.


RELATIVE HUMIDITY (PERCENT)
 HIGHEST   100           300 PM
 LOWEST     52           400 AM
 AVERAGE    76

..........................................................


THE ST. JOHNSBURY VT CLIMATE NORMALS FOR TODAY
                         NORMAL    RECORD    YEAR
 MAXIMUM TEMPERATURE (F)   39        61      1979
 MINIMUM TEMPERATURE (F)   24        -5      1949


SUNRISE AND SUNSET
NOVEMBER 27 2014......SUNRISE   659 AM EST   SUNSET   412 PM EST
NOVEMBER 28 2014......SUNRISE   701 AM EST   SUNSET   411 PM EST


-  INDICATES NEGATIVE NUMBERS.
R  INDICATES RECORD WAS SET OR TIED.
MM INDICATES DATA IS MISSING.
T  INDICATES TRACE AMOUNT.




$$





U.S. Dept. of Commerce
NOAA National Weather Service
1325 East West Highway
Silver Spring, MD 20910
E-mail: w-nws.webmaster@noaa.gov
Page last modified: May 16, 2007
NATIONAL WEATHER SERVICE: for Safety, for Work, for Fun - FOR LIFE