212
CDUS41 KBTV 300554
CLI1V4


CLIMATE REPORT
NATIONAL WEATHER SERVICE BURLINGTON VT
152 AM EDT THU OCT 30 2014


...................................

...THE ST. JOHNSBURY VT CLIMATE SUMMARY FOR OCTOBER 29 2014...

CLIMATE NORMAL PERIOD 1981 TO 2010
CLIMATE RECORD PERIOD 1894 TO 2014


WEATHER ITEM   OBSERVED TIME   RECORD YEAR NORMAL DEPARTURE LAST
                VALUE   (LST)  VALUE       VALUE  FROM      YEAR
                                                  NORMAL
..................................................................
TEMPERATURE (F)
 YESTERDAY
  MAXIMUM         57        MM  74    1971  52      5       44
  MINIMUM         38        MM  16    1903  33      5       19
  AVERAGE         48                        42      6       32

PRECIPITATION (IN)
  YESTERDAY        0.01          1.14 2003   0.13  -0.12     0.00
  MONTH TO DATE    4.87                      3.64   1.23     1.68
  SINCE SEP 1      6.30                      7.03  -0.73     5.33
  SINCE JAN 1     33.74                     32.79   0.95    30.30

DEGREE DAYS
 HEATING
  YESTERDAY       17                        22     -5       33
  MONTH TO DATE  407                       507   -100      458
  SINCE SEP 1    634                       691    -57      706
  SINCE JUL 1    691                       741    -50      766

 COOLING
  YESTERDAY        0                         0      0        0
  MONTH TO DATE    5                         0      5        0
  SINCE SEP 1     33                        34     -1       40
  SINCE JAN 1    252                       432   -180      407
..................................................................


WIND (MPH)
  HIGHEST WIND SPEED    MM   HIGHEST WIND DIRECTION    MM
  HIGHEST GUST SPEED    MM   HIGHEST GUST DIRECTION    MM
  AVERAGE WIND SPEED    MM


SKY COVER
  AVERAGE SKY COVER 0.0


WEATHER CONDITIONS
 THE FOLLOWING WEATHER WAS RECORDED YESTERDAY.
  NO SIGNIFICANT WEATHER WAS OBSERVED.


RELATIVE HUMIDITY (PERCENT)
 HIGHEST   100           200 AM
 LOWEST     56           800 PM
 AVERAGE    78

..........................................................


THE ST. JOHNSBURY VT CLIMATE NORMALS FOR TODAY
                         NORMAL    RECORD    YEAR
 MAXIMUM TEMPERATURE (F)   52        71      1950
 MINIMUM TEMPERATURE (F)   32        14      1966


SUNRISE AND SUNSET
OCTOBER 30 2014.......SUNRISE   723 AM EDT   SUNSET   540 PM EDT
OCTOBER 31 2014.......SUNRISE   724 AM EDT   SUNSET   539 PM EDT


-  INDICATES NEGATIVE NUMBERS.
R  INDICATES RECORD WAS SET OR TIED.
MM INDICATES DATA IS MISSING.
T  INDICATES TRACE AMOUNT.




$$





U.S. Dept. of Commerce
NOAA National Weather Service
1325 East West Highway
Silver Spring, MD 20910
E-mail: w-nws.webmaster@noaa.gov
Page last modified: May 16, 2007
NATIONAL WEATHER SERVICE: for Safety, for Work, for Fun - FOR LIFE