518
CDUS41 KBTV 020525
CLI1V4


CLIMATE REPORT
NATIONAL WEATHER SERVICE BURLINGTON VT
124 AM EDT TUE SEP 2 2014


...................................

...THE ST. JOHNSBURY VT CLIMATE SUMMARY FOR SEPTEMBER 1 2014...

CLIMATE NORMAL PERIOD 1981 TO 2010
CLIMATE RECORD PERIOD 1894 TO 2014


WEATHER ITEM   OBSERVED TIME   RECORD YEAR NORMAL DEPARTURE LAST
                VALUE   (LST)  VALUE       VALUE  FROM      YEAR
                                                  NORMAL
..................................................................
TEMPERATURE (F)
 YESTERDAY
  MAXIMUM         84        MM  92    1953  76      8       83
  MINIMUM         62        MM  34    1904  54      8       66
  AVERAGE         73                        65      8       75

PRECIPITATION (IN)
  YESTERDAY        0.01          0.66 1918   0.10  -0.09     0.02
  MONTH TO DATE    0.01                      0.10  -0.09     0.02
  SINCE SEP 1      0.01                      0.10  -0.09     0.02
  SINCE JAN 1     27.45                     25.86   1.59    24.99

DEGREE DAYS
 HEATING
  YESTERDAY        0                         2     -2        0
  MONTH TO DATE    0                         2     -2        0
  SINCE SEP 1      0                         2     -2        0
  SINCE JUL 1     57                        52      5       60

 COOLING
  YESTERDAY        8                         3      5       10
  MONTH TO DATE    8                         3      5       10
  SINCE SEP 1      8                         3      5       10
  SINCE JAN 1    227                       401   -174      377
..................................................................


WIND (MPH)
  HIGHEST WIND SPEED    MM   HIGHEST WIND DIRECTION    MM
  HIGHEST GUST SPEED    MM   HIGHEST GUST DIRECTION    MM
  AVERAGE WIND SPEED    MM


SKY COVER
  AVERAGE SKY COVER 0.0


WEATHER CONDITIONS
 THE FOLLOWING WEATHER WAS RECORDED YESTERDAY.
  NO SIGNIFICANT WEATHER WAS OBSERVED.


RELATIVE HUMIDITY (PERCENT)
 HIGHEST   100          1200 AM
 LOWEST     44           400 PM
 AVERAGE    72

..........................................................


THE ST. JOHNSBURY VT CLIMATE NORMALS FOR TODAY
                         NORMAL    RECORD    YEAR
 MAXIMUM TEMPERATURE (F)   76        92      1953
 MINIMUM TEMPERATURE (F)   54        36      1896


SUNRISE AND SUNSET
SEPTEMBER  2 2014.....SUNRISE   612 AM EDT   SUNSET   723 PM EDT
SEPTEMBER  3 2014.....SUNRISE   613 AM EDT   SUNSET   721 PM EDT


-  INDICATES NEGATIVE NUMBERS.
R  INDICATES RECORD WAS SET OR TIED.
MM INDICATES DATA IS MISSING.
T  INDICATES TRACE AMOUNT.




$$





U.S. Dept. of Commerce
NOAA National Weather Service
1325 East West Highway
Silver Spring, MD 20910
E-mail: w-nws.webmaster@noaa.gov
Page last modified: May 16, 2007
NATIONAL WEATHER SERVICE: for Safety, for Work, for Fun - FOR LIFE