790
CDUS41 KBTV 220606
CLI1V4


CLIMATE REPORT
NATIONAL WEATHER SERVICE BURLINGTON VT
104 AM EST MON DEC 22 2014


...................................

...THE ST. JOHNSBURY VT CLIMATE SUMMARY FOR DECEMBER 21 2014...

CLIMATE NORMAL PERIOD 1981 TO 2010
CLIMATE RECORD PERIOD 1894 TO 2014


WEATHER ITEM   OBSERVED TIME   RECORD YEAR NORMAL DEPARTURE LAST
                VALUE   (LST)  VALUE       VALUE  FROM      YEAR
                                                  NORMAL
..................................................................
TEMPERATURE (F)
 YESTERDAY
  MAXIMUM         27        MM  59    1957  30     -3       47
                                      1941
  MINIMUM         11        MM -29    1955  12     -1       33
  AVERAGE         19                        21     -2       40

PRECIPITATION (IN)
  YESTERDAY        0.01          2.24 1973   0.10  -0.09     0.31
  MONTH TO DATE    3.06                      2.17   0.89     1.91
  SINCE DEC 1      3.06                      2.17   0.89     1.91
  SINCE JAN 1     39.49                     38.59   0.90    35.71

DEGREE DAYS
 HEATING
  YESTERDAY       46                        44      2       25
  MONTH TO DATE  798                       842    -44      915
  SINCE DEC 1    798                       842    -44      915
  SINCE JUL 1   2450                      2498    -48     2714

 COOLING
  YESTERDAY        0                         0      0        0
  MONTH TO DATE    0                         0      0        0
  SINCE DEC 1      0                         0      0        0
  SINCE JAN 1    252                       433   -181      407
..................................................................


WIND (MPH)
  HIGHEST WIND SPEED    MM   HIGHEST WIND DIRECTION    MM
  HIGHEST GUST SPEED    MM   HIGHEST GUST DIRECTION    MM
  AVERAGE WIND SPEED    MM


SKY COVER
  AVERAGE SKY COVER 0.0


WEATHER CONDITIONS
 THE FOLLOWING WEATHER WAS RECORDED YESTERDAY.
  NO SIGNIFICANT WEATHER WAS OBSERVED.


RELATIVE HUMIDITY (PERCENT)
 HIGHEST    92           500 AM
 LOWEST     80           900 AM
 AVERAGE    86

..........................................................


THE ST. JOHNSBURY VT CLIMATE NORMALS FOR TODAY
                         NORMAL    RECORD    YEAR
 MAXIMUM TEMPERATURE (F)   30        54      1949
 MINIMUM TEMPERATURE (F)   12       -30      1958


SUNRISE AND SUNSET
DECEMBER 22 2014......SUNRISE   722 AM EST   SUNSET   412 PM EST
DECEMBER 23 2014......SUNRISE   722 AM EST   SUNSET   412 PM EST


-  INDICATES NEGATIVE NUMBERS.
R  INDICATES RECORD WAS SET OR TIED.
MM INDICATES DATA IS MISSING.
T  INDICATES TRACE AMOUNT.




$$





U.S. Dept. of Commerce
NOAA National Weather Service
1325 East West Highway
Silver Spring, MD 20910
E-mail: w-nws.webmaster@noaa.gov
Page last modified: May 16, 2007
NATIONAL WEATHER SERVICE: for Safety, for Work, for Fun - FOR LIFE