468
CDUS41 KBTV 230529
CLI1V4


CLIMATE REPORT
NATIONAL WEATHER SERVICE BURLINGTON VT
129 AM EDT WED JUL 23 2014


...................................

...THE ST. JOHNSBURY VT CLIMATE SUMMARY FOR JULY 22 2014...

CLIMATE NORMAL PERIOD 1981 TO 2010
CLIMATE RECORD PERIOD 1894 TO 2014


WEATHER ITEM   OBSERVED TIME   RECORD YEAR NORMAL DEPARTURE LAST
                VALUE   (LST)  VALUE       VALUE  FROM      YEAR
                                                  NORMAL
..................................................................
TEMPERATURE (F)
 YESTERDAY
  MAXIMUM         87    454 PM  97    1918  81      6       78
  MINIMUM         58    554 AM  41    1914  59     -1       52
  AVERAGE         73                        70      3       65

PRECIPITATION (IN)
  YESTERDAY        0.00          1.00 1957   0.13  -0.13     0.00
  MONTH TO DATE    3.56                      2.83   0.73     4.62
  SINCE JUN 1      6.83                      6.84  -0.01     9.09
  SINCE JAN 1     22.53                     20.25   2.28    21.47

DEGREE DAYS
 HEATING
  YESTERDAY        0                         0      0        0
  MONTH TO DATE    5                        10     -5        0
  SINCE JUN 1     74                        82     -8      113
  SINCE JUL 1      5                        10     -5        0

 COOLING
  YESTERDAY        8                         5      3        0
  MONTH TO DATE  102                       125    -23      176
  SINCE JUN 1    149                       215    -66      256
  SINCE JAN 1    153                       233    -80      272
..................................................................


WIND (MPH)
  HIGHEST WIND SPEED    MM   HIGHEST WIND DIRECTION    MM
  HIGHEST GUST SPEED    MM   HIGHEST GUST DIRECTION    MM
  AVERAGE WIND SPEED    MM


SKY COVER
  AVERAGE SKY COVER 0.0


WEATHER CONDITIONS
 THE FOLLOWING WEATHER WAS RECORDED YESTERDAY.
  NO SIGNIFICANT WEATHER WAS OBSERVED.


RELATIVE HUMIDITY (PERCENT)
 HIGHEST   100          1100 PM
 LOWEST     37           200 PM
 AVERAGE    69

..........................................................


THE ST. JOHNSBURY VT CLIMATE NORMALS FOR TODAY
                         NORMAL    RECORD    YEAR
 MAXIMUM TEMPERATURE (F)   81        97      1918
 MINIMUM TEMPERATURE (F)   59        42      1977


SUNRISE AND SUNSET
JULY 23 2014..........SUNRISE   525 AM EDT   SUNSET   823 PM EDT
JULY 24 2014..........SUNRISE   526 AM EDT   SUNSET   822 PM EDT


-  INDICATES NEGATIVE NUMBERS.
R  INDICATES RECORD WAS SET OR TIED.
MM INDICATES DATA IS MISSING.
T  INDICATES TRACE AMOUNT.




$$





U.S. Dept. of Commerce
NOAA National Weather Service
1325 East West Highway
Silver Spring, MD 20910
E-mail: w-nws.webmaster@noaa.gov
Page last modified: May 16, 2007
NATIONAL WEATHER SERVICE: for Safety, for Work, for Fun - FOR LIFE