000
CXUS51 KPBZ 012059
CLAZZV


CLIMATE REPORT
NATIONAL WEATHER SERVICE PITTSBURGH PA
357 PM EST SAT JAN 1 2011

...................................

...THE ZANESVILLE OH CLIMATE SUMMARY FOR THE YEAR OF 2010...

CLIMATE NORMAL PERIOD 1971 TO 2000
CLIMATE RECORD PERIOD 1946 TO 2010

WEATHER         OBSERVED          NORMAL  DEPART  LAST YEAR`S
                 VALUE   DATE(S)  VALUE   FROM    VALUE  DATE(S)
                                          NORMAL
................................................................
TEMPERATURE (F)
RECORD
 HIGH             103   MM
 LOW              -25   MM
HIGHEST            93                        MM       92  08/16
LOWEST             -4                        MM      -16  01/17
AVG. MAXIMUM     62.3              57.6     4.7     61.8
AVG. MINIMUM     41.3              38.1     3.2     40.8
MEAN             51.8              47.9     3.9     51.3
DAYS MAX >= 90     23                MM      MM        3
DAYS MAX <= 32     54                MM      MM       31
DAYS MIN <= 32    135                MM      MM      120
DAYS MIN <= 0       2                MM      MM        7

PRECIPITATION (INCHES)
RECORD
 MAXIMUM           MM   MM
 MINIMUM           MM   MM
TOTALS          32.71             36.91   -4.20
DAILY AVG.       0.09              0.10   -0.01     0.07
DAYS >= .01       117                MM      MM      130
DAYS >= .10        65                MM      MM       62
DAYS >= .50        23                MM      MM       18
DAYS >= 1.00        5                MM      MM        3
GREATEST
 24 HR. TOTAL    2.30   MM                       12/31 TO 12/31
                                                          12/31 TO 12/31[J)
                                                          12/31 TO 12/31[J)

DEGREE_DAYS
HEATING TOTAL    5716              6639    -923     5471
 SINCE 7/1       2325              2614    -289     2129
COOLING TOTAL    1042               369     673      624
 SINCE 1/1       1042               369     673      624
.................................................................

WIND (MPH)
AVERAGE WIND SPEED              5.1
HIGHEST WIND SPEED/DIRECTION    40/270    DATE  10/26
HIGHEST GUST SPEED/DIRECTION    61/300    DATE  06/02

AVERAGE RH (PERCENT)     72

WEATHER CONDITIONS. NUMBER OF DAYS WITH
THUNDERSTORM             47     MIXED PRECIP               0
HEAVY RAIN               33     RAIN                      58
LIGHT RAIN              112     FREEZING RAIN              0
LT FREEZING RAIN          2     HAIL                       0
HEAVY SNOW                2     SNOW                       9
LIGHT SNOW               50     SLEET                      0
FOG                     262     FOG W/VIS <= 1/4 MILE     35
HAZE                    117

-  INDICATES NEGATIVE NUMBERS.
R  INDICATES RECORD WAS SET OR TIED.
MM INDICATES DATA IS MISSING.
T  INDICATES TRACE AMOUNT.

$$






U.S. Dept. of Commerce
NOAA National Weather Service
1325 East West Highway
Silver Spring, MD 20910
E-mail: w-nws.webmaster@noaa.gov
Page last modified: May 16, 2007
NATIONAL WEATHER SERVICE: for Safety, for Work, for Fun - FOR LIFE