325
CXUS51 KPBZ 022048
CLAZZV

CLIMATE REPORT
NATIONAL WEATHER SERVICE PITTSBURGH PA
343 PM EST FRI JAN 2 2015

...................................

...THE ZANESVILLE OH CLIMATE SUMMARY FOR THE YEAR OF 2014...

CLIMATE NORMAL PERIOD 1981 TO 2010
CLIMATE RECORD PERIOD 1946 TO 2015

WEATHER         OBSERVED          NORMAL  DEPART  LAST YEAR`S
                 VALUE   DATE(S)  VALUE   FROM    VALUE  DATE(S)
                                          NORMAL
................................................................
TEMPERATURE (F)
RECORD
 HIGH             103   MM
 LOW              -20   01/29/2014
HIGHEST            90                        MM       93  07/18
                                                          07/16
LOWEST            -20R                       MM        4  02/02
AVG. MAXIMUM     60.2              62.3    -2.1     61.2
AVG. MINIMUM     39.8              41.4    -1.6     42.0
MEAN             50.0              51.8    -1.8     51.6
DAYS MAX >= 90      1              10.1    -9.1       10
DAYS MAX <= 32     40              25.5    14.5       35
DAYS MIN <= 32    124             117.3     6.7      137
DAYS MIN <= 0      12               3.5     8.5        0

PRECIPITATION (INCHES)
RECORD
 MAXIMUM           MM   MM
 MINIMUM           MM   MM
TOTALS          36.74             37.86   -1.12
DAILY AVG.       0.10              0.10    0.00     0.11
DAYS >= .01       135             136.5    -1.5      149
DAYS >= .10        81              79.3     1.7       83
DAYS >= .50        22              25.0    -3.0       28
DAYS >= 1.00        9               7.0     2.0        7
GREATEST
 24 HR. TOTAL    1.75   MM                       12/31 TO 12/31
                                                          12/31 TO 12/31
                                                          12/31 TO 12/31

DEGREE_DAYS
HEATING TOTAL    6073              5571     502     5592
 SINCE 7/1       2216              2145      71     2129
COOLING TOTAL     727               768     -41      856
 SINCE 1/1        727               768     -41      856
..................................................

WIND (MPH)
AVERAGE WIND SPEED              6.2
HIGHEST WIND SPEED/DIRECTION    37/260    DATE  12/24
HIGHEST GUST SPEED/DIRECTION    62/210    DATE  01/05

AVERAGE RH (PERCENT)     68

WEATHER CONDITIONS. NUMBER OF DAYS WITH
THUNDERSTORM              0     MIXED PRECIP               0
HEAVY RAIN               52     RAIN                      71
LIGHT RAIN              135     FREEZING RAIN              2
LT FREEZING RAIN          5     HAIL                       0
HEAVY SNOW                7     SNOW                      12
LIGHT SNOW               44     SLEET                      0
FOG                     226     FOG W/VIS <= 1/4 MILE     32
HAZE                    118

-  INDICATES NEGATIVE NUMBERS.
R  INDICATES RECORD WAS SET OR TIED.
MM INDICATES DATA IS MISSING.
T  INDICATES TRACE AMOUNT.

$$







U.S. Dept. of Commerce
NOAA National Weather Service
1325 East West Highway
Silver Spring, MD 20910
E-mail: w-nws.webmaster@noaa.gov
Page last modified: May 16, 2007
NATIONAL WEATHER SERVICE: for Safety, for Work, for Fun - FOR LIFE