555
CXUS53 KGJT 021313
CLAVEL


CLIMATE REPORT
NATIONAL WEATHER SERVICE GRAND JUNCTION CO
528 AM MST THU JAN 2 2014

...................................

...THE VERNAL UT CLIMATE SUMMARY FOR THE YEAR OF 2013...

CLIMATE NORMAL PERIOD 1981 TO 2010
CLIMATE RECORD PERIOD 9999 TO 9999

WEATHER         OBSERVED          NORMAL  DEPART  LAST YEAR`S
                 VALUE   DATE(S)  VALUE   FROM    VALUE  DATE(S)
                                          NORMAL
................................................................
TEMPERATURE (F)
RECORD
 HIGH             102   07/16/2010
 LOW              -21   01/15/2007
HIGHEST            98   07/23        MM      MM       97  06/25
LOWEST            -18   01/14        MM      MM       -6  12/22
                                                          12/21
AVG. MAXIMUM     56.5              59.0    -2.5     64.2
AVG. MINIMUM     31.5              34.2    -2.7     36.0
MEAN             44.0              46.6    -2.6     50.1
DAYS MAX >= 90     42              20.5    21.5       47
DAYS MAX <= 32     89              48.2    40.8       19
DAYS MIN <= 32    184             163.0    21.0      164
DAYS MIN <= 0      42              10.4    31.6        7

PRECIPITATION (INCHES)
RECORD
 MAXIMUM           MM   MM
 MINIMUM           MM   MM
TOTALS           9.47              9.31    0.16     4.59
DAILY AVG.          T              0.03   -0.03        T
DAYS >= .01        74              63.2    10.8       40
DAYS >= .10        29              28.4     0.6       13
DAYS >= .50         3               3.6    -0.6        1
DAYS >= 1.00        0               0.3    -0.3        0
GREATEST
 24 HR. TOTAL    0.70   MM                       12/31 TO 12/31
                                                          12/31 TO 12/31
                                                          12/31 TO 12/31
 STORM TOTAL       MM                                 MM
 (MM/DD(HH))            MM                    12/31(00) TO 12/31(00)
                                                 12/31(00) TO 12/31(00)1
                                                 12/31(00) TO 12/31(00)1

SNOWFALL (INCHES)
RECORDS
 TOTAL             MM   MM
 24 HR TOTAL       MM
 SNOW DEPTH        MM   MM
TOTALS             MM                MM      MM       MM
 LIQUID EQUIV      MM                MM      MM       MM
SINCE 7/1          MM                MM      MM       MM
 LIQUID 7/1        MM                MM      MM       MM
SNOWDEPTH AVG.     MM                MM      MM       MM
DAYS >= TRACE      MM                MM      MM       MM
DAYS >= 1.0        MM                MM      MM       MM
GREATEST
 SNOW DEPTH        MM                                 MM  MM
 24 HR TOTAL       MM                                 MM
 STORM TOTAL       MM                                 MM

DEGREE_DAYS
HEATING TOTAL    8317              7222    1095     6151
 SINCE 7/1       3422              2971     451     2688
COOLING TOTAL     787               512     275      810
 SINCE 1/1        787               511     276      810

FREEZE DATES
RECORD
 EARLIEST     MM
 LATEST       MM
EARLIEST                        MM
LATEST                          MM
..................................................

WIND (MPH)
AVERAGE WIND SPEED              4.2
RESULTANT WIND SPEED/DIRECTION   1/281
HIGHEST WIND SPEED/DIRECTION    36/030    DATE  07/16
HIGHEST GUST SPEED/DIRECTION    49/260    DATE  03/17

SKY COVER
POSSIBLE SUNSHINE (PERCENT)   MM
AVERAGE SKY COVER           0.20
NUMBER OF DAYS FAIR          255
NUMBER OF DAYS PC             76
NUMBER OF DAYS CLOUDY         34

AVERAGE RH (PERCENT)     57

WEATHER CONDITIONS. NUMBER OF DAYS WITH
THUNDERSTORM              0     MIXED PRECIP               0
HEAVY RAIN               11     RAIN                      18
LIGHT RAIN               95     FREEZING RAIN              0
LT FREEZING RAIN          0     HAIL                       0
HEAVY SNOW                7     SNOW                      12
LIGHT SNOW               49     SLEET                      0
FOG                     127     FOG W/VIS <= 1/4 MILE     19
HAZE                     95

-  INDICATES NEGATIVE NUMBERS.
R  INDICATES RECORD WAS SET OR TIED.
MM INDICATES DATA IS MISSING.
T  INDICATES TRACE AMOUNT.

$$





U.S. Dept. of Commerce
NOAA National Weather Service
1325 East West Highway
Silver Spring, MD 20910
E-mail: w-nws.webmaster@noaa.gov
Page last modified: May 16, 2007
NATIONAL WEATHER SERVICE: for Safety, for Work, for Fun - FOR LIFE