357
CXUS55 KCYS 091750
CLATOR


CLIMATE REPORT
NATIONAL WEATHER SERVICE CHEYENNE WY
1049 AM MST THU JAN 9 2014

...................................

...THE TORRINGTON WY AIRPORT CLIMATE SUMMARY FOR THE YEAR OF 2013...

CLIMATE NORMAL PERIOD 1981 TO 2010
CLIMATE RECORD PERIOD 1998 TO 2014

WEATHER         OBSERVED          NORMAL  DEPART  LAST YEAR`S
                 VALUE   DATE(S)  VALUE   FROM    VALUE
                                          NORMAL
.............................................................
TEMPERATURE (F)
RECORD
 HIGH             107   07/16/2006
                        07/15/2006
 LOW              -30   02/18/2006
HIGHEST           100   09/06        MM      MM      105
                        07/11
LOWEST            -17   12/05        MM      MM      -11
AVG. MAXIMUM     63.0              63.4    -0.4     68.5
AVG. MINIMUM     33.9              34.2    -0.3     35.8
MEAN             48.5              48.8    -0.3     52.1
DAYS MAX >= 90     55              43.4               74
DAYS MAX <= 32     34              23.5               18
DAYS MIN <= 32    188             168.8              157
DAYS MIN <= 0      15              10.7                9

PRECIPITATION (INCHES)
RECORD
 MAXIMUM        16.83   2011
 MINIMUM         7.18   2012
TOTALS          13.86             14.21   -0.35     7.18
DAYS >= .01        74                MM               56
DAYS >= .10        32                MM               23
DAYS >= .50         8                MM                2
DAYS >= 1.00        1                MM                0
GREATEST
 24 HR. TOTAL    2.32   10/10 TO 10/11

DEGREE_DAYS
HEATING TOTAL    6798              6587     211     5614
 SINCE 7/1       2766              2756      10     2482
COOLING TOTAL     893               677     216     1021
 SINCE 1/1        893               678     215     1021
..............................................................

WIND (MPH)
AVERAGE WIND SPEED              9.3
HIGHEST WIND SPEED/DIRECTION    51/270    DATE  03/17
HIGHEST GUST SPEED/DIRECTION    68/260    DATE  03/17

SKY COVER
POSSIBLE SUNSHINE (PERCENT)   MM
AVERAGE SKY COVER           0.30
NUMBER OF DAYS FAIR          244
NUMBER OF DAYS PC             98
NUMBER OF DAYS CLOUDY         22

AVERAGE RH (PERCENT)     60

WEATHER CONDITIONS. NUMBER OF DAYS WITH
THUNDERSTORM              0     MIXED PRECIP               0
HEAVY RAIN               11     RAIN                      14
LIGHT RAIN               90     FREEZING RAIN              0
LT FREEZING RAIN          2     HAIL                       0
HEAVY SNOW                4     SNOW                      12
LIGHT SNOW               50     SLEET                      0
FOG                      87     FOG W/VIS <= 1/4 MILE     21
HAZE                     23

-  INDICATES NEGATIVE NUMBERS.
R  INDICATES RECORD WAS SET OR TIED.
MM INDICATES DATA IS MISSING.
T  INDICATES TRACE AMOUNT.

$$





U.S. Dept. of Commerce
NOAA National Weather Service
1325 East West Highway
Silver Spring, MD 20910
E-mail: w-nws.webmaster@noaa.gov
Page last modified: May 16, 2007
NATIONAL WEATHER SERVICE: for Safety, for Work, for Fun - FOR LIFE