233
CXUS55 KCYS 172308 RRA
CLATOR

CLIMATE REPORT
NATIONAL WEATHER SERVICE CHEYENNE WY
403 PM MST SAT JAN 17 2015

...................................

...THE TORRINGTON WY AIRPORT CLIMATE SUMMARY FOR THE YEAR OF 2014...

CLIMATE NORMAL PERIOD 1981 TO 2010
CLIMATE RECORD PERIOD 1998 TO 2015

WEATHER         OBSERVED          NORMAL  DEPART  LAST YEAR`S
                 VALUE   DATE(S)  VALUE   FROM    VALUE
                                          NORMAL
.............................................................
TEMPERATURE (F)
RECORD
 HIGH             107   07/16/2006
                        07/15/2006
 LOW              -30   02/18/2006
HIGHEST           103   07/24        MM      MM      100
LOWEST            -27   12/31        MM      MM      -17
AVG. MAXIMUM     62.0              63.4    -1.4     63.0
AVG. MINIMUM     32.8              34.2    -1.4     33.9
MEAN             47.4              48.8    -1.4     48.5
DAYS MAX >= 90     39              43.4               55
DAYS MAX <= 32     43              23.5               34
DAYS MIN <= 32    177             168.8              188
DAYS MIN <= 0      24              10.7               15

PRECIPITATION (INCHES)
RECORD
 MAXIMUM        16.83   2011
 MINIMUM         7.18   2012
TOTALS          18.77R            14.21    4.56    13.86
DAYS >= .01       108                MM               74
DAYS >= .10        44                MM               32
DAYS >= .50         8                MM                8
DAYS >= 1.00        4                MM                1
GREATEST
 24 HR. TOTAL    1.96   05/20 TO 05/20

DEGREE_DAYS
HEATING TOTAL    6837              6587     250     6798
 SINCE 7/1       2716              2756     -40     2766
COOLING TOTAL     587               677     -90      893
 SINCE 1/1        587               678     -91      893
..............................................................

WIND (MPH)
AVERAGE WIND SPEED              9.6
HIGHEST WIND SPEED/DIRECTION    46/330    DATE  04/29
HIGHEST GUST SPEED/DIRECTION    64/340    DATE  04/29

SKY COVER
POSSIBLE SUNSHINE (PERCENT)   MM
AVERAGE SKY COVER           0.30
NUMBER OF DAYS FAIR          235
NUMBER OF DAYS PC             96
NUMBER OF DAYS CLOUDY         30

AVERAGE RH (PERCENT)     61

WEATHER CONDITIONS. NUMBER OF DAYS WITH
THUNDERSTORM              0     MIXED PRECIP               0
HEAVY RAIN               15     RAIN                      27
LIGHT RAIN               95     FREEZING RAIN              0
LT FREEZING RAIN          1     HAIL                       0
HEAVY SNOW                3     SNOW                      11
LIGHT SNOW               66     SLEET                      0
FOG                     127     FOG W/VIS <= 1/4 MILE     26
HAZE                     38

-  INDICATES NEGATIVE NUMBERS.
R  INDICATES RECORD WAS SET OR TIED.
MM INDICATES DATA IS MISSING.
T  INDICATES TRACE AMOUNT.

$$




U.S. Dept. of Commerce
NOAA National Weather Service
1325 East West Highway
Silver Spring, MD 20910
E-mail: w-nws.webmaster@noaa.gov
Page last modified: May 16, 2007
NATIONAL WEATHER SERVICE: for Safety, for Work, for Fun - FOR LIFE