119
CXUS53 KILX 030244 CCA
CLASPI

CLIMATE REPORT...CORRECTED
NATIONAL WEATHER SERVICE LINCOLN IL
844 PM CST FRI JAN 2 2015

CORRECTED YEARLY SNOWFALL TOTAL

...................................

...THE SPRINGFIELD IL CLIMATE SUMMARY FOR THE YEAR OF 2014...

CLIMATE NORMAL PERIOD 1981 TO 2010
CLIMATE RECORD PERIOD 1879 TO 2015

WEATHER         OBSERVED          NORMAL  DEPART  LAST YEAR`S
                 VALUE   DATE(S)  VALUE   FROM    VALUE  DATE(S)
                                          NORMAL
................................................................
TEMPERATURE (F)
RECORD
 HIGH             112   07/14/1954
 LOW              -24   02/13/1905
HIGHEST            96   08/25        MM      MM       95  08/30
                                                          06/12
LOWEST            -13   02/11        MM      MM        1  12/12
                        02/07                             01/02
                        01/06
AVG. MAXIMUM     61.3              63.1    -1.8     61.9
AVG. MINIMUM     41.2              43.0    -1.8     41.7
MEAN             51.2              53.0    -1.8     51.8
DAYS MAX >= 90     15              22.6    -7.6       24
DAYS MAX <= 32     47              30.9    16.1       34
DAYS MIN <= 32    128             110.2    17.8      137
DAYS MIN <= 0      17               5.8    11.2        0

PRECIPITATION (INCHES)
RECORD
 MAXIMUM        58.21   1882
 MINIMUM        22.76   1914
TOTALS          45.44             37.43    8.01    38.35
DAILY AVG.       0.12                               0.11
DAYS >= .01       124             113.4    10.6      114
DAYS >= .10        70              67.5     2.5       63
DAYS >= .50        35              24.0    11.0       26
DAYS >= 1.00        9               8.7     0.3       14
GREATEST
 24 HR. TOTAL    3.08   06/23 TO 06/24              2.27

SNOWFALL (INCHES)
RECORDS
 TOTAL           47.7   1960
                        1914
 24 HR TOTAL     17.4   03/24/2013 TO 03/25/2013
TOTALS           41.0              20.9    20.1     37.4
DAYS >= TRACE      48              16.9    31.1       38
DAYS >= 1.0         9               6.0     3.0        7
GREATEST
 SNOW DEPTH        11   02/15                         16
 24 HR TOTAL      9.6   01/05                       17.4

DEGREE_DAYS
HEATING TOTAL    6032              5484     548     5835
COOLING TOTAL    1162              1123      39     1145

FREEZE DATES
RECORD
 EARLIEST     09/20/1991
 LATEST       05/10/1966
EARLIEST                        10/13
LATEST                          04/13
.................................................................

WIND (MPH)
AVERAGE WIND SPEED              9.0
HIGHEST WIND SPEED/DIRECTION    51/250    DATE  02/20
HIGHEST GUST SPEED/DIRECTION    64/250    DATE  02/20

SKY COVER
POSSIBLE SUNSHINE (PERCENT)   MM
AVERAGE SKY COVER           0.40
NUMBER OF DAYS FAIR          206
NUMBER OF DAYS PC             89
NUMBER OF DAYS CLOUDY         70

AVERAGE RH (PERCENT)     69

WEATHER CONDITIONS. NUMBER OF DAYS WITH
THUNDERSTORM             56     MIXED PRECIP               0
HEAVY RAIN               38     RAIN                      55
LIGHT RAIN              140     FREEZING RAIN              2
LT FREEZING RAIN          4     HAIL                       0
HEAVY SNOW                1     SNOW                       8
LIGHT SNOW               47     SLEET                      0
FOG                     158     FOG W/VIS <= 1/4 MILE     16
HAZE                     62

-  INDICATES NEGATIVE NUMBERS.
R  INDICATES RECORD WAS SET OR TIED.
MM INDICATES DATA IS MISSING.
T  INDICATES TRACE AMOUNT.

&&

RECORDS ESTABLISHED DURING 2014:

ANNUAL RECORDS:
* 4TH SNOWIEST CALENDAR YEAR ON RECORD WITH 41.0 INCHES

SEASONAL RECORDS:
* 8TH COLDEST WINTER ON RECORD AT 22.8 DEGREES
* 2ND SNOWIEST WINTER (DEC-FEB) ON RECORD WITH 41.6 INCHES
* 3RD SNOWIEST CALENDAR WINTER ON RECORD WITH 45.7 INCHES
* 4TH WETTEST SUMMER ON RECORD WITH 18.04 INCHES

JANUARY:
* 5TH SNOWIEST JANUARY ON RECORD WITH 17.4 INCHES
* RECORD DAILY SNOWFALL OF 9.6 INCHES ON THE 5TH
* RECORD MONTHLY CALENDAR DAY SNOWFALL OF 9.6 INCHES ON THE 5TH
* TIED RECORD COLD HIGH OF -2 DEGREES ON THE 6TH

FEBRUARY:
* 7TH COLDEST FEBRUARY ON RECORD AT 20.1 DEGREES
* TIED 5TH SNOWIEST FEBRUARY ON RECORD AT 16.0 INCHES
* RECORD DAILY SNOWFALL OF 4.2 INCHES ON THE 4TH
* TIED RECORD COLD HIGH OF 7 DEGREES ON THE 6TH
* RECORD LOW TEMPERATURE OF -13 DEGREES ON THE 7TH
* RECORD LOW TEMPERATURE OF -13 DEGREES ON THE 11TH
* RECORD DAILY SNOWFALL OF 5.5 INCHES ON THE 14TH
* RECORD FEBRUARY WIND SPEED OF 64 MPH ON THE 20TH

MARCH:
* RECORD LOW TEMPERATURE OF -2 DEGREES ON THE 3RD

APRIL:
* TIED RECORD WARM LOW OF 60 DEGREES ON THE 13TH

MAY -- NO RECORDS ESTABLISHED

JUNE:
* TIED 5TH WETTEST JUNE ON RECORD AT 8.87 INCHES
* RECORD DAILY RAINFALL OF 2.57 INCHES ON THE 23RD

JULY:
* 3RD COOLEST JULY ON RECORD AT 71.6 DEGREES
* TIED RECORD COOL HIGH TEMPERATURE OF 72 DEGREES ON THE 2ND
* RECORD COOL HIGH TEMPERATURE OF 72 DEGREES ON THE 15TH
* RECORD LOW TEMPERATURE OF 52 DEGREES ON THE 16TH

AUGUST:
* 4TH WETTEST AUGUST ON RECORD AT 6.64 INCHES
* TIED RECORD DAILY RAINFALL OF 2.49 INCHES ON THE 28TH

SEPTEMBER:
* RECORD DAILY RAINFALL OF 2.38 INCHES ON THE 10TH

OCTOBER -- NO RECORDS ESTABLISHED

NOVEMBER:
* 8TH COLDEST NOVEMBER ON RECORD AT 36.3 DEGREES

DECEMBER:
* RECORD WARM LOW OF 45 DEGREES ON THE 15TH


$$
GEELHART







U.S. Dept. of Commerce
NOAA National Weather Service
1325 East West Highway
Silver Spring, MD 20910
E-mail: w-nws.webmaster@noaa.gov
Page last modified: May 16, 2007
NATIONAL WEATHER SERVICE: for Safety, for Work, for Fun - FOR LIFE