999
CXUS52 KCHS 011417
CLASAV

CLIMATE REPORT
NATIONAL WEATHER SERVICE CHARLESTON SC
857 AM EST WED JAN 1 2014

...................................

...THE SAVANNAH GA CLIMATE SUMMARY FOR THE YEAR OF 2013...

CLIMATE NORMAL PERIOD 1981 TO 2010
CLIMATE RECORD PERIOD 1871 TO 2013

WEATHER         OBSERVED          NORMAL  DEPART  LAST YEAR`S
                 VALUE   DATE(S)  VALUE   FROM    VALUE  DATE(S)
                                          NORMAL
................................................................
TEMPERATURE (F)
RECORD
 HIGH             105   07/20/1986
                        07/12/1879
 LOW                3   01/21/1985
HIGHEST            97   08/12                        100  07/26
                                                          06/30
                                                          06/29
LOWEST             26   02/18                         21  02/13
AVG. MAXIMUM     77.5              77.4     0.1     79.0
AVG. MINIMUM     57.1              56.1     1.0     57.7
MEAN             67.3              66.8     0.5     68.3
DAYS MAX >= 90     56              70.0   -14.0       67
DAYS MAX <= 32      0               0.1    -0.1        0
DAYS MIN <= 32     15              22.3    -7.3       17
DAYS MIN <= 0       0               0.0     0.0        0

PRECIPITATION (INCHES)
RECORD
 MAXIMUM        73.94   1885
 MINIMUM        22.00   1931
TOTALS          54.07             47.96    6.11    40.21
DAILY AVG.       0.15              0.13    0.02     0.11
DAYS >= .01       115             108.2     6.8       99
DAYS >= .10        71              70.3     0.7       72
DAYS >= .50        37              31.3     5.7       32
DAYS >= 1.00       21              14.0     7.0       11
GREATEST
 24 HR. TOTAL    3.86   02/12 TO 02/13

SNOWFALL (INCHES)
TOTALS            0.0               0.3    -0.3      0.0
SINCE 7/1         0.0               0.2    -0.2      0.0
SNOWDEPTH AVG.      0                                  0
DAYS >= TRACE       0               0.3    -0.3        0
DAYS >= 1.0         0               0.0     0.0        0

DEGREE_DAYS
HEATING TOTAL    1533              1811    -278     1346
 SINCE 7/1        526               690    -164      619
COOLING TOTAL    2491              2458      33     2675
 SINCE 1/1       2491              2458      33     2675

..................................................

WIND (MPH)
AVERAGE WIND SPEED              6.9
HIGHEST WIND SPEED/DIRECTION    41/280    DATE  06/10
HIGHEST GUST SPEED/DIRECTION    56/280    DATE  06/10


WEATHER CONDITIONS. NUMBER OF DAYS WITH
THUNDERSTORM             59     MIXED PRECIP               0
HEAVY RAIN               52     RAIN                      59
LIGHT RAIN              141     FREEZING RAIN              0
LT FREEZING RAIN          0     HAIL                       0
HEAVY SNOW                0     SNOW                       0
LIGHT SNOW                0     SLEET                      0
FOG                     178     FOG W/VIS <= 1/4 MILE     27
HAZE                     36

-  INDICATES NEGATIVE NUMBERS.
R  INDICATES RECORD WAS SET OR TIED.
MM INDICATES DATA IS MISSING.
T  INDICATES TRACE AMOUNT.

$$







U.S. Dept. of Commerce
NOAA National Weather Service
1325 East West Highway
Silver Spring, MD 20910
E-mail: w-nws.webmaster@noaa.gov
Page last modified: May 16, 2007
NATIONAL WEATHER SERVICE: for Safety, for Work, for Fun - FOR LIFE