979
CXUS56 KSGX 020635
CLARNM

CLIMATE REPORT
NATIONAL WEATHER SERVICE SAN DIEGO, CA
1005 PM PST WED JAN 1 2014

...................................

...THE RAMONA AIRPORT CA CLIMATE SUMMARY FOR THE YEAR OF 2013...

CLIMATE NORMAL PERIOD 1981 TO 2010
CLIMATE RECORD PERIOD 1974 TO 2013

WEATHER         OBSERVED          NORMAL  DEPART  LAST YEAR`S
                 VALUE   DATE(S)  VALUE   FROM    VALUE  DATE(S)
                                          NORMAL
................................................................
TEMPERATURE (F)
RECORD
 HIGH             111   07/22/2006
 LOW               16   01/17/2007
HIGHEST           101   09/06        77      24      104  10/01
                        06/29
LOWEST             21   01/13        46     -25       22  01/18
AVG. MAXIMUM     76.7              75.5     1.2     77.4
AVG. MINIMUM     44.5              45.2    -0.7     44.5
MEAN             60.6              60.3     0.3     61.0
DAYS MAX >= 90     60              51.7     8.3       66
DAYS MAX <= 32      0               0.0     0.0        0
DAYS MAX >= 100     4                                 10
DAYS MAX >= 110     0                                  0
DAYS MIN <= 32     54              37.4    16.6       54
DAYS MIN <= 0       0               0.0     0.0        0

PRECIPITATION (INCHES)
RECORD
 MAXIMUM        38.65   1978
 MINIMUM         5.04   1999
TOTALS           7.26             16.04   -8.78    10.56
DAILY AVG.       0.02              0.04   -0.02     0.03
DAYS >= .01        37                MM      MM       64
DAYS >= .10        16                MM      MM       27
DAYS >= .50         4                MM      MM        6
DAYS >= 1.00        2                MM      MM        2
DAYS >= 1.50        0                                  0
DAYS >= 2.00        0                                  0
GREATEST
 24 HR. TOTAL    1.12   MM                       12/31 TO 12/31
                                                          12/31 TO 12/31
                                                          12/31 TO 12/31
 STORM TOTAL       MM                                 MM
 (MM/DD(HH))            MM                    12/31(00) TO 12/31(00)
                                                 12/31(00) TO 12/31(00)1
                                                 12/31(00) TO 12/31(00)1

SNOWFALL (INCHES)
TOTALS            0.0

DEGREE_DAYS
HEATING TOTAL    2382              2551    -169     2401
 SINCE 7/1        840               888     -48      802
COOLING TOTAL     899               850      49     1035
 SINCE 1/1        899               850      49     1035

FREEZE DATES
RECORD
 EARLIEST     10/10/1974
 LATEST       05/07/1975
EARLIEST                        11/24
LATEST                          03/25
..................................................

WIND (MPH)
AVERAGE WIND SPEED              4.9
HIGHEST WIND SPEED/DIRECTION    32/090
HIGHEST GUST SPEED/DIRECTION    43/320

SKY COVER
POSSIBLE SUNSHINE (PERCENT)   MM
AVERAGE SKY COVER           0.20
NUMBER OF DAYS FAIR          258
NUMBER OF DAYS PC             76
NUMBER OF DAYS CLOUDY         31

AVERAGE RH (PERCENT)     60

WEATHER CONDITIONS. NUMBER OF DAYS WITH
THUNDERSTORM              0     MIXED PRECIP               0
HEAVY RAIN                9     RAIN                      16
LIGHT RAIN               47     FREEZING RAIN              0
LT FREEZING RAIN          0     HAIL                       0
HEAVY SNOW                0     SNOW                       0
LIGHT SNOW                0     SLEET                      0
FOG                     224     FOG W/VIS <= 1/4 MILE    104
HAZE                     67

-  INDICATES NEGATIVE NUMBERS.
R  INDICATES RECORD WAS SET OR TIED.
MM INDICATES DATA IS MISSING.
T  INDICATES TRACE AMOUNT.

$$







U.S. Dept. of Commerce
NOAA National Weather Service
1325 East West Highway
Silver Spring, MD 20910
E-mail: w-nws.webmaster@noaa.gov
Page last modified: May 16, 2007
NATIONAL WEATHER SERVICE: for Safety, for Work, for Fun - FOR LIFE