083
CXUS53 KGRB 022206
CLARHI

ANNUAL CLIMATE REPORT
NATIONAL WEATHER SERVICE GREEN BAY
405 PM CST THU JAN 2 2014

...11TH COLDEST YEAR ON RECORD AT RHINELANDER...
...16TH WETTEST YEAR ON RECORD AT RHINELANDER...
...2ND SNOWIEST YEAR ON RECORD AT RHINELANDER...

...THE RHINELANDER WI 2013 YEARLY CLIMATE SUMMARY...

CLIMATE NORMAL PERIOD 1981 TO 2010
CLIMATE RECORD PERIOD 1908 TO 2014

WEATHER         OBSERVED          NORMAL  DEPART  LAST YEAR`S
                 VALUE   DATE(S)  VALUE   FROM    VALUE  DATE(S)
                                          NORMAL
................................................................
TEMPERATURE (F)
RECORD
 HIGH             108   07/13/1936
 LOW              -42   02/03/1996
HIGHEST            92   08/25                         93  07/16
LOWEST            -24   12/31                        -24  01/20
AVG. MAXIMUM     48.9              51.5    -2.6     55.3
AVG. MINIMUM     28.4              30.4    -2.0     33.1
MEAN             38.7              41.0    -2.3     44.2
DAYS MAX >= 90      4               2.2     1.8        6
DAYS MAX <= 32    105              92.2    12.8       75
DAYS MIN <= 32    199             183.3    15.7      181
DAYS MIN <= 0      46              34.4    11.6       16

PRECIPITATION (INCHES)
RECORD
 MAXIMUM        41.62   1990
 MINIMUM        14.31   1989
TOTALS          36.87             31.40    5.47    30.09
DAILY AVG.       0.10
DAYS >= .01       176                MM      MM      135
DAYS >= .10        82                MM      MM       65
DAYS >= .50        23                MM      MM       18
DAYS >= 1.00        5                MM      MM        5

SNOWFALL (INCHES)
RECORDS
 TOTAL          107.7   MM
TOTALS           99.0                MM      MM     68.0
SINCE 7/1        32.9                MM      MM     17.7
SNOWDEPTH AVG.      5
DAYS >= TRACE     139                MM      MM       87
DAYS >= 1.0        38                MM      MM       16
GREATEST
 SNOW DEPTH        24   03/20                         30  02/29
                        03/19
 24 HR TOTAL      5.3   MM

DEGREE_DAYS
HEATING TOTAL    9753              9020     733     7872
 SINCE 7/1       3998              3626     372     3430
COOLING TOTAL     281               262      19      373
 SINCE 1/1        281               261      20      373

FREEZE DATES
RECORD
 EARLIEST     08/27/1915
 LATEST       07/30/1928
EARLIEST                        09/23
LATEST                          05/20
.................................................................

WIND (MPH)
AVERAGE WIND SPEED              6.6
HIGHEST WIND SPEED/DIRECTION    33/110    DATE  06/22
HIGHEST GUST SPEED/DIRECTION    47/280    DATE  05/31

SKY COVER
POSSIBLE SUNSHINE (PERCENT)   MM
AVERAGE SKY COVER           0.60
NUMBER OF DAYS FAIR          121
NUMBER OF DAYS PC            115
NUMBER OF DAYS CLOUDY        129

AVERAGE RH (PERCENT)     73

WEATHER CONDITIONS. NUMBER OF DAYS WITH
THUNDERSTORM             29     MIXED PRECIP               0
HEAVY RAIN               28     RAIN                      40
LIGHT RAIN              122     FREEZING RAIN              5
LT FREEZING RAIN         11     HAIL                       0
HEAVY SNOW               11     SNOW                      23
LIGHT SNOW              134     SLEET                      0
FOG                     257     FOG W/VIS <= 1/4 MILE     70
HAZE                     82

-  INDICATES NEGATIVE NUMBERS.
R  INDICATES RECORD WAS SET OR TIED.
MM INDICATES DATA IS MISSING.
T  INDICATES TRACE AMOUNT.

$$
ECKBERG













U.S. Dept. of Commerce
NOAA National Weather Service
1325 East West Highway
Silver Spring, MD 20910
E-mail: w-nws.webmaster@noaa.gov
Page last modified: May 16, 2007
NATIONAL WEATHER SERVICE: for Safety, for Work, for Fun - FOR LIFE