000
CXUS56 KPDT 041648
CLARDM

CLIMATE REPORT
NATIONAL WEATHER SERVICE PENDLETON OREGON
900 AM PST TUE JAN 4 2011

....................................

...THE REDMOND CLIMATE SUMMARY FOR THE YEAR OF 2010...

CLIMATE NORMAL PERIOD 1971 TO 2000
CLIMATE RECORD PERIOD 1949 TO 2010

WEATHER         OBSERVED          NORMAL  DEPART
                 VALUE   DATE(S)  VALUE   FROM
                                          NORMAL
................................................
TEMPERATURE (F)
RECORD
 HIGH             108  08/07/1972
 LOW              -28  12/08/1972
HIGHEST           100  08/25
LOWEST             -8  11/24

AVG. MAXIMUM     61.6
AVG. MINUMUM     32.9
MEAN             47.2
DAYS MAX >= 90     25
DAYS MAX <= 32     10
DAYS MIN <= 32    187
DAYS MIN <= 0       2

PRECIPITATION (INCHES)
TOTALS           11.58
DAILY AVG.        0.04
DAYS >=  0.01       99
DAYS >=  0.10       45
DAYS >=  0.50        5
DAYS >=  1.00        0
GREATEST
 24 HR. TOTAL     0.74   09/19

SNOWFALL (INCHES)
TOTALS            13.1
SINCE 7/1         11.1
SNOWDEPTH AVG.       0
DAYS >=  TRACE       7
DAYS >=  1.0         3
GREATEST
 SNOW DEPTH          6     12/19
 24 HR TOTAL       6.5

DEGREE_DAYS
HEATING_TOTAL      6541
 SINCE 7/1         2724
COOLING TOTAL       161
................................................

WIND (MPH)
AVERAGE WIND SPEED                     6.3
RESULTANT WIND SPEED/DIRECTION         4/242
HIGHEST WIND SPEED/DIRECTION          38/280      DATE          05/03
HIGHEST GUST SPEED/DIRECTION          51/280      DATE          05/03


WEATHER CONDITIONS. NUMBER OF DAYS WITH
THUNDERSTORM              11    MIXED PRECIP                           0
HEAVY RAIN                 7    RAIN                                  28
LIGHT RAIN               136    FREEZING RAIN                          1
LT FREEZING RAIN           3    HAIL                                   1
HEAVY SNOW                 3    SNOW                                  11
LIGHT SNOW                43    SLEET                                  0
FOG                       88    FOG W/VIS <=1/4 MILE                  18
HAZE                      15

-  INDICATES NEGATIVE NUMBERS.
R  INDICATES RECORD WAS SET OR TIED.
MM INDICATES DATA IS MISSING.
T  INDICATES TRACE AMOUNT.

$$







U.S. Dept. of Commerce
NOAA National Weather Service
1325 East West Highway
Silver Spring, MD 20910
E-mail: w-nws.webmaster@noaa.gov
Page last modified: May 16, 2007
NATIONAL WEATHER SERVICE: for Safety, for Work, for Fun - FOR LIFE