688
CXUS55 KPUB 080436 CCA
CLAPUB

CLIMATE REPORT
NATIONAL WEATHER SERVICE PUEBLO
342 PM MST SUN JAN 5 2014

...................................

...THE PUEBLO CO CLIMATE SUMMARY FOR THE YEAR OF 2013...

CLIMATE NORMAL PERIOD 1981 TO 2010
CLIMATE RECORD PERIOD 1888 TO 2014

WEATHER         OBSERVED          NORMAL  DEPART
                 VALUE   DATE(S)  VALUE   FROM
                                          NORMAL
................................................
TEMPERATURE (F)
RECORD
 HIGH             109   07/13/2003
 LOW              -31   02/01/1951
HIGHEST           104   06/27
                        06/11
LOWEST             -7   01/15
AVG. MAXIMUM     68.5              68.7    -0.2
AVG. MINIMUM     36.1              35.3     0.8
MEAN             52.3              52.0     0.3
DAYS MAX >= 90     73
DAYS MAX <= 32     16
DAYS MIN <= 32    173
DAYS MIN <= 0       5

PRECIPITATION (INCHES)
RECORD
 MAXIMUM        23.09   1957
 MINIMUM         3.94   2002
TOTALS           9.68             12.57   -2.89
DAILY AVG.       0.03              0.03    0.00
DAYS >= .01        66
DAYS >= .10        21
DAYS >= .50         5
DAYS >= 1.00        2
GREATEST
 24 HR. TOTAL    1.89   08/07 TO 08/07

SNOWFALL (INCHES)
RECORDS
 TOTAL           72.4   1990
                  6.9   1977

24 HR TOTAL     16.8   04/29/1990 TO 04/30/1990
                       04/01/1957 TO 04/02/1957

TOTALS           24.7              31.8    -7.1
SINCE 7/1         5.9              11.5    -5.6
SNOWDEPTH AVG.      0
DAYS >= TRACE      45              21.7    23.3
DAYS >= 1.0         9               9.7    -0.7
GREATEST
 SNOW DEPTH         3   03/04
 24 HR TOTAL      3.5   03/04 TO 03/04

DEGREE_DAYS
HEATING TOTAL    5740              5639     101
 SINCE 7/1       2238              2363    -125
COOLING TOTAL    1230               896     334
 SINCE 1/1       1230               897     333
.................................................

WIND (MPH)
AVERAGE WIND SPEED              7.9
RESULTANT WIND SPEED/DIRECTION   1/031
HIGHEST WIND SPEED/DIRECTION    55/360    DATE  04/09
HIGHEST GUST SPEED/DIRECTION    67/010    DATE  04/09

SKY COVER
POSSIBLE SUNSHINE (PERCENT)   MM
AVERAGE SKY COVER           0.20
NUMBER OF DAYS FAIR          289
NUMBER OF DAYS PC             51
NUMBER OF DAYS CLOUDY         25

AVERAGE RH (PERCENT)     49

WEATHER CONDITIONS. NUMBER OF DAYS WITH
THUNDERSTORM             32     MIXED PRECIP               0
HEAVY RAIN               10     RAIN                      16
LIGHT RAIN               85     FREEZING RAIN              0
LT FREEZING RAIN          0     HAIL                       2
HEAVY SNOW                5     SNOW                      11
LIGHT SNOW               43     SLEET                      0
FOG                      71     FOG W/VIS <= 1/4 MILE      9
HAZE                     46

-  INDICATES NEGATIVE NUMBERS.
R  INDICATES RECORD WAS SET OR TIED.
MM INDICATES DATA IS MISSING.
T  INDICATES TRACE AMOUNT.

$$











U.S. Dept. of Commerce
NOAA National Weather Service
1325 East West Highway
Silver Spring, MD 20910
E-mail: w-nws.webmaster@noaa.gov
Page last modified: May 16, 2007
NATIONAL WEATHER SERVICE: for Safety, for Work, for Fun - FOR LIFE