765
CXUS51 KALY 011542
CLAPSF

ALBCLMPSF 000
TTAA00 KALY 011540


CLIMATE REPORT
NATIONAL WEATHER SERVICE ALBANY NY
1036 AM EST THU JAN 1 2015

...................................

...THE PITTSFIELD MA CLIMATE SUMMARY FOR THE YEAR OF 2014...

CLIMATE NORMAL PERIOD 1981 TO 2010
CLIMATE RECORD PERIOD 9999 TO 9999

WEATHER         OBSERVED          NORMAL  DEPART  LAST YEAR`S
                 VALUE   DATE(S)  VALUE   FROM    VALUE  DATE(S)
                                          NORMAL
................................................................
TEMPERATURE (F)
HIGHEST            88   07/02                         91  07/19
LOWEST             -9R  01/22                         -7  12/17
                        01/04                             01/24
AVG. MAXIMUM     54.0              55.3    -1.3     55.3
AVG. MINIMUM     35.0              35.4    -0.4     36.1
MEAN             44.5              45.3    -0.8     45.7
DAYS MAX >= 90      0               1.3    -1.3        3
DAYS MAX <= 32     69              56.2    12.8       60
DAYS MIN <= 32    162             157.3     4.7      162
DAYS MIN <= 0      18               9.2     8.8        4

PRECIPITATION (INCHES)
TOTALS          44.17             45.38   -1.21    39.60
DAILY AVG.       0.12              0.12    0.00     0.11
DAYS >= .01       141                                129
DAYS >= .10        77                                 86
DAYS >= .50        29                                 26
DAYS >= 1.00       11                                  9
GREATEST
 24 HR. TOTAL    4.00   06/25 TO 06/25

DEGREE_DAYS
HEATING TOTAL    7580              7461     119     7349
 SINCE 7/1       2693              2838    -145     2848
COOLING TOTAL     238               291     -53      433
 SINCE 1/1        238               290     -52      433

FREEZE DATES
EARLIEST                        10/04
LATEST                          05/07
.................................................................

WIND (MPH)
AVERAGE WIND SPEED              6.7
HIGHEST WIND SPEED/DIRECTION    35/290    DATE  03/26
HIGHEST GUST SPEED/DIRECTION    48/290    DATE  12/25


WEATHER CONDITIONS. NUMBER OF DAYS WITH
THUNDERSTORM             28     MIXED PRECIP               0
HEAVY RAIN               30     RAIN                      59
LIGHT RAIN              128     FREEZING RAIN              4
LT FREEZING RAIN         13     HAIL                       0
HEAVY SNOW               10     SNOW                      22
LIGHT SNOW               68     SLEET                      0
FOG                     230     FOG W/VIS <= 1/4 MILE     63
HAZE                     76

-  INDICATES NEGATIVE NUMBERS.
R  INDICATES RECORD WAS SET OR TIED.
MM INDICATES DATA IS MISSING.
T  INDICATES TRACE AMOUNT.

$$








U.S. Dept. of Commerce
NOAA National Weather Service
1325 East West Highway
Silver Spring, MD 20910
E-mail: w-nws.webmaster@noaa.gov
Page last modified: May 16, 2007
NATIONAL WEATHER SERVICE: for Safety, for Work, for Fun - FOR LIFE