271
CXUS51 KALY 011044
CLAPSF

CLIMATE REPORT
NATIONAL WEATHER SERVICE ALBANY NY
530 AM EST WED JAN 1 2014

...................................

...THE PITTSFIELD MA CLIMATE SUMMARY FOR THE YEAR OF 2013...

CLIMATE NORMAL PERIOD 1981 TO 2010
CLIMATE RECORD PERIOD 9999 TO 9999

WEATHER         OBSERVED          NORMAL  DEPART  LAST YEAR`S
                 VALUE   DATE(S)  VALUE   FROM    VALUE  DATE(S)
                                          NORMAL
................................................................
TEMPERATURE (F)
HIGHEST            91   07/19                         91  07/17
                                                          06/20
LOWEST             -7   12/17                         -8  01/16
                        01/24
AVG. MAXIMUM     55.3              55.3     0.0     58.4
AVG. MINIMUM     36.1              35.4     0.7     39.2
MEAN             45.7              45.3     0.4     48.8
DAYS MAX >= 90      3               1.3     1.7        3
DAYS MAX <= 32     60              56.2     3.8       28
DAYS MIN <= 32    162             157.3     4.7      136
DAYS MIN <= 0       4               9.2    -5.2        4

PRECIPITATION (INCHES)
TOTALS          39.60             45.38   -5.78    36.36
DAILY AVG.       0.11              0.12   -0.01     0.10
DAYS >= .01       129                                144
DAYS >= .10        86                                 82
DAYS >= .50        26                                 26
DAYS >= 1.00        9                                  6
GREATEST
 24 HR. TOTAL    2.14   06/10 TO 06/11

DEGREE_DAYS
HEATING TOTAL    7349              7461    -112     6284
 SINCE 7/1       2848              2838      10     2536
COOLING TOTAL     433               291     142      465
 SINCE 1/1        433               290     143      465

FREEZE DATES
EARLIEST                        10/04
LATEST                          05/07
.................................................................

WIND (MPH)
AVERAGE WIND SPEED              6.3
HIGHEST WIND SPEED/DIRECTION    36/290    DATE  02/17
HIGHEST GUST SPEED/DIRECTION    51/280    DATE  01/31


WEATHER CONDITIONS. NUMBER OF DAYS WITH
THUNDERSTORM             22     MIXED PRECIP               0
HEAVY RAIN               34     RAIN                      61
LIGHT RAIN              120     FREEZING RAIN              0
LT FREEZING RAIN          9     HAIL                       0
HEAVY SNOW                6     SNOW                      18
LIGHT SNOW               75     SLEET                      0
FOG                     240     FOG W/VIS <= 1/4 MILE     76
HAZE                     86

-  INDICATES NEGATIVE NUMBERS.
R  INDICATES RECORD WAS SET OR TIED.
MM INDICATES DATA IS MISSING.
T  INDICATES TRACE AMOUNT.

$$









U.S. Dept. of Commerce
NOAA National Weather Service
1325 East West Highway
Silver Spring, MD 20910
E-mail: w-nws.webmaster@noaa.gov
Page last modified: May 16, 2007
NATIONAL WEATHER SERVICE: for Safety, for Work, for Fun - FOR LIFE