000
CXUS56 KPDT 041647
CLAPSC

CLIMATE REPORT
NATIONAL WEATHER SERVICE PENDLETON OREGON
900 AM PST TUE JAN 4 2011

....................................

...THE PASCO CLIMATE SUMMARY FOR THE YEAR OF 2010...

CLIMATE NORMAL PERIOD 1971 TO 2000
CLIMATE RECORD PERIOD 1948 TO 2010

WEATHER         OBSERVED          NORMAL  DEPART
                 VALUE   DATE(S)  VALUE   FROM
                                          NORMAL
................................................
TEMPERATURE (F)
RECORD
 HIGH             113  08/04/1998
 LOW              -19  01/04/2004
HIGHEST           104  08/17
LOWEST             -7  11/24

AVG. MAXIMUM     65.9
AVG. MINUMUM     40.7
MEAN             53.3
DAYS MAX >= 90     41
DAYS MAX <= 32     11
DAYS MIN <= 32    106
DAYS MIN <= 0       2

PRECIPITATION (INCHES)
TOTALS           10.22
DAILY AVG.        0.03
DAYS >=  0.01      108
DAYS >=  0.10       39
DAYS >=  0.50        1
DAYS >=  1.00        0
GREATEST
 24 HR. TOTAL     0.53   12/28

SNOWFALL (INCHES)
TOTALS             9.3
SINCE 7/1          9.3
SNOWDEPTH AVG.       0
DAYS >=  TRACE       8
DAYS >=  1.0         4
GREATEST
 SNOW DEPTH          6     11/25
 24 HR TOTAL       4.3

DEGREE_DAYS
HEATING_TOTAL      4845
 SINCE 7/1         2193
COOLING TOTAL       674
................................................

WIND (MPH)
AVERAGE WIND SPEED                     5.9
RESULTANT WIND SPEED/DIRECTION         4/225
HIGHEST WIND SPEED/DIRECTION          53/280      DATE          11/16
HIGHEST GUST SPEED/DIRECTION          67/280      DATE          11/16


WEATHER CONDITIONS. NUMBER OF DAYS WITH
THUNDERSTORM               9    MIXED PRECIP                           0
HEAVY RAIN                 8    RAIN                                  27
LIGHT RAIN               144    FREEZING RAIN                          0
LT FREEZING RAIN           3    HAIL                                   1
HEAVY SNOW                 3    SNOW                                   3
LIGHT SNOW                20    SLEET                                  0
FOG                      107    FOG W/VIS <=1/4 MILE                  33
HAZE                      41

-  INDICATES NEGATIVE NUMBERS.
R  INDICATES RECORD WAS SET OR TIED.
MM INDICATES DATA IS MISSING.
T  INDICATES TRACE AMOUNT.

$$







U.S. Dept. of Commerce
NOAA National Weather Service
1325 East West Highway
Silver Spring, MD 20910
E-mail: w-nws.webmaster@noaa.gov
Page last modified: May 16, 2007
NATIONAL WEATHER SERVICE: for Safety, for Work, for Fun - FOR LIFE