103
CXUS51 KALY 011043
CLAPOU

CLIMATE REPORT
NATIONAL WEATHER SERVICE ALBANY NY
530 AM EST WED JAN 1 2014

...................................

...THE POUGHKEEPSIE NY CLIMATE SUMMARY FOR THE YEAR OF 2013...

CLIMATE NORMAL PERIOD 1981 TO 2010
CLIMATE RECORD PERIOD 1949 TO 2013

WEATHER         OBSERVED          NORMAL  DEPART  LAST YEAR`S
                 VALUE   DATE(S)  VALUE   FROM    VALUE  DATE(S)
                                          NORMAL
................................................................
TEMPERATURE (F)
HIGHEST            97   07/19                         96  07/18
                                                          07/17
                                                          06/29
LOWEST             -5   02/10                          1  01/22
AVG. MAXIMUM     61.2              61.1     0.1     63.9
AVG. MINIMUM     40.0              38.5     1.5     42.9
MEAN             50.6              49.8     0.8     53.4
DAYS MAX >= 90     19              14.1     4.9       22
DAYS MAX <= 32     25              24.5     0.5        9
DAYS MIN <= 32    140             141.5    -1.5      119
DAYS MIN <= 0       1               5.2    -4.2        0

PRECIPITATION (INCHES)
RECORD
 MAXIMUM        62.01   2011
 MINIMUM        24.52   1964
TOTALS          39.91             46.53   -6.62    36.48
DAILY AVG.       0.11              0.13   -0.02     0.10
DAYS >= .01       121             125.3    -4.3      136
DAYS >= .10        72              81.2    -9.2       78
DAYS >= .50        25              30.5    -5.5       22
DAYS >= 1.00       10              10.9    -0.9        6
GREATEST
 24 HR. TOTAL    5.20   08/09 TO 08/10

DEGREE_DAYS
HEATING TOTAL    5942              6210    -268     4999
 SINCE 7/1       2278              2329     -51     2050
COOLING TOTAL     829               671     158      895
 SINCE 1/1        829               672     157      895

FREEZE DATES
RECORD
 EARLIEST     09/15/1963
 LATEST       05/25/1949
EARLIEST                        10/09
LATEST                          04/29
.................................................................

WIND (MPH)
AVERAGE WIND SPEED              4.4
HIGHEST WIND SPEED/DIRECTION    36/240    DATE  11/01
HIGHEST GUST SPEED/DIRECTION    49/240    DATE  11/01


WEATHER CONDITIONS. NUMBER OF DAYS WITH
THUNDERSTORM             21     MIXED PRECIP               0
HEAVY RAIN               31     RAIN                      42
LIGHT RAIN              119     FREEZING RAIN              1
LT FREEZING RAIN          5     HAIL                       0
HEAVY SNOW                5     SNOW                      11
LIGHT SNOW               42     SLEET                      0
FOG                     208     FOG W/VIS <= 1/4 MILE     46
HAZE                     94

-  INDICATES NEGATIVE NUMBERS.
R  INDICATES RECORD WAS SET OR TIED.
MM INDICATES DATA IS MISSING.
T  INDICATES TRACE AMOUNT.


RECORDS FOR KPOU DATE BACK TO 1949...
HOWEVER...DATA IS MISSING FROM JANUARY 1993 -JULY 2000.
$$









U.S. Dept. of Commerce
NOAA National Weather Service
1325 East West Highway
Silver Spring, MD 20910
E-mail: w-nws.webmaster@noaa.gov
Page last modified: May 16, 2007
NATIONAL WEATHER SERVICE: for Safety, for Work, for Fun - FOR LIFE