451
CXUS51 KALY 011541
CLAPOU

ALBCLMPOU 000
TTAA00 KALY 011540


CLIMATE REPORT
NATIONAL WEATHER SERVICE ALBANY NY
1036 AM EST THU JAN 1 2015

...................................

...THE POUGHKEEPSIE NY CLIMATE SUMMARY FOR THE YEAR OF 2014...

CLIMATE NORMAL PERIOD 1981 TO 2010
CLIMATE RECORD PERIOD 1949 TO 2014

WEATHER         OBSERVED          NORMAL  DEPART  LAST YEAR`S
                 VALUE   DATE(S)  VALUE   FROM    VALUE  DATE(S)
                                          NORMAL
................................................................
TEMPERATURE (F)
HIGHEST            93   07/02                         97  07/19
LOWEST             -9   02/12                         -5  02/10
                        01/04
AVG. MAXIMUM     60.5              61.1    -0.6     61.2
AVG. MINIMUM     39.0              38.5     0.5     40.0
MEAN             49.7              49.8    -0.1     50.6
DAYS MAX >= 90      8              14.1    -6.1       19
DAYS MAX <= 32     40              24.5    15.5       25
DAYS MIN <= 32    136             141.5    -5.5      140
DAYS MIN <= 0       8               5.2     2.8        1

PRECIPITATION (INCHES)
RECORD
 MAXIMUM        62.01   2011
 MINIMUM        24.52   1964
TOTALS          34.14             46.53  -12.39    39.91
DAILY AVG.       0.09              0.13   -0.04     0.11
DAYS >= .01       124             125.3    -1.3      121
DAYS >= .10        70              81.2   -11.2       72
DAYS >= .50        22              30.5    -8.5       25
DAYS >= 1.00        8              10.9    -2.9       10
GREATEST
 24 HR. TOTAL    1.74   05/30 TO 05/31

DEGREE_DAYS
HEATING TOTAL    6124              6210     -86     5942
 SINCE 7/1       2051              2329    -278     2278
COOLING TOTAL     696               671      25      829
 SINCE 1/1        696               672      24      829

FREEZE DATES
RECORD
 EARLIEST     09/15/1963
 LATEST       05/25/1949
EARLIEST                        10/09
LATEST                          04/29
.................................................................

WIND (MPH)
AVERAGE WIND SPEED              4.8
HIGHEST WIND SPEED/DIRECTION    33/250    DATE  07/07
HIGHEST GUST SPEED/DIRECTION    46/360    DATE  11/02


WEATHER CONDITIONS. NUMBER OF DAYS WITH
THUNDERSTORM             28     MIXED PRECIP               0
HEAVY RAIN               22     RAIN                      46
LIGHT RAIN              122     FREEZING RAIN              4
LT FREEZING RAIN          5     HAIL                       0
HEAVY SNOW                4     SNOW                      12
LIGHT SNOW               30     SLEET                      0
FOG                     177     FOG W/VIS <= 1/4 MILE     31
HAZE                     75

-  INDICATES NEGATIVE NUMBERS.
R  INDICATES RECORD WAS SET OR TIED.
MM INDICATES DATA IS MISSING.
T  INDICATES TRACE AMOUNT.

RECORDS FOR KPOU DATE BACK TO 1949...
HOWEVER...DATA IS MISSING FROM JANUARY 1993 - JULY 2000.


$$








U.S. Dept. of Commerce
NOAA National Weather Service
1325 East West Highway
Silver Spring, MD 20910
E-mail: w-nws.webmaster@noaa.gov
Page last modified: May 16, 2007
NATIONAL WEATHER SERVICE: for Safety, for Work, for Fun - FOR LIFE