528
CXUS53 KABR 021733
CLAPIR

FSDCLMPER 000
TTAA00 KABR 021733


CLIMATE REPORT
NATIONAL WEATHER SERVICE ABERDEEN SD
1133 AM CST THU JAN 2 2014

...................................

...THE PIERRE SD CLIMATE SUMMARY FOR THE YEAR OF 2013...

CLIMATE NORMAL PERIOD 1981 TO 2010
CLIMATE RECORD PERIOD 1892 TO 2013

WEATHER         OBSERVED          NORMAL  DEPART  LAST YEAR`S
                 VALUE   DATE(S)  VALUE   FROM    VALUE  DATE(S)
                                          NORMAL
................................................................
TEMPERATURE (F)
RECORD
 HIGH             117   07/15/2006
 LOW              -35   02/09/1994
HIGHEST           102   08/24        MM      MM      111  08/29
LOWEST            -21   12/23        MM      MM      -11  12/10
AVG. MAXIMUM     56.6              59.2    -2.6     63.7
AVG. MINIMUM     33.8              35.6    -1.8     36.7
MEAN             45.2              47.4    -2.2     50.2
DAYS MAX >= 90     24              36.5   -12.5       58
DAYS MAX <= 32     72              55.4    16.6       45
DAYS MIN <= 32    195             160.1    34.9      154
DAYS MIN <= 0      23              19.8     3.2       14

PRECIPITATION (INCHES)
RECORD
 MAXIMUM        31.24   1997
 MINIMUM         6.89   1976
TOTALS          24.56             20.01    4.55    11.57
DAILY AVG.       0.07              0.05    0.02        T
DAYS >= .01        89              87.7     1.3       73
DAYS >= .10        55              42.3    12.7       35
DAYS >= .50        14              11.5     2.5        4
DAYS >= 1.00        6               3.4     2.6        1

SNOWFALL (INCHES)
RECORDS
 TOTAL           82.0   1952
TOTALS           59.8              31.9    27.9     26.1
 LIQUID EQUIV    5.98              3.20    2.78     2.61
SINCE 7/1        16.2              11.2     5.0     11.9
 LIQUID 7/1      1.62              1.10    0.52     1.19
DAYS >= TRACE      74              26.3    47.7       38
DAYS >= 1.0        18              10.2     7.8       10

DEGREE_DAYS
HEATING TOTAL    7969              7290     679     6430
 SINCE 7/1         MM              2962      MM       MM
COOLING TOTAL     853               868     -15     1112
 SINCE 1/1        853               868     -15     1112
.................................................................

WIND (MPH)
AVERAGE WIND SPEED              10.8
HIGHEST WIND SPEED/DIRECTION    56/020    DATE  04/09
HIGHEST GUST SPEED/DIRECTION    63/200    DATE  07/13



-  INDICATES NEGATIVE NUMBERS.
R  INDICATES RECORD WAS SET OR TIED.
MM INDICATES DATA IS MISSING.
T  INDICATES TRACE AMOUNT.

$$








U.S. Dept. of Commerce
NOAA National Weather Service
1325 East West Highway
Silver Spring, MD 20910
E-mail: w-nws.webmaster@noaa.gov
Page last modified: May 16, 2007
NATIONAL WEATHER SERVICE: for Safety, for Work, for Fun - FOR LIFE