388
CXUS53 KILX 021813 CCA
CLAPIA

CLIMATE REPORT...CORRECTED
NATIONAL WEATHER SERVICE LINCOLN IL
1213 PM CST THU JAN 2 2014

...................................

...THE PEORIA IL CLIMATE SUMMARY FOR THE YEAR OF 2013...

CLIMATE NORMAL PERIOD 1981 TO 2010
CLIMATE RECORD PERIOD 1883 TO 2013

WEATHER         OBSERVED          NORMAL  DEPART  LAST YEAR`S
                 VALUE   DATE(S)  VALUE   FROM    VALUE  DATE(S)
                                          NORMAL
................................................................
TEMPERATURE (F)
RECORD
 HIGH             113   07/15/1936
 LOW              -27   01/05/1884
HIGHEST            99   08/30        MM      MM      104  07/23
                                                          07/07
LOWEST             -2   12/24        MM      MM        5  01/20
                                                          01/19
AVG. MAXIMUM     60.6              61.5    -0.9     65.7
AVG. MINIMUM     41.6              42.2    -0.6     45.0
MEAN             51.1              51.9    -0.8     55.4
DAYS MAX >= 90     23              18.7     4.3       50
DAYS MAX <= 32     44              37.0     7.0       19
DAYS MIN <= 32    137             115.9    21.1      104
DAYS MIN <= 0       2               7.2    -5.2        0

PRECIPITATION (INCHES)
RECORD
 MAXIMUM        55.35   1990
 MINIMUM        22.16   1988
TOTALS          43.56             36.49    7.07    27.08
DAILY AVG.       0.12              0.10    0.02     0.07
DAYS >= .01       119             116.5     2.5      104
DAYS >= .10        76              69.6     6.4       58
DAYS >= .50        30              24.1     5.9       19
DAYS >= 1.00       14               8.5     5.5        5
GREATEST
 24 HR. TOTAL    3.79   04/17 TO 04/18              2.04

SNOWFALL (INCHES)
RECORDS
 TOTAL           52.3   1977
 24 HR TOTAL     18.0   02/27/1900 TO 02/28/1900
TOTALS           28.6              24.6     4.0     14.1
DAYS >= TRACE      58              19.9    38.1       23
DAYS >= 1.0         8               7.6     0.4        6
GREATEST
 SNOW DEPTH         7   12/16                          4
 24 HR TOTAL      7.0   03/24                        5.0

DEGREE_DAYS
HEATING TOTAL    6111              5831     280     4786
COOLING TOTAL    1174              1040     134     1374

FREEZE DATES
RECORD
 EARLIEST     09/20/1991
 LATEST       05/25/1925
EARLIEST                        10/14
LATEST                          04/19
.................................................................

WIND (MPH)
AVERAGE WIND SPEED              7.9
HIGHEST WIND SPEED/DIRECTION    45/200    DATE  11/17
HIGHEST GUST SPEED/DIRECTION    70/240    DATE  11/17

SKY COVER
POSSIBLE SUNSHINE (PERCENT)   MM
AVERAGE SKY COVER           0.40
NUMBER OF DAYS FAIR          195
NUMBER OF DAYS PC             99
NUMBER OF DAYS CLOUDY         70

AVERAGE RH (PERCENT)     69

WEATHER CONDITIONS. NUMBER OF DAYS WITH
THUNDERSTORM             40     MIXED PRECIP               0
HEAVY RAIN               35     RAIN                      63
LIGHT RAIN              114     FREEZING RAIN              1
LT FREEZING RAIN          6     HAIL                       2
HEAVY SNOW                0     SNOW                       7
LIGHT SNOW               56     SLEET                      2
FOG                     175     FOG W/VIS <= 1/4 MILE     20
HAZE                     79

-  INDICATES NEGATIVE NUMBERS.
R  INDICATES RECORD WAS SET OR TIED.
MM INDICATES DATA IS MISSING.
T  INDICATES TRACE AMOUNT.

&&

RECORDS ESTABLISHED DURING THE YEAR:

SEASONAL RECORDS --
- 8TH LEAST SNOWIEST WINTER (DEC-FEB) ON RECORD
- 6TH WETTEST WINTER (DEC-FEB) ON RECORD
- WETTEST SPRING ON RECORD
- 3RD DRIEST SUMMER ON RECORD

JANUARY RECORDS --
- RECORD HIGH TEMPERATURE OF 64 DEGREES ON THE 29TH

FEBRUARY RECORDS --
- RECORD DAILY PRECIPITATION OF 0.72 INCHES ON THE 10TH

MARCH RECORDS --
- 6TH SNOWIEST MARCH ON RECORD
- RECORD DAILY SNOWFALL OF 7.0 INCHES ON THE 24TH

APRIL RECORDS --
- 5TH WETTEST APRIL ON RECORD
- DAILY RECORD RAINFALL OF 1.82 INCHES ON THE 10TH
- DAILY RECORD RAINFALL OF 2.47 INCHES ON THE 17TH
- DAILY RECORD RAINFALL OF 1.37 INCHES ON THE 18TH

MAY RECORDS --
- 2ND WETTEST MAY ON RECORD
- RECORD DAILY RAINFALL OF 1.21 INCHES ON THE 3RD
- TIED RECORD COLD HIGH TEMPERATURE OF 54 DEGREES ON THE 25TH

JUNE -- NO RECORDS ESTABLISHED

JULY RECORDS --
- RECORD COLD HIGH TEMPERATURE OF 69 DEGREES ON THE 27TH
- RECORD LOW TEMPERATURE OF 51 DEGREES ON THE 28TH

AUGUST RECORDS --
- 2ND DRIEST AUGUST ON RECORD
- TIED RECORD WARM LOW TEMPERATURE OF 74 DEGREES ON THE 28TH
- TIED RECORD HIGH TEMPERATURE OF 96 DEGREES ON THE 28TH
- RECORD HIGH TEMPERATURE OF 99 DEGREES ON THE 30TH

SEPTEMBER RECORDS --
- RECORD HIGH TEMPERATURE OF 98 DEGREES ON THE 10TH

OCTOBER RECORDS --
- 7TH WETTEST OCTOBER ON RECORD
- TIED RECORD DAILY SNOWFALL OF A TRACE ON THE 24TH
- RECORD DAILY PRECIPITATION OF 1.19 INCHES ON THE 30TH

NOVEMBER RECORDS --
- RECORD DAILY PRECIPITATION OF 1.64 INCHES ON THE 17TH

DECEMBER -- NO RECORDS ESTABLISHED

$$
GEELHART







U.S. Dept. of Commerce
NOAA National Weather Service
1325 East West Highway
Silver Spring, MD 20910
E-mail: w-nws.webmaster@noaa.gov
Page last modified: May 16, 2007
NATIONAL WEATHER SERVICE: for Safety, for Work, for Fun - FOR LIFE