538
CXUS53 KDDC 231427 CCA
CLAP28

CLIMATE REPORT...CORRECTED PRECIPITATION
NATIONAL WEATHER SERVICE DODGE CITY KS
1231 PM CST MON JAN 5 2015

...................................

...THE MEDICINE LODGE KS CLIMATE SUMMARY FOR THE YEAR OF 2014...

CLIMATE NORMAL PERIOD 1981 TO 2010
CLIMATE RECORD PERIOD 1893 TO 2015

WEATHER         OBSERVED          NORMAL  DEPART  LAST YEAR`S
                 VALUE   DATE(S)  VALUE   FROM    VALUE  DATE(S)
                                          NORMAL
................................................................
TEMPERATURE (F)
RECORD
 HIGH             118   08/12/1936
 LOW              -22   02/13/1905
HIGHEST           104   07/26        MM      MM      109  06/27
LOWEST             -8   01/06        MM      MM        1  12/23
                                                          02/23
AVG. MAXIMUM     69.1              69.9    -0.8     68.5
AVG. MINIMUM     43.7              45.3    -1.6     43.3
MEAN             56.4              57.6    -1.2     55.9
DAYS MAX >= 90     78              68.6     9.4       74
DAYS MAX <= 32     23              13.1     9.9       17
DAYS MIN <= 32    119             108.6    10.4      133
DAYS MIN <= 0       3               0.2     2.8        0

PRECIPITATION (INCHES)
RECORD
 MAXIMUM        42.51   1923
 MINIMUM        11.26   1954
TOTALS          20.68             27.14   -6.46    25.74
DAYS >= .01        82              79.6     2.4       81
DAYS >= .10        37              45.2    -8.2       53
DAYS >= .50        11              18.7    -7.7       17
DAYS >= 1.00        5               6.9    -1.9        4
GREATEST
 24 HR. TOTAL    2.18   07/30 TO 07/30           08/08 TO 08/08

SNOWFALL (INCHES)
RECORDS
 TOTAL           48.0   1983
 24 HR TOTAL     15.0   02/22/2013
TOTALS           25.8               8.5    17.3     30.5
SINCE 7/1         3.8               2.9     0.9      6.5
GREATEST
 SNOW DEPTH        10   02/05                         15  02/22
 24 HR TOTAL      9.0   02/04 TO 02/04           02/21 TO 02/21

DEGREE_DAYS
HEATING TOTAL    4789              4456     333     4939
 SINCE 7/1       1764              1799     -35     1998
COOLING TOTAL    1802              1770      32     1786
 SINCE 1/1       1802              1770      32     1786

FREEZE DATES
..................................................

WIND (MPH)
AVERAGE WIND SPEED              9.7
HIGHEST WIND SPEED/DIRECTION    51/350    DATE  06/11
HIGHEST GUST SPEED/DIRECTION    63/360    DATE  06/11

SKY COVER
POSSIBLE SUNSHINE (PERCENT)   MM
AVERAGE SKY COVER           0.00
NUMBER OF DAYS FAIR          335
NUMBER OF DAYS PC              0
NUMBER OF DAYS CLOUDY          0



-  INDICATES NEGATIVE NUMBERS.
R  INDICATES RECORD WAS SET OR TIED.
MM INDICATES DATA IS MISSING.
T  INDICATES TRACE AMOUNT.

$$




U.S. Dept. of Commerce
NOAA National Weather Service
1325 East West Highway
Silver Spring, MD 20910
E-mail: w-nws.webmaster@noaa.gov
Page last modified: May 16, 2007
NATIONAL WEATHER SERVICE: for Safety, for Work, for Fun - FOR LIFE