124
CXUS53 KEAX 011612 CCA
CLAOJC

CLIMATE REPORT.....CORRECTED PRODUCT IDENTIFIER
NATIONAL WEATHER SERVICE KANSAS CITY/PLEASANT HILL MO
137 AM CST THU JAN 1 2015

...................................

...THE JOHNSON COUNTY EXECUTIVE KS CLIMATE SUMMARY FOR THE YEAR OF 2014...

CLIMATE NORMAL PERIOD 1981 TO 2010
CLIMATE RECORD PERIOD 9999 TO 9999

WEATHER         OBSERVED          NORMAL  DEPART
                 VALUE   DATE(S)  VALUE   FROM
                                          NORMAL
................................................
TEMPERATURE (F)
HIGHEST            96   08/23        98      -2
                        07/25
                        07/22
LOWEST             -9R  01/06         2     -11
AVG. MAXIMUM     62.7              64.8    -2.1
AVG. MINIMUM     43.1              45.5    -2.4
MEAN             52.9              55.2    -2.3
DAYS MAX >= 90     22              33.2   -11.2
DAYS MAX <= 32     38              22.5    15.5
DAYS MIN <= 32    118              98.5    19.5
DAYS MIN <= 0       7               3.1     3.9

PRECIPITATION (INCHES)
TOTALS          32.31             40.04   -7.73
DAILY AVG.       0.09              0.11   -0.02
DAYS >= .01        95             100.3    -5.3
DAYS >= .10        53              65.0   -12.0
DAYS >= .50        27              25.7     1.3
DAYS >= 1.00       11              11.4    -0.4
GREATEST
 24 HR. TOTAL    2.54   MM

DEGREE_DAYS
HEATING TOTAL    5497              4935     562
COOLING TOTAL    1237              1348    -111
.................................................

WIND (MPH)
AVERAGE WIND SPEED              9.1
HIGHEST WIND SPEED/DIRECTION    43/320    DATE  08/31
HIGHEST GUST SPEED/DIRECTION    53/330    DATE  08/31

SKY COVER
POSSIBLE SUNSHINE (PERCENT)   MM
AVERAGE SKY COVER           0.30
NUMBER OF DAYS FAIR          215
NUMBER OF DAYS PC             93
NUMBER OF DAYS CLOUDY         57

AVERAGE RH (PERCENT)     67

WEATHER CONDITIONS. NUMBER OF DAYS WITH
THUNDERSTORM              0     MIXED PRECIP               0
HEAVY RAIN               32     RAIN                      41
LIGHT RAIN               95     FREEZING RAIN              1
LT FREEZING RAIN          4     HAIL                       0
HEAVY SNOW                1     SNOW                       5
LIGHT SNOW               33     SLEET                      0
FOG                     144     FOG W/VIS <= 1/4 MILE     13
HAZE                     56

-  INDICATES NEGATIVE NUMBERS.
R  INDICATES RECORD WAS SET OR TIED.
MM INDICATES DATA IS MISSING.
T  INDICATES TRACE AMOUNT.

$$







U.S. Dept. of Commerce
NOAA National Weather Service
1325 East West Highway
Silver Spring, MD 20910
E-mail: w-nws.webmaster@noaa.gov
Page last modified: May 16, 2007
NATIONAL WEATHER SERVICE: for Safety, for Work, for Fun - FOR LIFE