852
CXUS53 KDVN 012200
CLAMLI


CLIMATE REPORT
NATIONAL WEATHER SERVICE QUAD CITIES IA IL
400 PM CST THU JAN 1 2015

...................................

...THE MOLINE IL CLIMATE SUMMARY FOR THE YEAR OF 2014...

CLIMATE NORMAL PERIOD 1981 TO 2010
CLIMATE RECORD PERIOD 1872 TO 2014

WEATHER         OBSERVED          NORMAL  DEPART
                 VALUE   DATE(S)  VALUE   FROM
                                          NORMAL
................................................
TEMPERATURE (F)
RECORD
 HIGH             111   07/14/1936
 LOW              -28   02/03/1996
HIGHEST            94   08/25        86       8
LOWEST            -22   02/11        14     -36
                        02/03
AVG. MAXIMUM     57.6              60.7    -3.1
AVG. MINIMUM     37.0              40.8    -3.8
MEAN             47.3              50.7    -3.4
DAYS MAX >= 90      3              19.8   -16.8
DAYS MAX <= 32     66              43.0    23.0
DAYS MIN <= 32    147             126.9    20.1
DAYS MIN <= 0      28              10.3    17.7

PRECIPITATION (INCHES)
RECORD
 MAXIMUM        56.36   1973
 MINIMUM        17.33   1901
TOTALS          39.29             37.96    1.33
DAILY AVG.       0.11              0.10    0.01
DAYS >= .01       123             117.1     5.9
DAYS >= .10        66
DAYS >= .50        20
DAYS >= 1.00       10               9.2     0.8
GREATEST
 24 HR. TOTAL    5.11   06/29 TO 06/30

SNOWFALL (INCHES)
RECORDS
 TOTAL           71.1   1997
TOTALS           54.9              31.6    23.3
SINCE 7/1         4.6              10.5    -5.9
SNOWDEPTH AVG.      1
DAYS >= TRACE      57              25.1    31.9
DAYS >= 1.0        18               9.7     8.3
GREATEST
 SNOW DEPTH        10   02/18
                        02/09
 24 HR TOTAL      7.8   01/04 TO 01/05

DEGREE_DAYS
HEATING TOTAL    7141              6204     937
COOLING TOTAL     839              1005    -166
.................................................

WIND (MPH)
AVERAGE WIND SPEED              8.5
HIGHEST WIND SPEED/DIRECTION    39/310    DATE  01/26
HIGHEST GUST SPEED/DIRECTION    53/310    DATE  01/26

SKY COVER
POSSIBLE SUNSHINE (PERCENT)   MM
AVERAGE SKY COVER           0.40
NUMBER OF DAYS FAIR          196
NUMBER OF DAYS PC            100
NUMBER OF DAYS CLOUDY         66

AVERAGE RH (PERCENT)     69

WEATHER CONDITIONS. NUMBER OF DAYS WITH
THUNDERSTORM             51     HAIL                       1
SLEET                     0     FOG                      191
FOG W/VIS <= 1/4 MILE    22     HAZE                     126

-  INDICATES NEGATIVE NUMBERS.
R  INDICATES RECORD WAS SET OR TIED.
MM INDICATES DATA IS MISSING.
T  INDICATES TRACE AMOUNT.

$$








U.S. Dept. of Commerce
NOAA National Weather Service
1325 East West Highway
Silver Spring, MD 20910
E-mail: w-nws.webmaster@noaa.gov
Page last modified: May 16, 2007
NATIONAL WEATHER SERVICE: for Safety, for Work, for Fun - FOR LIFE