068
CXUS53 KMKX 011847
CLAMKE

CLIMATE REPORT
NATIONAL WEATHER SERVICE IN MILWAUKEE
1246 PM CST WED JAN 1 2014

...................................

...THE MILWAUKEE WI CLIMATE SUMMARY FOR THE YEAR OF 2013...

CLIMATE NORMAL PERIOD 1981 TO 2010
CLIMATE RECORD PERIOD 1871 TO 2013

WEATHER         OBSERVED          NORMAL  DEPART  LAST YEAR`S
                 VALUE   DATE(S)  VALUE   FROM    VALUE  DATE(S)
                                          NORMAL
................................................................
TEMPERATURE (F)
RECORD
 HIGH             105   07/24/1934
 LOW              -26   02/03/1996
                        01/17/1982
HIGHEST            95   09/10        95       0      103  07/05
                        08/30
                        08/27
LOWEST             -5   12/30       -13       8       -1  01/20
                        01/22
AVG. MAXIMUM     54.5              55.6    -1.1     60.3
AVG. MINIMUM     38.9              40.1    -1.2     43.5
MEAN             46.7              47.9    -1.2     51.9
DAYS MAX >= 90     10               7.0     3.0       20
DAYS MAX <= 32     66              51.5    14.5       27
DAYS MIN <= 32    145             125.5    19.5      104
DAYS MIN <= 0       9               6.9     2.1        2

PRECIPITATION (INCHES)
RECORD
 MAXIMUM        50.36   1876
 MINIMUM        18.69   1901
TOTALS          40.02             34.76    5.26    29.29
DAILY AVG.       0.11              0.10    0.01     0.08
DAYS >= .01       126             126.7    -0.7      104
DAYS >= .10        67              69.1    -2.1       63
DAYS >= .50        27              22.2     4.8       19
DAYS >= 1.00       11               7.2     3.8        4
GREATEST
 24 HR. TOTAL    2.61   04/17 TO 04/18              2.53 5/06 TO 5/07

SNOWFALL (INCHES)
RECORDS
 TOTAL          110.3   1886
TOTALS           59.4              46.9    12.5     35.3
SINCE 7/1        21.3              13.3     8.0      6.9
SNOWDEPTH AVG.      1                MM      MM        0
DAYS >= 1.0        18              13.4     4.6       10
GREATEST
 SNOW DEPTH        10   12/26                          6  01/15
                        12/25                             01/13
                                                          01/14
 24 HR TOTAL      8.0   12/22 TO 12/22               6.5  1/12 TO 1/13

DEGREE_DAYS
HEATING TOTAL    7233              6894     339     5704
 SINCE 7/1         MM              2560      MM       MM
COOLING TOTAL     688               641      47     1041
 SINCE 1/1        688               641      47     1041

FREEZE DATES
RECORD
 EARLIEST     09/20/1956
 LATEST       05/27/1961
EARLIEST                        10/17
LATEST                          04/27
.................................................................

WIND (MPH)
AVERAGE WIND SPEED              9.3
RESULTANT WIND SPEED/DIRECTION   2/267
HIGHEST WIND SPEED/DIRECTION    38/060    DATE  04/11
HIGHEST GUST SPEED/DIRECTION    50/290    DATE  11/17

SKY COVER
POSSIBLE SUNSHINE (PERCENT)   MM
AVERAGE SKY COVER           0.60
NUMBER OF DAYS FAIR           73
NUMBER OF DAYS PC            167
NUMBER OF DAYS CLOUDY        125

AVERAGE RH (PERCENT)     71

WEATHER CONDITIONS. NUMBER OF DAYS WITH
THUNDERSTORM             30     MIXED PRECIP               1
HEAVY RAIN               30     RAIN                      45
LIGHT RAIN              120     FREEZING RAIN              0
LT FREEZING RAIN          6     HAIL                       1
HEAVY SNOW                2     SNOW                      23
LIGHT SNOW               78     SLEET                      8
FOG                     179     FOG W/VIS <= 1/4 MILE     31
HAZE                    111

-  INDICATES NEGATIVE NUMBERS.
R  INDICATES RECORD WAS SET OR TIED.
MM INDICATES DATA IS MISSING.
T  INDICATES TRACE AMOUNT.

$$




U.S. Dept. of Commerce
NOAA National Weather Service
1325 East West Highway
Silver Spring, MD 20910
E-mail: w-nws.webmaster@noaa.gov
Page last modified: May 16, 2007
NATIONAL WEATHER SERVICE: for Safety, for Work, for Fun - FOR LIFE