716
CXUS51 KPBZ 022046
CLAMGW

CLIMATE REPORT
NATIONAL WEATHER SERVICE PITTSBURGH PA
343 PM EST FRI JAN 2 2015

...................................

...THE MORGANTOWN WV CLIMATE SUMMARY FOR THE YEAR OF 2014...

CLIMATE NORMAL PERIOD 1981 TO 2010
CLIMATE RECORD PERIOD 1948 TO 2015

WEATHER         OBSERVED          NORMAL  DEPART  LAST YEAR`S
                 VALUE   DATE(S)  VALUE   FROM    VALUE  DATE(S)
                                          NORMAL
................................................................
TEMPERATURE (F)
RECORD
 HIGH             102   MM
 LOW               -9   01/29/2014
                        01/28/2014
                        01/28/2014
HIGHEST            91   08/30                MM       92  07/18
                        05/13
LOWEST             -9R  01/29                MM        4  01/23
                        01/28
AVG. MAXIMUM     62.6              62.7    -0.1     62.4
AVG. MINIMUM     42.8              43.3    -0.5     44.3
MEAN             52.7              53.0    -0.3     53.4
DAYS MAX >= 90      6               8.4    -2.4        5
DAYS MAX <= 32     36              23.9    12.1       25
DAYS MIN <= 32    113             102.0    11.0      116
DAYS MIN <= 0       5               1.4     3.6        0

PRECIPITATION (INCHES)
RECORD
 MAXIMUM           MM   MM
 MINIMUM           MM   MM
TOTALS          41.72             41.83   -0.11
DAILY AVG.       0.11              0.11    0.00     0.11
DAYS >= .01       166             149.8    16.2      164
DAYS >= .10        98              89.6     8.4       86
DAYS >= .50        25              27.2    -2.2       24
DAYS >= 1.00        7               6.8     0.2       10
GREATEST
 24 HR. TOTAL    1.95   MM                       12/31 TO 12/31
                                                          12/31 TO 12/31
                                                          12/31 TO 12/31

DEGREE_DAYS
HEATING TOTAL    5309              5183     126     5006
 SINCE 7/1       1857              1984    -127     1954
COOLING TOTAL     981               813     168      907
 SINCE 1/1        981               814     167      907
..................................................

WIND (MPH)
AVERAGE WIND SPEED              5.0
HIGHEST WIND SPEED/DIRECTION    31/120    DATE  04/29
HIGHEST GUST SPEED/DIRECTION    42/120    DATE  04/29

SKY COVER
POSSIBLE SUNSHINE (PERCENT)    0
AVERAGE SKY COVER           0.50
NUMBER OF DAYS FAIR          118
NUMBER OF DAYS PC            153
NUMBER OF DAYS CLOUDY         93

AVERAGE RH (PERCENT)     63

WEATHER CONDITIONS. NUMBER OF DAYS WITH
THUNDERSTORM              0     MIXED PRECIP               1
HEAVY RAIN               33     RAIN                      79
LIGHT RAIN              143     FREEZING RAIN              0
LT FREEZING RAIN          4     HAIL                       1
HEAVY SNOW                0     SNOW                      11
LIGHT SNOW               53     SLEET                      3
FOG                     182     FOG W/VIS <= 1/4 MILE     41
HAZE                    141

-  INDICATES NEGATIVE NUMBERS.
R  INDICATES RECORD WAS SET OR TIED.
MM INDICATES DATA IS MISSING.
T  INDICATES TRACE AMOUNT.

$$








U.S. Dept. of Commerce
NOAA National Weather Service
1325 East West Highway
Silver Spring, MD 20910
E-mail: w-nws.webmaster@noaa.gov
Page last modified: May 16, 2007
NATIONAL WEATHER SERVICE: for Safety, for Work, for Fun - FOR LIFE