000
CXUS51 KPBZ 012059
CLAMGW


CLIMATE REPORT
NATIONAL WEATHER SERVICE PITTSBURGH PA
357 PM EST SAT JAN 1 2011

...................................

...THE MORGANTOWN WV CLIMATE SUMMARY FOR THE YEAR OF 2010...

CLIMATE NORMAL PERIOD 1971 TO 2000
CLIMATE RECORD PERIOD 1948 TO 2010

WEATHER         OBSERVED          NORMAL  DEPART  LAST YEAR`S
                 VALUE   DATE(S)  VALUE   FROM    VALUE  DATE(S)
                                          NORMAL
................................................................
TEMPERATURE (F)
RECORD
 HIGH             102   MM
 LOW              -20   MM
HIGHEST            94   09/02                MM       92  08/16
                        07/24
                        07/06
LOWEST              4   01/31                MM       -6  01/17
AVG. MAXIMUM     63.5              62.6     0.9     62.7
AVG. MINIMUM     44.1              42.4     1.7     43.8
MEAN             53.8              52.6     1.2     53.2
DAYS MAX >= 90     23                MM      MM        5
DAYS MAX <= 32     48                MM      MM       29
DAYS MIN <= 32    108                MM      MM       98
DAYS MIN <= 0       0                MM      MM        3

PRECIPITATION (INCHES)
RECORD
 MAXIMUM           MM   MM
 MINIMUM           MM   MM
TOTALS          39.40             42.13   -2.73
DAILY AVG.       0.11              0.12   -0.01     0.10
DAYS >= .01       146                MM      MM      170
DAYS >= .10        70                MM      MM       86
DAYS >= .50        29                MM      MM       23
DAYS >= 1.00        7                MM      MM        5
GREATEST
 24 HR. TOTAL    2.30   MM                       12/31 TO 12/31
                                                          12/31 TO 12/31[J)
                                                          12/31 TO 12/31[J)

DEGREE_DAYS
HEATING TOTAL    5137              5293    -156     4971
 SINCE 7/1       2124              1990     134     1760
COOLING TOTAL    1195               759     436      844
 SINCE 1/1       1195               759     436      844
.................................................................

WIND (MPH)
AVERAGE WIND SPEED              4.0
HIGHEST WIND SPEED/DIRECTION    28/320    DATE  08/04
HIGHEST GUST SPEED/DIRECTION    48/330    DATE  08/04

SKY COVER
POSSIBLE SUNSHINE (PERCENT)   MM

NUMBER OF DAYS FAIR          163
NUMBER OF DAYS PC             94
NUMBER OF DAYS CLOUDY        108

AVERAGE RH (PERCENT)     66

WEATHER CONDITIONS. NUMBER OF DAYS WITH
THUNDERSTORM             37     MIXED PRECIP               1
HEAVY RAIN               41     RAIN                      66
LIGHT RAIN              110     FREEZING RAIN              0
LT FREEZING RAIN          2     HAIL                       0
HEAVY SNOW                3     SNOW                      16
LIGHT SNOW               62     SLEET                      0
FOG                     226     FOG W/VIS <= 1/4 MILE     27
HAZE                    161

-  INDICATES NEGATIVE NUMBERS.
R  INDICATES RECORD WAS SET OR TIED.
MM INDICATES DATA IS MISSING.
T  INDICATES TRACE AMOUNT.

$$





U.S. Dept. of Commerce
NOAA National Weather Service
1325 East West Highway
Silver Spring, MD 20910
E-mail: w-nws.webmaster@noaa.gov
Page last modified: May 16, 2007
NATIONAL WEATHER SERVICE: for Safety, for Work, for Fun - FOR LIFE