121
CXUS51 KCTP 012121
CLAMDT

CLIMATE REPORT
NATIONAL WEATHER SERVICE STATE COLLEGE PA
4 PM EST WED JAN 1 2014

...................................

...THE HARRISBURG PA CLIMATE SUMMARY FOR THE YEAR OF 2013...

CLIMATE NORMAL PERIOD 1981 TO 2010
CLIMATE RECORD PERIOD 1888 TO 2013

WEATHER         OBSERVED          NORMAL  DEPART
                 VALUE   DATE(S)  VALUE   FROM
                                          NORMAL
................................................
TEMPERATURE (F)
RECORD
 HIGH             107   07/03/1966
 LOW              -22   01/21/1994

HIGHEST            97   07/18        MM      MM
LOWEST             10   01/27        MM      MM
AVG. MAXIMUM     62.0              62.3    -0.3
AVG. MINIMUM     44.5              44.3     0.2
MEAN             53.3              53.3     0.0
DAYS MAX >= 90     16              20.7    -4.7
DAYS MAX <= 32     18              20.3    -2.3
DAYS MIN <= 32    118              99.5    18.5
DAYS MIN <= 0       0               0.4    -0.4

PRECIPITATION (INCHES)
RECORD
 MAXIMUM        73.73   2011
 MINIMUM        25.52   1941

TOTALS          42.63             40.74    1.89
DAILY AVG.       0.12              0.11    0.01
DAYS >= .01       127             122.0     5.0
DAYS >= .10        74              75.2    -1.2
DAYS >= .50        24              29.5    -5.5
DAYS >= 1.00        7              10.1    -3.1
GREATEST
 24 HR. TOTAL    8.44   10/10-11
 STORM TOTAL       MM
 (MM/DD(HH))            MM

SNOWFALL (INCHES)
RECORDS
 TOTAL           81.3   1960


 24 HR TOTAL     25.0   02/11/1983 TO 02/12/1983

TOTALS           18.7              30.6   -11.9
 LIQUID EQUIV      MM              3.10      MM
SINCE 7/1         9.2               5.7     3.5
 LIQUID 7/1      0.92
DAYS >= TRACE      47              16.8    30.2
DAYS >= 1.0         9               8.0     1.0
GREATEST
 SNOW DEPTH         3   12/15
 24 HR TOTAL      3.1   12/14
 STORM TOTAL       MM
 (MM/DD(HH))            MM

DEGREE_DAYS
HEATING TOTAL    5246              5268     -22
 SINCE 7/1       2001              2001       0
COOLING TOTAL    1105              1001     104
 SINCE 1/1       1105              1002     103

FREEZE DATES
RECORD
 EARLIEST     09/24/1963
 LATEST       05/11/1966
EARLIEST                        09/24
LATEST                          05/11
.................................................

WIND (MPH)
AVERAGE WIND SPEED              6.4
HIGHEST WIND SPEED/DIRECTION    38/330    DATE  06/25
HIGHEST GUST SPEED/DIRECTION    55/270    DATE  04/19

SKY COVER
POSSIBLE SUNSHINE (PERCENT)   MM
AVERAGE SKY COVER           0.60
NUMBER OF DAYS FAIR           59
NUMBER OF DAYS PC            182
NUMBER OF DAYS CLOUDY        124

AVERAGE RH (PERCENT)     66

WEATHER CONDITIONS. NUMBER OF DAYS WITH
THUNDERSTORM             25     MIXED PRECIP               1
HEAVY RAIN               32     RAIN                      53
LIGHT RAIN              146     FREEZING RAIN              3
LT FREEZING RAIN          7     HAIL                       1
HEAVY SNOW                2     SNOW                      14
LIGHT SNOW               44     SLEET                     11
FOG                     176     FOG W/VIS <= 1/4 MILE     22
HAZE                    112

-  INDICATES NEGATIVE NUMBERS.
R  INDICATES RECORD WAS SET OR TIED.
MM INDICATES DATA IS MISSING.
T  INDICATES TRACE AMOUNT.

$$

LA CORTE










U.S. Dept. of Commerce
NOAA National Weather Service
1325 East West Highway
Silver Spring, MD 20910
E-mail: w-nws.webmaster@noaa.gov
Page last modified: May 16, 2007
NATIONAL WEATHER SERVICE: for Safety, for Work, for Fun - FOR LIFE