104
CXUS53 KGLD 022103 CCA
CLAMCK

CLIMATE REPORT
NATIONAL WEATHER SERVICE GOODLAND
149 PM MST THU JAN 2 2014

...................................

...THE MCCOOK CLIMATE SUMMARY FOR THE YEAR OF 2013...

CLIMATE NORMAL PERIOD 1981 TO 2010
CLIMATE RECORD PERIOD 1896 TO 2014

WEATHER         OBSERVED          NORMAL  DEPART  LAST YEAR`S
                 VALUE   DATE(S)  VALUE   FROM    VALUE  DATE(S)
                                          NORMAL
................................................................
TEMPERATURE (F)
RECORD
 HIGH             115   06/26/2012
 LOW              -30   01/12/1912
HIGHEST           108   06/11       105       3      115  06/26
LOWEST            -10   12/09       -10       0      -10  12/26
AVG. MAXIMUM     65.9              64.9     1.0     71.2
AVG. MINIMUM     37.8              36.6     1.2     38.8
MEAN             51.8              50.8     1.0     55.0
DAYS MAX >= 90     68              44.7    23.3       89
DAYS MAX <= 32     26              27.6    -1.6       17
DAYS MIN <= 32    173             161.0    12.0      146
DAYS MIN <= 0       8               8.6    -0.6        5

PRECIPITATION (INCHES)
RECORD
 MAXIMUM        24.60   2009
 MINIMUM         9.41   2012
TOTALS          12.83             22.53   -9.70
DAYS >= .01        75              75.1    -0.1       57
DAYS >= .10        37              43.8    -6.8       27
DAYS >= .50         4              14.5   -10.5        4
DAYS >= 1.00        1               5.1    -4.1        1
GREATEST
 24 HR. TOTAL    1.28   09/27 TO 09/27              1.46

.................................................................



-  INDICATES NEGATIVE NUMBERS.
R  INDICATES RECORD WAS SET OR TIED.
MM INDICATES DATA IS MISSING.
T  INDICATES TRACE AMOUNT.

$$







U.S. Dept. of Commerce
NOAA National Weather Service
1325 East West Highway
Silver Spring, MD 20910
E-mail: w-nws.webmaster@noaa.gov
Page last modified: May 16, 2007
NATIONAL WEATHER SERVICE: for Safety, for Work, for Fun - FOR LIFE