555
CXUS53 KABR 021732
CLAMBG

FSDCLMMOB 000
TTAA00 KABR 021732


CLIMATE REPORT
NATIONAL WEATHER SERVICE ABERDEEN SD
1132 AM CST THU JAN 2 2014

...................................

...THE MOBRIDGE SD CLIMATE SUMMARY FOR THE YEAR OF 2013...

CLIMATE NORMAL PERIOD 1981 TO 2010
CLIMATE RECORD PERIOD 1911 TO 2013

WEATHER         OBSERVED          NORMAL  DEPART  LAST YEAR`S
                 VALUE   DATE(S)  VALUE   FROM    VALUE  DATE(S)
                                          NORMAL
................................................................
TEMPERATURE (F)
RECORD
 HIGH             116   07/15/2006
                        07/16/1936
 LOW              -44   02/19/1929
HIGHEST           101   08/24        MM      MM      106  08/29
                        08/20
LOWEST            -25   12/23        MM      MM      -14  02/11
AVG. MAXIMUM     54.5              56.8    -2.3     60.8
AVG. MINIMUM     31.7              33.1    -1.4     34.5
MEAN             43.1              44.9    -1.8     47.7
DAYS MAX >= 90     21              22.3    -1.3       42
DAYS MAX <= 32     79              65.2    13.8       52
DAYS MIN <= 32    199             172.0    27.0      162
DAYS MIN <= 0      30              30.2    -0.2       24

PRECIPITATION (INCHES)
RECORD
 MAXIMUM        26.86   1915
 MINIMUM         6.15   1934
TOTALS          23.68             17.87    5.81    13.71
DAILY AVG.       0.06              0.05    0.01     0.04
DAYS >= .01       101                MM      MM       87
DAYS >= .10        40                MM      MM       38
DAYS >= .50        14                MM      MM        9
DAYS >= 1.00        8                MM      MM        0

SNOWFALL (INCHES)
RECORDS
 TOTAL           75.9   1997
TOTALS           50.1                MM      MM     24.7
 LIQUID EQUIV    5.01                MM      MM     2.47
SINCE 7/1        18.0                MM      MM      9.3
 LIQUID 7/1      1.80                MM      MM     0.93
DAYS >= TRACE      86                MM      MM       45
DAYS >= 1.0        16                MM      MM        6

DEGREE_DAYS
HEATING TOTAL    8564              7960     604     7090
 SINCE 7/1         MM              3216      MM       MM
COOLING TOTAL     700               643      57      866
 SINCE 1/1        700               644      56      866
.................................................................

WIND (MPH)
AVERAGE WIND SPEED              10.2
HIGHEST WIND SPEED/DIRECTION    52/290    DATE  07/14
HIGHEST GUST SPEED/DIRECTION    64/330    DATE  07/09



-  INDICATES NEGATIVE NUMBERS.
R  INDICATES RECORD WAS SET OR TIED.
MM INDICATES DATA IS MISSING.
T  INDICATES TRACE AMOUNT.

$$







U.S. Dept. of Commerce
NOAA National Weather Service
1325 East West Highway
Silver Spring, MD 20910
E-mail: w-nws.webmaster@noaa.gov
Page last modified: May 16, 2007
NATIONAL WEATHER SERVICE: for Safety, for Work, for Fun - FOR LIFE