265
CXUS53 KJKL 010750
CLALOZ

CLIMATE REPORT
NATIONAL WEATHER SERVICE JACKSON KY
250 AM EST THU JAN 1 2015

...................................

...THE LONDON KY CLIMATE SUMMARY FOR THE YEAR OF 2014...

CLIMATE NORMAL PERIOD 1981 TO 2010
CLIMATE RECORD PERIOD 1954 TO 2014

WEATHER         OBSERVED          NORMAL  DEPART  LAST YEAR`S
                 VALUE   DATE(S)  VALUE   FROM    VALUE
                                          NORMAL
.............................................................
TEMPERATURE (F)
RECORD
 HIGH             105   06/29/2012
 LOW              -25   01/19/1994
HIGHEST            93   07/13        MM      MM       92
                        06/18
LOWEST             -4   01/07        MM      MM       12
AVG. MAXIMUM     66.3*             67.5    -1.2     65.4
AVG. MINIMUM     45.4*             46.0    -0.6     45.7
MEAN             55.9*             56.7    -0.8     55.6
DAYS MAX >= 90     17              19.3    -2.3        5
DAYS MAX <= 32     15              10.3     4.7        9
DAYS MIN <= 32    101              87.1    13.9      107
DAYS MIN <= 0       3               0.9     2.1        0

PRECIPITATION (INCHES)
RECORD
 MAXIMUM        65.22   2004
 MINIMUM        32.32   2007
TOTALS          51.26*            47.14    4.12*   56.42
DAYS >= .01       142             133.9     8.1      153
DAYS >= .10        89              86.1     2.9      100
DAYS >= .50        36              33.0     3.0       35
DAYS >= 1.00       11              10.9     0.1       18
GREATEST
 24 HR. TOTAL    4.23   07/14 TO 07/15              2.78

SNOWFALL (INCHES)
RECORDS
 TOTAL           63.9
 24 HR TOTAL     15.0   03/09/1960 TO 03/09/1960
TOTALS             MM              10.3      MM       MM
SINCE 7/1          MM               1.1      MM       MM
SNOWDEPTH AVG.     MM                MM      MM       MM
DAYS >= 1.0        MM               4.7      MM       MM
GREATEST
 24 HR TOTAL       MM                                 MM

DEGREE_DAYS
HEATING TOTAL   *4480              4205    *275     4410
 SINCE 7/1       1667              1652      15     1607
COOLING TOTAL    1247              1191      56     1083
 SINCE 1/1       1247              1191      56     1083
..............................................................

WIND (MPH)
AVERAGE WIND SPEED              5.3
RESULTANT WIND SPEED/DIRECTION   2/247
HIGHEST WIND SPEED/DIRECTION    44/230    DATE  06/10
HIGHEST GUST SPEED/DIRECTION    58/230    DATE  06/10

SKY COVER
POSSIBLE SUNSHINE (PERCENT)   MM
AVERAGE SKY COVER           0.40
NUMBER OF DAYS FAIR          162
NUMBER OF DAYS PC            132
NUMBER OF DAYS CLOUDY         70

AVERAGE RH (PERCENT)     66

WEATHER CONDITIONS. NUMBER OF DAYS WITH
THUNDERSTORM             52     MIXED PRECIP               0
HEAVY RAIN               60     RAIN                      71
LIGHT RAIN              146     FREEZING RAIN              2
LT FREEZING RAIN          4     HAIL                       0
HEAVY SNOW                0     SNOW                       4
LIGHT SNOW               31     SLEET                      0
FOG                     204     FOG W/VIS <= 1/4 MILE     28
HAZE                     65

-  INDICATES NEGATIVE NUMBERS.
R  INDICATES RECORD WAS SET OR TIED.
MM INDICATES DATA IS MISSING.
T  INDICATES TRACE AMOUNT.

$$

CARICO

*-...LONDON MISSING DATA ON JUNE 10TH & 11TH DUE TO ASOS OUTAGE/THIS
WILL CREATE INCOMPLETE AVERAGES AND TOTALS...MOST NOTABLY TO TEMPERATURES
AND PRECIPITATION...AS WELL AS WIND AVERAGE BUT PEAK WIND NOT MISSED...






U.S. Dept. of Commerce
NOAA National Weather Service
1325 East West Highway
Silver Spring, MD 20910
E-mail: w-nws.webmaster@noaa.gov
Page last modified: May 16, 2007
NATIONAL WEATHER SERVICE: for Safety, for Work, for Fun - FOR LIFE