298
CXUS51 KOKX 011806
CLALGA

NYCCLMLGA 000
TTAA00 KOKX 011758


CLIMATE REPORT
NATIONAL WEATHER SERVICE NEW YORK NY
106 PM EST THU JAN 1 2015

...................................

...THE LAGUARDIA NY CLIMATE SUMMARY FOR THE YEAR OF 2014...

CLIMATE NORMAL PERIOD 1981 TO 2010
CLIMATE RECORD PERIOD 1945 TO 2014

WEATHER         OBSERVED          NORMAL  DEPART  LAST YEAR`S
                 VALUE   DATE(S)  VALUE   FROM    VALUE  DATE(S)
                                          NORMAL
................................................................
TEMPERATURE (F)
RECORD
 HIGH             107   07/03/1966
 LOW               -7   02/15/1943
HIGHEST            93   09/02        MM      MM      100  07/19
                        07/08                             07/18
LOWEST              4   01/07        MM      MM       12  01/23
AVG. MAXIMUM     61.2              62.9    -1.7     62.5
AVG. MINIMUM     47.6              48.2    -0.6     49.3
MEAN             54.4              55.5    -1.1     55.9
DAYS MAX >= 90      6              17.0   -11.0       21
DAYS MAX <= 32     27              14.5    12.5       17
DAYS MIN <= 32     84              66.7    17.3       69
DAYS MIN <= 0       0               0.1    -0.1        0

PRECIPITATION (INCHES)
RECORD
 MAXIMUM        65.34   2011
 MINIMUM        22.17   1965
TOTALS          50.31             44.73    5.58    38.29
DAILY AVG.       0.14              0.12    0.02     0.10
DAYS >= .01       117             118.0    -1.0      120
DAYS >= .10        79              74.0     5.0       67
DAYS >= .50        33              30.4     2.6       28
DAYS >= 1.00       16              11.7     4.3        7
GREATEST
 24 HR. TOTAL    5.36   MM                       12/31 TO 12/31

 STORM TOTAL       MM                                 MM
 (MM/DD(HH))            MM

SNOWFALL (INCHES)
RECORDS
 TOTAL           59.7   1948
 24 HR TOTAL     23.3   MM
 SNOW DEPTH        18   01/27/2011
TOTALS           46.9              26.9    20.0     28.0
 LIQUID EQUIV    4.69              2.70    1.99     2.80
SINCE 7/1         1.7               5.5    -3.8      7.8
 LIQUID 7/1      0.17              0.60   -0.43     0.78
SNOWDEPTH AVG.      1                MM      MM        0
DAYS >= TRACE      32              13.1    18.9       40
DAYS >= 1.0        11               6.3     4.7        7
GREATEST
 SNOW DEPTH        13   02/14                         10  02/09
 24 HR TOTAL      8.1   MM                       12/31 TO 12/31

 STORM TOTAL       MM                                 MM
 (MM/DD(HH))            MM

DEGREE_DAYS
HEATING TOTAL    4912              4665     247     4594
 SINCE 7/1         MM              1606      MM       MM
COOLING TOTAL    1192              1213     -21     1402
 SINCE 1/1       1192              1214     -22     1402
..................................................

WIND (MPH)
AVERAGE WIND SPEED              10.4
RESULTANT WIND SPEED/DIRECTION   3/303
HIGHEST WIND SPEED/DIRECTION    38/320    DATE  04/23
HIGHEST GUST SPEED/DIRECTION    47/050    DATE  05/30

SKY COVER
POSSIBLE SUNSHINE (PERCENT)   MM
AVERAGE SKY COVER           0.60
NUMBER OF DAYS FAIR           54
NUMBER OF DAYS PC            173
NUMBER OF DAYS CLOUDY        138

AVERAGE RH (PERCENT)     59

WEATHER CONDITIONS. NUMBER OF DAYS WITH
THUNDERSTORM              0     MIXED PRECIP               3
HEAVY RAIN               31     RAIN                      52
LIGHT RAIN              143     FREEZING RAIN              0
LT FREEZING RAIN          4     HAIL                       0
HEAVY SNOW                3     SNOW                      13
LIGHT SNOW               30     SLEET                      8
FOG                     104     FOG W/VIS <= 1/4 MILE     21
HAZE                     44

-  INDICATES NEGATIVE NUMBERS.
R  INDICATES RECORD WAS SET OR TIED.
MM INDICATES DATA IS MISSING.
T  INDICATES TRACE AMOUNT.

$$







U.S. Dept. of Commerce
NOAA National Weather Service
1325 East West Highway
Silver Spring, MD 20910
E-mail: w-nws.webmaster@noaa.gov
Page last modified: May 16, 2007
NATIONAL WEATHER SERVICE: for Safety, for Work, for Fun - FOR LIFE