656
CXUS55 KVEF 070509 CCA
CLALAS

RNOCLMLAS 000
TTAA00 KVEF 030114


CLIMATE REPORT
NATIONAL WEATHER SERVICE LAS VEGAS, NV
848 PM PST TUE JAN 6 2015

...................................

...THE LAS VEGAS NV CLIMATE SUMMARY FOR THE YEAR OF 2014...

CLIMATE NORMAL PERIOD 1981 TO 2010
CLIMATE RECORD PERIOD 1937 TO 2015

WEATHER         OBSERVED          NORMAL  DEPART  LAST YEAR`S
                 VALUE   DATE(S)  VALUE   FROM    VALUE  DATE(S)
                                          NORMAL
................................................................
TEMPERATURE (F)
RECORD
 HIGH             117   06/30/2013
                        07/19/2005
                        07/24/1942
 LOW                8   01/13/1963
                        01/25/1937
HIGHEST           112   07/23       113      -1      117  06/30
                        07/01
                        07/13
LOWEST             30   12/29        27       3       23  01/15
                                                          01/13
AVG. MAXIMUM     82.6              80.1     2.5     80.6
AVG. MINIMUM     61.3              58.7     2.6     61.4
MEAN             72.0              69.4     2.6     69.9
DAYS MAX >= 90    143             131.3    11.7      126
DAYS MAX <= 32      0               0.0     0.0        0
DAYS MIN <= 32      2               7.5    -5.5       19
DAYS MIN <= 0       0               0.0     0.0        0

PRECIPITATION (INCHES)
RECORD
 MAXIMUM        10.72   1941
 MINIMUM         0.56   1953
TOTALS           1.81              4.19   -2.38     2.96
DAILY AVG.          T              0.01   -0.01        T
DAYS >= .01        19              26.5    -7.5       19
DAYS >= .10         5              11.2    -6.2        5
DAYS >= .50         0               2.5    -2.5        1
DAYS >= 1.00        0               0.2    -0.2        0
GREATEST
 24 HR. TOTAL    0.35   08/03 TO 08/04
GREATEST
 STORM TOTAL     0.35   08/03 TO 08/04

SNOWFALL (INCHES)
RECORDS
 TOTAL           16.7   1949
 24 HR TOTAL      9.0   01/04/1974 TO 01/05/1974
 SNOW DEPTH         8   01/05/1974
TOTALS              T               0.3    -0.3        T
SNOWDEPTH AVG.      0                MM      MM        0
DAYS >= TRACE       1               0.2     0.8        1
DAYS >= 1.0         0               0.1    -0.1        0
GREATEST
 SNOW DEPTH         0   12/31                          0
 24 HR TOTAL        T   12/31
 STORM TOTAL        T

DEGREE_DAYS
HEATING TOTAL    1306              1951    -645     1394
 SINCE 7/1        597               847    -250      803
COOLING TOTAL    3970              3568     402     3486
 SINCE 1/1       3970              3568     402     3486

FREEZE DATES
RECORD
 EARLIEST     10/21/1949
 LATEST       04/12/1967
EARLIEST                        11/25
LATEST                          02/28
..................................................

WIND (MPH)
AVERAGE WIND SPEED              8.9
RESULTANT WIND SPEED/DIRECTION   6/197
HIGHEST WIND SPEED/DIRECTION    39/210    DATE  06/15
HIGHEST GUST SPEED/DIRECTION    53/210    DATE  04/25

SKY COVER
POSSIBLE SUNSHINE (PERCENT)   MM
AVERAGE SKY COVER           0.40
NUMBER OF DAYS FAIR          178
NUMBER OF DAYS PC            150
NUMBER OF DAYS CLOUDY         37

AVERAGE RH (PERCENT)     26

WEATHER CONDITIONS. NUMBER OF DAYS WITH
THUNDERSTORM              0     MIXED PRECIP               0
HEAVY RAIN                2     RAIN                       6
LIGHT RAIN               42     FREEZING RAIN              0
LT FREEZING RAIN          0     HAIL                       0
HEAVY SNOW                0     SNOW                       0
LIGHT SNOW                1     SLEET                      0
FOG                       7     FOG W/VIS <= 1/4 MILE      1
HAZE                     10

-  INDICATES NEGATIVE NUMBERS.
R  INDICATES RECORD WAS SET OR TIED.
MM INDICATES DATA IS MISSING.
T  INDICATES TRACE AMOUNT.

&&

UNLESS NOTED...ALL STATISTICS ARE FOR THE OFFICIAL CLIMATE STATION
FOR LAS VEGAS LOCATED AT MCCARRAN INTERNATIONAL AIRPORT. OFFICIAL
RECORDS DATE BACK TO JANUARY 1937. ALL DATA LISTED IS PRELIMINARY
AND MAY BE REVISED BY THE NATIONAL CLIMATIC DATA CENTER PENDING
FURTHER REVIEW.

...WARMEST YEAR EVER FOR LAS VEGAS...

AT THE OFFICIAL CLIMATE STATION FOR LAS VEGAS AT MCCARRAN
INTERNATIONAL AIRPORT THE AVERAGE TEMPERATURE FOR 2014 WAS 72.0
DEGREES. THIS SMASHED THE PREVIOUS RECORD OF 71.2 SET BACK IN 2012.
THE NORMAL AVERAGE HIGH FOR LAS VEGAS IS 69.4 DEGREES.

THE WARM YEAR WAS A COMBINATION OF THE VERY WARM HIGH TEMPERATURES
AND LOW TEMPERATURES, ESPECIALLY DURING THE WINTER AND FALL MONTHS
OF THE YEAR. THE AVERAGE HIGH TEMPERATURE WAS 82.6 DEGREES, WHICH
RANKS AS THE 4TH WARMEST EVER ON RECORD. THE NORMAL AVERAGE HIGH IS
80.1 DEGREES AND THE WARMEST EVER WAS 83.0 SET IN 1940 AND TIED IN
1947. THE AVERAGE LOW WAS 61.3 WHICH RANKS AS THE WARMEST EVER. THE
PREVIOUS RECORD WAS 60.5 SET IN 2012 AND THE NORMAL IS 58.7 DEGREES.

THERE WERE ONLY 2 DAYS ALL YEAR WITH A LOW TEMPERATURE OF 32 DEGREES
OR BELOW. THIS TIES THE PREVIOUS RECORD OF 2 SET IN 2005. THE NORMAL
SUCH NUMBER OF DAYS IS 8. MORE IMPRESSIVELY, THERE WERE ONLY 15 DAYS
ALL YEAR WHERE THE TEMPERATURE FELL BELOW 40 DEGREES FOR A LOW. THIS
SMOKED THE OLD RECORD OF 28 SET IN 2010. THE NORMAL NUMBER OF DAYS
WITH A LOW BELOW 40 DEGREES IS 58 BASED ON THE PERIOD OF 1981
THROUGH 2010.

THE HIGHEST TEMPERATURE ALL YEAR WAS 112 DEGREES RECORDED ON JULY
1ST, JULY 13TH AND JULY 23RD. THE LOWEST TEMPERATURE RECORDED ALL
YEAR WAS 30 DEGREES ON DECEMBER 29TH. THE HIGHEST MINIMUM
TEMPERATURE RECORDED IN ALL OF 2014 WAS 90 DEGREES ON JULY 25TH. THE
COLDEST HIGH TEMPERATURE OF THE ENTIRE YEAR WAS ON NEW YEAR`S EVE
DAY (DECEMBER 31ST) WHEN THE HIGH REACHED ONLY 43 DEGREES.

THERE WAS A TOTAL OF 80 DAYS IN 2014 WHERE THE HIGH TEMPERATURE
REACHED 100 DEGREES OR GREATER. THE NORMAL NUMBER OF SUCH DAYS IS
70. THERE WERE SIX DAYS WHERE THE HIGH REACHED 110 DEGREES OR
GREATER WHICH IS 2 DAYS BELOW NORMAL. ONLY 4 DAYS HAD A HIGH
TEMPERATURE BELOW 50 DEGREES WHICH IS THE LOWEST TOTAL FOR A YEAR
SINCE 2005 WHEN THERE WERE 3 SUCH DAYS. THE RECORD FOR THE LEAST
NUMBER OF DAYS IN A YEAR WITH A HIGH BELOW 50 DEGREES IS ZERO SET IN
2000. A TOTAL OF 53 DAYS HAD LOW TEMPERATURES OF 80 DEGREES OR
GREATER. THE NORMAL NUMBER OF SUCH DAYS IS 33.

THE TOTAL PRECIPITATION WAS 1.81 INCH, WHICH RANKED AS THE 10TH
DRIEST EVER. THE NORMAL PRECIPITATION IS 4.19 INCHES. THE DRIEST
EVER WAS 0.56 INCH SET IN 1953.

PRECIPITATION TOTALS WERE GREATEST ON THE WEST SIDE OF THE VALLEY,
ESPECIALLY IN THE SOUTHWEST DUE TO SEVERAL LOCALLY HEAVY
RAIN-PRODUCING THUNDERSTORMS DURING THE 2014 NORTH AMERICAN MONSOON
SEASON. RAINFALL TOTALS IN MANY PLACES HERE EXCEEDED 4 INCHES. BY
CONTRAST, CENTRAL AND THE SOUTHEASTERN PARTS OF THE VALLEY WERE THE
DRIEST AND MOST OF THIS AREA SAW UNDER 2 INCHES OF PRECIPITATION FOR
THE YEAR.

LOCATION                         TOTAL            SOURCE
---------------------------------------------------------------------
TROPICANA & BUFFALO              5.56 INCHES      COCORAHS
SUMMERLIN CENTRE                 4.58 INCHES      NWS EMPLOYEE
DURANGO & BLUE DIAMOND           4.42 INCHES      CCRFCD
TENAYA & WASHINGTON              4.41 INCHES      COCORAHS
SUMMERLIN                        4.05 INCHES      COCORAHS
OAKEY & JONES                    3.84 INCHES      COCORAHS
215 & CHEYENNE                   3.77 INCHES      CCRFCD
PROVIDENCE                       3.43 INCHES      COCORAHS
CENTENNIAL HILLS                 3.30 INCHES      CCRFCD
SAHARA & VALLEY VIEW             3.28 INCHES      COCORAHS
MOUNTAIN`S EDGE WEST             2.93 INCHES      NWS EMPLOYEE
SUMMERLIN - THE MESAS            2.72 INCHES      CCRFCD
NELLIS AFB                       2.40 INCHES      ASOS
HENDERSON EXECUTIVE AIRPORT      2.32 INCHES      AWSS
ANTHEM                           2.29 INCHES      CCRFCD
ALIANTE                          2.13 INCHES      CCRFCD
NWS OFFICE                       2.09 INCHES      NWS STAFF
NORTH LAS VEGAS AIRPORT          2.07 INCHES      ASOS
EAST LAKE MEAD PARKWAY           2.06 INCHES      COCORAHS
WARM SPRINGS & ARVILLE           1.98 INCH        COCORAHS
CRAIG & LOSEE                    1.95 INCH        CO-OP OBSERVER
ROBINDALE & PECOS                1.73 INCH        COCORAHS
DOWNTOWN LAS VEGAS               1.66 INCH        CCRFCD
FLAMINGO WASH AT NELLIS BLVD     1.35 INCH        CCRFCD

NOTABLE FLASH FLOOD EVENTS IN THE LAS VEGAS VALLEY DURING THE 2014
NORTH AMERICAN MONSOON SEASON INCLUDED AUGUST 4TH AS WELL AS ON
SEPTEMBER 7TH, SEPTEMBER 8TH AND SEPTEMBER 26TH.

SNOW FELL IN THE SOUTHERN HALF OF THE LAS VEGAS VALLEY ON DECEMBER
31ST WITH A TRACE REPORTED AT MCCARRAN INTERNATIONAL AIRPORT, THE
NATIONAL WEATHER SERVICE AND THE HENDERSON EXECUTIVE AIRPORT. NO
ACCUMULATION WAS REPORTED ANYWHERE IN THE VALLEY DURING THIS EVENT.
IN GENERAL, SNOW FELL MAINLY ALONG AND SOUTH OF TROPICANA AVENUE
DURING THIS EVENT.

THERE WERE 33 DAYS WITH A PEAK GUST OF 40 MPH OR GREATER AT MCCARRAN
INTERNATIONAL AIRPORT FOR THE YEAR. ALTHOUGH THE HIGHEST GUST OF THE
YEAR TOOK PLACE ON APRIL 25TH, THE HIGHEST IMPACT WIND EVENT OF THE
YEAR IN THE LAS VEGAS VALLEY TOOK PLACE ON MAY 10TH WHEN SOME 18,000
NV ENERGY CUSTOMERS LOST POWER. IN ADDITION DURING THIS EVENT, A
NUMBER OF TREES WERE KNOCKED DOWN INCLUDING ONE WHICH SERIOUSLY
DAMAGED A CAR. A LARGE BILLBOARD FELL ON BUILDING ON THE EAST SIDE
OF THE VALLEY. WIND GUSTS DURING THIS EVENT REACHED 61 MPH AT THE
NORTH LAS VEGAS AIRPORT.

THE HIGHEST BAROMETRIC PRESSURE, REDUCED TO SEA LEVEL, FOR THE YEAR
WAS 30.49 INCHES IN JANUARY 14TH. THE LOWEST WAS 29.36 INCHES ON MAY
10TH.

THERE WERE A TOTAL OF 12 WEATHER-RELATED DEATHS IN THE LAS VEGAS
DURING 2014 AND ALL WERE DUE TO HEAT. A TOTAL OF 26 PEOPLE WERE
INJURED IN VEHICLE ACCIDENTS IN THE LAS VEGAS VALLEY DURING ALL OF
2014 RELATED TO WET ROADS CAUSED BY HEAVY RAIN.

$$

STACHELSKI










U.S. Dept. of Commerce
NOAA National Weather Service
1325 East West Highway
Silver Spring, MD 20910
E-mail: w-nws.webmaster@noaa.gov
Page last modified: May 16, 2007
NATIONAL WEATHER SERVICE: for Safety, for Work, for Fun - FOR LIFE