825
CXUS55 KGLD 032102
CLAITR

CLIMATE REPORT
NATIONAL WEATHER SERVICE GOODLAND
145 PM MST SAT JAN 3 2015

...................................

...THE BURLINGTON CLIMATE SUMMARY FOR THE YEAR OF 2014...

CLIMATE NORMAL PERIOD 1981 TO 2010
CLIMATE RECORD PERIOD 1896 TO 2014

WEATHER         OBSERVED          NORMAL  DEPART  LAST YEAR`S
                 VALUE   DATE(S)  VALUE   FROM    VALUE  DATE(S)
                                          NORMAL
................................................................
TEMPERATURE (F)
RECORD
 HIGH             112   06/15/1952
 LOW              -25   01/04/1959
HIGHEST           102   07/07       102       0      107  06/11
LOWEST            -16   01/06        -9      -7       -7  12/05
AVG. MAXIMUM     65.2              64.4     0.8     65.6
AVG. MINIMUM     35.6              36.4    -0.8     35.7
MEAN             50.4              50.4     0.0     50.7
DAYS MAX >= 90     42              37.7     4.3       59
DAYS MAX <= 32     32              24.0     8.0       24
DAYS MIN <= 32    167             162.5     4.5      176
DAYS MIN <= 0      14               4.0    10.0        8

PRECIPITATION (INCHES)
RECORD
 MAXIMUM        21.65   2008
 MINIMUM        10.70   2006
TOTALS          14.15             17.46   -3.31
DAYS >= .01        86                MM      MM       74
DAYS >= .10        39                MM      MM       37
DAYS >= .50         5                MM      MM        9
DAYS >= 1.00        1                MM      MM        2
GREATEST
 24 HR. TOTAL    1.20   12/14 TO 12/14              4.32  09/12

.................................................................



-  INDICATES NEGATIVE NUMBERS.
R  INDICATES RECORD WAS SET OR TIED.
MM INDICATES DATA IS MISSING.
T  INDICATES TRACE AMOUNT.

$$




U.S. Dept. of Commerce
NOAA National Weather Service
1325 East West Highway
Silver Spring, MD 20910
E-mail: w-nws.webmaster@noaa.gov
Page last modified: May 16, 2007
NATIONAL WEATHER SERVICE: for Safety, for Work, for Fun - FOR LIFE