564
CXUS53 KBIS 091738
CLAISN

BISCLMYRL 000
TTAA00 KBIS 091733


CLIMATE REPORT
NATIONAL WEATHER SERVICE BISMARCK ND
1126 AM CST THU JAN 9 2014

...................................

...THE WILLISTON CLIMATE SUMMARY FOR THE YEAR OF 2013...

CLIMATE NORMAL PERIOD 1981 TO 2010
CLIMATE RECORD PERIOD 1894 TO 2014

WEATHER         OBSERVED          NORMAL  DEPART  LAST YEAR`S
                 VALUE   DATE(S)  VALUE   FROM    VALUE
                                          NORMAL
.............................................................
TEMPERATURE (F)
RECORD
 HIGH             110   07/05/1936
 LOW              -50   12/23/1983
                        02/16/1936
HIGHEST            97   07/11        MM      MM
LOWEST            -30   12/23        MM      MM
AVG. MAXIMUM     51.1
AVG. MINIMUM     28.4
MEAN             39.7
DAYS MAX >= 90     16
DAYS MAX <= 32     96
DAYS MIN <= 32    205
DAYS MIN <= 0      46

PRECIPITATION (INCHES)
RECORD
 MAXIMUM        22.04   1896

 MINIMUM        11.31   2012
TOTALS          21.28             14.37    6.91    13.20
DAYS >= .01       117
DAYS >= .10        47
DAYS >= .50        13
DAYS >= 1.00        5
GREATEST
 24 HR. TOTAL    1.74   MM

SNOWFALL (INCHES)
RECORDS
 TOTAL           75.6   2010
 24 HR TOTAL     14.4   MM
TOTALS           34.3              45.3   -11.0
SINCE 7/1         0.0
DAYS >= TRACE      69
GREATEST
 24 HR TOTAL      6.1   MM

DEGREE_DAYS
HEATING TOTAL    9516              8996     520
 SINCE 7/1         MM              3747      MM
..............................................................

WIND (MPH)
AVERAGE WIND SPEED              8.0
HIGHEST WIND SPEED/DIRECTION    43/250    DATE  06/14
HIGHEST GUST SPEED/DIRECTION    59/250    DATE  06/14



-  INDICATES NEGATIVE NUMBERS.
R  INDICATES RECORD WAS SET OR TIED.
MM INDICATES DATA IS MISSING.
T  INDICATES TRACE AMOUNT.

$$

MM







U.S. Dept. of Commerce
NOAA National Weather Service
1325 East West Highway
Silver Spring, MD 20910
E-mail: w-nws.webmaster@noaa.gov
Page last modified: May 16, 2007
NATIONAL WEATHER SERVICE: for Safety, for Work, for Fun - FOR LIFE