707
CXUS53 KBIS 011649
CLAISN

CLIMATE REPORT
NATIONAL WEATHER SERVICE BISMARCK ND
1040 AM CST THU JAN 1 2015

...................................

...THE WILLISTON CLIMATE SUMMARY FOR THE YEAR OF 2014...

CLIMATE NORMAL PERIOD 1981 TO 2010
CLIMATE RECORD PERIOD 1894 TO 2014

WEATHER         OBSERVED          NORMAL  DEPART  LAST YEAR`S
                 VALUE   DATE(S)  VALUE   FROM    VALUE
                                          NORMAL
.............................................................
TEMPERATURE (F)
RECORD
 HIGH             110   07/05/1936
 LOW              -50   12/23/1983
                        02/16/1936
HIGHEST            99   07/05        MM      MM
LOWEST            -25   01/06        MM      MM
AVG. MAXIMUM     53.2
AVG. MINIMUM     28.5
MEAN             40.8
DAYS MAX >= 90     16
DAYS MAX <= 32     86
DAYS MIN <= 32    194
DAYS MIN <= 0      51

PRECIPITATION (INCHES)
RECORD
 MAXIMUM        22.04   1896
 MINIMUM         6.13   1934
TOTALS          10.69             14.37   -3.68    21.28
DAYS >= .01        94
DAYS >= .10        29
DAYS >= .50         5
DAYS >= 1.00        1
GREATEST
 24 HR. TOTAL    1.16   MM

SNOWFALL (INCHES)
RECORDS
 TOTAL           75.6   2010
 24 HR TOTAL     14.4   MM
TOTALS            0.0              45.3   -45.3
SINCE 7/1          MM
DAYS >= TRACE       0
GREATEST
 24 HR TOTAL      0.0   MM

DEGREE_DAYS
HEATING TOTAL    9084              8996      88
 SINCE 7/1       3594              3747    -153
..............................................................

WIND (MPH)
AVERAGE WIND SPEED              9.1
HIGHEST WIND SPEED/DIRECTION    46/310    DATE  01/15
HIGHEST GUST SPEED/DIRECTION    62/310    DATE  01/15



-  INDICATES NEGATIVE NUMBERS.
R  INDICATES RECORD WAS SET OR TIED.
MM INDICATES DATA IS MISSING.
T  INDICATES TRACE AMOUNT.

$$







U.S. Dept. of Commerce
NOAA National Weather Service
1325 East West Highway
Silver Spring, MD 20910
E-mail: w-nws.webmaster@noaa.gov
Page last modified: May 16, 2007
NATIONAL WEATHER SERVICE: for Safety, for Work, for Fun - FOR LIFE