204
CXUS55 KVEF 080301 CCA
CLAIGM

RNOCLMIGM 000
TTAA00 KVEF 030114


CLIMATE REPORT
NATIONAL WEATHER SERVICE LAS VEGAS, NV
601 PM PST WED JAN 7 2015

...................................

...THE KINGMAN AZ CLIMATE SUMMARY FOR THE YEAR OF 2014...

CLIMATE NORMAL PERIOD 1981 TO 2010
CLIMATE RECORD PERIOD 1901 TO 2015

WEATHER         OBSERVED          NORMAL  DEPART  LAST YEAR`S
                 VALUE   DATE(S)  VALUE   FROM    VALUE  DATE(S)
                                          NORMAL
................................................................
TEMPERATURE (F)
RECORD
 HIGH             113   07/17/2005
 LOW                4   01/29/1979
HIGHEST           105   07/24        76      29      112  06/29
LOWEST             18   12/28        47     -29       10  01/13
AVG. MAXIMUM     78.1              76.0     2.1     76.5
AVG. MINIMUM     48.8              48.4     0.4     48.9
MEAN             63.5              62.2     1.3     61.8
DAYS MAX >= 90    110             104.6     5.4      107
DAYS MAX <= 32      1               0.1     0.9        1
DAYS MIN <= 32     57              59.0    -2.0       83
DAYS MIN <= 0       0               0.0     0.0        0

PRECIPITATION (INCHES)
RECORD
 MAXIMUM        18.93   1931
 MINIMUM         3.58   1947
TOTALS           8.52              8.39    0.13     6.72
DAILY AVG.          T              0.02   -0.02     0.02
DAYS >= .01        37                MM      MM       42
DAYS >= .10        21                MM      MM       21
DAYS >= .50         7                MM      MM        5
DAYS >= 1.00        0                MM      MM        1
GREATEST
 24 HR. TOTAL    1.30   09/07 TO 09/08
 STORM TOTAL     1.30   09/07 TO 09/08     1.10
 (MM/DD(HH))

SNOWFALL (INCHES)
RECORDS
 TOTAL           15.0   1905
 24 HR TOTAL     10.0   12/11/1932 TO 12/12/1932
 SNOW DEPTH         7   01/14/1949
                        03/11/1922
TOTALS             MM


DEGREE_DAYS
HEATING TOTAL    2513              3103    -590     2186
 SINCE 7/1       1055              1249    -194     1376
COOLING TOTAL    2070              2095     -25     2066
 SINCE 1/1       2070              2093     -23     2066

FREEZE DATES
RECORD
 EARLIEST     10/22/1996
 LATEST       05/21/1975
EARLIEST                        11/14
LATEST                          04/04
..................................................

WIND (MPH)
AVERAGE WIND SPEED              9.3
RESULTANT WIND SPEED/DIRECTION   4/191
HIGHEST WIND SPEED/DIRECTION    41/230    DATE  03/26
HIGHEST GUST SPEED/DIRECTION    55/240    DATE  03/30

SKY COVER
POSSIBLE SUNSHINE (PERCENT)   MM
AVERAGE SKY COVER           0.10
NUMBER OF DAYS FAIR          334
NUMBER OF DAYS PC             25
NUMBER OF DAYS CLOUDY          4

AVERAGE RH (PERCENT)     34

WEATHER CONDITIONS. NUMBER OF DAYS WITH
THUNDERSTORM              0     MIXED PRECIP               0
HEAVY RAIN               10     RAIN                      17
LIGHT RAIN               53     FREEZING RAIN              0
LT FREEZING RAIN          0     HAIL                       0
HEAVY SNOW                1     SNOW                       1
LIGHT SNOW                1     SLEET                      0
FOG                      13     FOG W/VIS <= 1/4 MILE      0
HAZE                     27

-  INDICATES NEGATIVE NUMBERS.
R  INDICATES RECORD WAS SET OR TIED.
MM INDICATES DATA IS MISSING.
T  INDICATES TRACE AMOUNT.

$$








U.S. Dept. of Commerce
NOAA National Weather Service
1325 East West Highway
Silver Spring, MD 20910
E-mail: w-nws.webmaster@noaa.gov
Page last modified: May 16, 2007
NATIONAL WEATHER SERVICE: for Safety, for Work, for Fun - FOR LIFE