424
CXUS53 KGLD 032105
CLAHLC

CLIMATE REPORT
NATIONAL WEATHER SERVICE GOODLAND
145 PM MST SAT JAN 3 2015

...................................

...THE HILL CITY CLIMATE SUMMARY FOR THE YEAR OF 2014...

CLIMATE NORMAL PERIOD 1981 TO 2010
CLIMATE RECORD PERIOD 1896 TO 2014

WEATHER         OBSERVED          NORMAL  DEPART  LAST YEAR`S
                 VALUE   DATE(S)  VALUE   FROM    VALUE  DATE(S)
                                          NORMAL
................................................................
TEMPERATURE (F)
RECORD
 HIGH             117   07/24/1936
 LOW              -26   12/22/1989
HIGHEST           106   07/26       106       0      111  06/11
LOWEST             -9   01/06        -9       0       -4  12/09
AVG. MAXIMUM     67.4              66.7     0.7     67.5
AVG. MINIMUM     39.7              40.0    -0.3     39.5
MEAN             53.6              53.4     0.2     53.5
DAYS MAX >= 90     66              59.0     7.0       71
DAYS MAX <= 32     35              22.6    12.4       22
DAYS MIN <= 32    143             141.5     1.5      165
DAYS MIN <= 0       9               4.4     4.6        4

PRECIPITATION (INCHES)
RECORD
 MAXIMUM        32.06   2008
 MINIMUM        10.53   2012
TOTALS          21.97             22.92   -0.95
DAYS >= .01        79                MM      MM       74
DAYS >= .10        35                MM      MM       32
DAYS >= .50        13                MM      MM        8
DAYS >= 1.00        5                MM      MM        4
GREATEST
 24 HR. TOTAL    3.75   08/27 TO 08/28              2.38  07/25

.................................................................



-  INDICATES NEGATIVE NUMBERS.
R  INDICATES RECORD WAS SET OR TIED.
MM INDICATES DATA IS MISSING.
T  INDICATES TRACE AMOUNT.

$$




U.S. Dept. of Commerce
NOAA National Weather Service
1325 East West Highway
Silver Spring, MD 20910
E-mail: w-nws.webmaster@noaa.gov
Page last modified: May 16, 2007
NATIONAL WEATHER SERVICE: for Safety, for Work, for Fun - FOR LIFE