896
CXUS53 KGLD 022100 CCA
CLAHLC

CLIMATE REPORT
NATIONAL WEATHER SERVICE GOODLAND
149 PM MST THU JAN 2 2014

...................................

...THE HILL CITY CLIMATE SUMMARY FOR THE YEAR OF 2013...

CLIMATE NORMAL PERIOD 1981 TO 2010
CLIMATE RECORD PERIOD 1896 TO 2013

WEATHER         OBSERVED          NORMAL  DEPART  LAST YEAR`S
                 VALUE   DATE(S)  VALUE   FROM    VALUE  DATE(S)
                                          NORMAL
................................................................
TEMPERATURE (F)
RECORD
 HIGH             117   07/24/1936
 LOW              -26   12/22/1989
HIGHEST           111   06/11       106       5      115  06/27
                                                          06/26
LOWEST             -4   12/09        -9       5       -2  12/26
AVG. MAXIMUM     67.5              66.7     0.8     72.3
AVG. MINIMUM     39.5              40.0    -0.5     41.3
MEAN             53.5              53.4     0.1     56.8
DAYS MAX >= 90     71              59.0    12.0       95
DAYS MAX <= 32     22              22.6    -0.6       12
DAYS MIN <= 32    165             141.5    23.5      131
DAYS MIN <= 0       4               4.4    -0.4        2

PRECIPITATION (INCHES)
RECORD
 MAXIMUM        32.06   2008
 MINIMUM        10.53   2012
TOTALS          17.62             22.92   -5.30
DAYS >= .01        74                MM      MM       52
DAYS >= .10        32                MM      MM       29
DAYS >= .50         8                MM      MM        7
DAYS >= 1.00        4                MM      MM        0
GREATEST
 24 HR. TOTAL    2.38   07/25 TO 07/25              1.05

.................................................................



-  INDICATES NEGATIVE NUMBERS.
R  INDICATES RECORD WAS SET OR TIED.
MM INDICATES DATA IS MISSING.
T  INDICATES TRACE AMOUNT.

$$







U.S. Dept. of Commerce
NOAA National Weather Service
1325 East West Highway
Silver Spring, MD 20910
E-mail: w-nws.webmaster@noaa.gov
Page last modified: May 16, 2007
NATIONAL WEATHER SERVICE: for Safety, for Work, for Fun - FOR LIFE