951
CXUS52 KRAH 012316
CLAGSO

CLIMATE REPORT
NATIONAL WEATHER SERVICE RALEIGH NC
555 PM EST THU JAN 1 2015

...................................

...THE PIEDMONT TRIAD INTL AIRPORT NC CLIMATE SUMMARY FOR THE YEAR OF 2014...

CLIMATE NORMAL PERIOD 1981 TO 2010
CLIMATE RECORD PERIOD 1903 TO 2014

WEATHER         OBSERVED          NORMAL  DEPART
                 VALUE   DATE(S)  VALUE   FROM
                                          NORMAL
................................................
TEMPERATURE (F)
RECORD
 HIGH             104   07/27/1914
                        06/12/1914
                        06/12/1911
 LOW               -8   01/21/1985
HIGHEST            96   07/14
LOWEST              5   01/07
AVG. MAXIMUM     68.5              69.2    -0.7
AVG. MINIMUM     47.9              49.1    -1.2
MEAN             58.2              59.1    -0.9
DAYS MAX >= 90     27              28.8    -1.8
DAYS MAX <= 32      6               3.0     3.0
DAYS MIN <= 32     83              65.3    17.7
DAYS MIN <= 0       0               0.1    -0.1

PRECIPITATION (INCHES)
RECORD
 MAXIMUM        62.32   2003
 MINIMUM        27.74   1941
TOTALS          36.36             42.20   -5.84
DAILY AVG.       0.10              0.12   -0.02
DAYS >= .01       117             110.6     6.4
DAYS >= .10        78              71.9     6.1
DAYS >= .50        21              28.9    -7.9
DAYS >= 1.00        9              10.8    -1.8
GREATEST
 24 HR. TOTAL    1.83   04/14 TO 04/15


SNOWFALL (INCHES)
RECORDS
 TOTAL           32.5  1927

TOTALS           15.3


DEGREE_DAYS
HEATING TOTAL    3849              3617     232
COOLING TOTAL    1499              1485      14
.................................................

WIND (MPH)
AVERAGE WIND SPEED              6.8

SKY COVER
AVERAGE SKY COVER           0.60

AVERAGE RH (PERCENT)     65


-  INDICATES NEGATIVE NUMBERS.
R  INDICATES RECORD WAS SET OR TIED.
MM INDICATES DATA IS MISSING.
T  INDICATES TRACE AMOUNT.

$$




U.S. Dept. of Commerce
NOAA National Weather Service
1325 East West Highway
Silver Spring, MD 20910
E-mail: w-nws.webmaster@noaa.gov
Page last modified: May 16, 2007
NATIONAL WEATHER SERVICE: for Safety, for Work, for Fun - FOR LIFE