607
CXUS52 KRAH 071811
CLAGSO

CLIMATE REPORT
NATIONAL WEATHER SERVICE RALEIGH NC
1257 PM EST TUE JAN 7 2014

...................................

...THE PIEDMONT TRIAD INTL AIRPORT NC CLIMATE SUMMARY FOR THE YEAR OF 2013...

CLIMATE NORMAL PERIOD 1981 TO 2010
CLIMATE RECORD PERIOD 1903 TO 2014

WEATHER         OBSERVED          NORMAL  DEPART
                 VALUE   DATE(S)  VALUE   FROM
                                          NORMAL
................................................
TEMPERATURE (F)
RECORD
 HIGH             104   07/27/1914
                        06/12/1914
                        06/12/1911
 LOW               -8   01/21/1985
HIGHEST            93   07/16
LOWEST             19   02/02
                        01/23
AVG. MAXIMUM     67.9              69.2    -1.3
AVG. MINIMUM     48.9              49.1    -0.2
MEAN             58.4              59.1    -0.7
DAYS MAX >= 90     11              28.8   -17.8
DAYS MAX <= 32      1               3.0    -2.0
DAYS MIN <= 32     80              65.3    14.7
DAYS MIN <= 0       0               0.1    -0.1

PRECIPITATION (INCHES)
RECORD
 MAXIMUM        62.32   2003
 MINIMUM        27.74   1941
TOTALS          50.43             42.20    8.23
DAILY AVG.       0.14              0.12    0.02
DAYS >= .01       130             110.6    19.4
DAYS >= .10        90              71.9    18.1
DAYS >= .50        36              28.9     7.1
DAYS >= 1.00       10              10.8    -0.8
GREATEST
 24 HR. TOTAL    3.06   08/17 TO 08/18

SNOWFALL (INCHES)
RECORDS
 TOTAL           32.5  1927

TOTALS            3.6


DEGREE_DAYS
HEATING TOTAL    3673              3617      56
COOLING TOTAL    1389              1485     -96
.................................................

WIND (MPH)
AVERAGE WIND SPEED              6.8

SKY COVER
AVERAGE SKY COVER           0.50

AVERAGE RH (PERCENT)     67


-  INDICATES NEGATIVE NUMBERS.
R  INDICATES RECORD WAS SET OR TIED.
MM INDICATES DATA IS MISSING.
T  INDICATES TRACE AMOUNT.

$$




U.S. Dept. of Commerce
NOAA National Weather Service
1325 East West Highway
Silver Spring, MD 20910
E-mail: w-nws.webmaster@noaa.gov
Page last modified: May 16, 2007
NATIONAL WEATHER SERVICE: for Safety, for Work, for Fun - FOR LIFE